{"id":3369,"date":"2015-04-02T18:41:01","date_gmt":"2015-04-02T18:41:01","guid":{"rendered":"https:\/\/bbn1.bbnradio.org\/english\/?page_id=3369"},"modified":"2025-08-14T09:48:16","modified_gmt":"2025-08-14T14:48:16","slug":"wie-man-in-den-himmel-kommt","status":"publish","type":"page","link":"https:\/\/bbn1.bbnradio.org\/german\/wie-man-in-den-himmel-kommt\/","title":{"rendered":"Wie man in den Himmel kommt"},"content":{"rendered":"\n<style type=\"text\/css\" data-created_by=\"avia_inline_auto\" id=\"style-css-av-nwk0dl-a1ae989e16da7ac87cffdf2e6a1dd58c\">\n.avia-image-container.av-nwk0dl-a1ae989e16da7ac87cffdf2e6a1dd58c img.avia_image{\nbox-shadow:none;\n}\n.avia-image-container.av-nwk0dl-a1ae989e16da7ac87cffdf2e6a1dd58c .av-image-caption-overlay-center{\ncolor:#ffffff;\n}\n<\/style>\n<div  class='avia-image-container av-nwk0dl-a1ae989e16da7ac87cffdf2e6a1dd58c av-styling- avia-align-center  avia-builder-el-0  el_before_av_one_half  avia-builder-el-first '   itemprop=\"image\" itemscope=\"itemscope\" itemtype=\"https:\/\/schema.org\/ImageObject\" ><div class=\"avia-image-container-inner\"><div class=\"avia-image-overlay-wrap\"><img decoding=\"async\" fetchpriority=\"high\" class='wp-image-8341 avia-img-lazy-loading-not-8341 avia_image ' src=\"https:\/\/bbn1.bbnradio.org\/german\/wp-content\/uploads\/sites\/9\/2016\/08\/How-to-get-to-Heaven.jpg\" alt='How to get to Heaven' title='How to get to Heaven'  height=\"628\" width=\"1200\"  itemprop=\"thumbnailUrl\"  \/><\/div><\/div><\/div>\n\n<style type=\"text\/css\" data-created_by=\"avia_inline_auto\" id=\"style-css-av-mq18cp-8f083cf6c5f086c5e1ee7c8512ef07bb\">\n.flex_column.av-mq18cp-8f083cf6c5f086c5e1ee7c8512ef07bb{\nborder-radius:0px 0px 0px 0px;\npadding:0px 0px 0px 0px;\n}\n<\/style>\n<div  class='flex_column av-mq18cp-8f083cf6c5f086c5e1ee7c8512ef07bb av_one_half  avia-builder-el-1  el_after_av_image  el_before_av_one_half  first flex_column_div av-zero-column-padding  '     ><div  class='avia-button-wrap avia-button-center  avia-builder-el-2  avia-builder-el-no-sibling '>\n<style type=\"text\/css\" data-created_by=\"avia_inline_auto\" id=\"style-css-av-l1uit5-d911e6cedaef205d8853d020bb9a6e6a\">\n#top #wrap_all .avia-button.av-l1uit5-d911e6cedaef205d8853d020bb9a6e6a{\ncolor:#ffffff;\ntransition:all 0.4s ease-in-out;\n}\n#top #wrap_all .avia-button.av-l1uit5-d911e6cedaef205d8853d020bb9a6e6a:hover{\nbackground-color:green;\ncolor:#ffffff;\ntransition:all 0.4s ease-in-out;\n}\n#top #wrap_all .avia-button.av-l1uit5-d911e6cedaef205d8853d020bb9a6e6a .avia-svg-icon svg:first-child{\nfill:#ffffff;\nstroke:#ffffff;\n}\n#top #wrap_all .avia-button.av-l1uit5-d911e6cedaef205d8853d020bb9a6e6a:hover .avia-svg-icon svg:first-child{\nfill:#ffffff;\nstroke:#ffffff;\n}\n<\/style>\n<a href='#read' class='avia-color-theme-color avia-button avia-button-fullwidth av-l1uit5-d911e6cedaef205d8853d020bb9a6e6a avia-icon_select-no avia-color-theme-color'   aria-label=\"Lesen\"><span class='avia_iconbox_title' >Lesen<\/span><\/a><\/div><\/div>\n\n<style type=\"text\/css\" data-created_by=\"avia_inline_auto\" id=\"style-css-av-ivoy89-c40e853bdbd06ae5cd84264385d24662\">\n.flex_column.av-ivoy89-c40e853bdbd06ae5cd84264385d24662{\nborder-radius:0px 0px 0px 0px;\npadding:0px 0px 0px 0px;\n}\n<\/style>\n<div  class='flex_column av-ivoy89-c40e853bdbd06ae5cd84264385d24662 av_one_half  avia-builder-el-3  el_after_av_one_half  el_before_av_textblock  flex_column_div av-zero-column-padding  '     ><div  class='avia-button-wrap avia-button-center  avia-builder-el-4  avia-builder-el-no-sibling '>\n<style type=\"text\/css\" data-created_by=\"avia_inline_auto\" id=\"style-css-av-gqtgll-4438d9e2917430b3e30729833284efb4\">\n#top #wrap_all .avia-button.av-gqtgll-4438d9e2917430b3e30729833284efb4{\ncolor:#ffffff;\ntransition:all 0.4s ease-in-out;\n}\n#top #wrap_all .avia-button.av-gqtgll-4438d9e2917430b3e30729833284efb4:hover{\nbackground-color:green;\ncolor:#ffffff;\ntransition:all 0.4s ease-in-out;\n}\n#top #wrap_all .avia-button.av-gqtgll-4438d9e2917430b3e30729833284efb4 .avia-svg-icon svg:first-child{\nfill:#ffffff;\nstroke:#ffffff;\n}\n#top #wrap_all .avia-button.av-gqtgll-4438d9e2917430b3e30729833284efb4:hover .avia-svg-icon svg:first-child{\nfill:#ffffff;\nstroke:#ffffff;\n}\n<\/style>\n<a href='https://\/\/bbn1.bbnradio.org\/german\/chat\/?PHPSESSID=BOtf7yUf7EQobscW-6tPlqVbAx7onzTY' class='avia-color-theme-color avia-button avia-button-fullwidth av-gqtgll-4438d9e2917430b3e30729833284efb4 avia-icon_select-no avia-color-theme-color'   aria-label=\"Chat\"><span class='avia_iconbox_title' >Chat<\/span><\/a><\/div><\/div>\n<section  class='av_textblock_section av-ced695-3cd9bb3d72dc4b5cee6e654c48ee1b60 '   itemscope=\"itemscope\" itemtype=\"https:\/\/schema.org\/CreativeWork\" ><div class='avia_textblock'  itemprop=\"text\" ><h6 id=\"read\"><\/h6>\n<\/div><\/section>\n\n<style type=\"text\/css\" data-created_by=\"avia_inline_auto\" id=\"style-css-av-meedl-ce760da886bb2a46b283249c89f41011\">\n#top .av-special-heading.av-meedl-ce760da886bb2a46b283249c89f41011{\npadding-bottom:10px;\n}\nbody .av-special-heading.av-meedl-ce760da886bb2a46b283249c89f41011 .av-special-heading-tag .heading-char{\nfont-size:25px;\n}\n.av-special-heading.av-meedl-ce760da886bb2a46b283249c89f41011 .av-subheading{\nfont-size:15px;\n}\n<\/style>\n<div  class='av-special-heading av-meedl-ce760da886bb2a46b283249c89f41011 av-special-heading-h3  avia-builder-el-6  el_after_av_textblock  el_before_av_textblock '><h3 class='av-special-heading-tag '  itemprop=\"headline\"  >Es gibt eine gute und eine schlechte Nachricht. <\/h3><div class=\"special-heading-border\"><div class=\"special-heading-inner-border\"><\/div><\/div><\/div>\n<section  class='av_textblock_section av-9e2n15-cec52cbe4ef91fcc20b35c1f5ee9e6fb '   itemscope=\"itemscope\" itemtype=\"https:\/\/schema.org\/CreativeWork\" ><div class='avia_textblock'  itemprop=\"text\" ><p>Die Bibel sagt:<\/p>\n<p>Gott liebt diese Welt. Er liebt jeden Menschen und m\u00f6chte, dass wir in Gemeinschaft mit ihm leben. Weil wir ges\u00fcndigt haben, sind wir getrennt von Gott, und zwar von Geburt an. Ohne das Eingreifen Gottes k\u00f6nnen wir nicht in den Himmel kommen. Das gilt f\u00fcr die gesamte Menschheit. Sie sind also nicht alleine.<\/p>\n<p>In R\u00f6mer 3,23 hei\u00dft es: <em>\u201cSie sind allesamt S\u00fcnder und ermangeln des Ruhmes, den sie bei Gott haben sollten.&#8220;<\/em><\/p>\n<p>In R\u00f6mer 3,10 hei\u00dft es: <em>\u201cWie geschrieben steht: da ist keiner, der gerecht ist, auch nicht einer.&#8220;<\/em><\/p>\n<p>In R\u00f6mer 6,23a hei\u00dft es: <em>&#8222;Denn der S\u00fcnde Sold ist der Tod;&#8220;<\/em><\/p>\n<p>Und in Offenbarung 21,8 steht geschrieben: <em>\u201cDie Feigen aber und Ungl\u00e4ubigen , und Frevler und M\u00f6rder und Unz\u00fcchtigen und Zauberer und G\u00f6tzendiener und alle L\u00fcgner, deren Teil wird in dem Pfuhl sein, der mit Feuer und Schwefel brennt; das ist der zweite Tod.&#8220;<\/em><\/p>\n<p>Unsere guten Werke, wie viele es auch sein m\u00f6gen, k\u00f6nnen uns nicht retten oder davor bewahren, in alle Ewigkeit von Gott getrennt zu sein.<\/p>\n<p>In Epheser 2,8-9 hei\u00dft es: <em>\u201cDenn aus Gnade seid ihr selig geworden durch Glauben, und das nicht aus euch; Gottes Gabe ist es, nicht aus Werken, damit sich nicht jemand r\u00fchme.&#8220;<\/em><\/p>\n<p>Um von Gott f\u00fcr immer getrennt zu sein, brauchen Sie nichts zu tun. Allein den Sohn Gottes zu ignorieren oder abzulehnen reicht schon, um einem Menschen den Weg in den Himmel zu versperren. Und die einzige Alternative zum Himmel ist ewige Qual im Feuersee (Offenbarung 20,15; 2. Thessalonicher 1,7-9).<\/p>\n<p>In Johannes 3,18 hei\u00dft es: <em>\u201cWer an ihn glaubt, der wird nicht gerichtet; wer aber nicht glaubt, der ist schon gerichtet, denn er glaubt nicht an den Namen des eingeborenen Sohnes Gottes.&#8220;<\/em><\/p>\n<\/div><\/section>\n\n<style type=\"text\/css\" data-created_by=\"avia_inline_auto\" id=\"style-css-av-4g1lq1-c7437e99bf085caf62379e2f3ccbe076\">\n#top .av-special-heading.av-4g1lq1-c7437e99bf085caf62379e2f3ccbe076{\npadding-bottom:10px;\n}\nbody .av-special-heading.av-4g1lq1-c7437e99bf085caf62379e2f3ccbe076 .av-special-heading-tag .heading-char{\nfont-size:25px;\n}\n.av-special-heading.av-4g1lq1-c7437e99bf085caf62379e2f3ccbe076 .av-subheading{\nfont-size:15px;\n}\n<\/style>\n<div  class='av-special-heading av-4g1lq1-c7437e99bf085caf62379e2f3ccbe076 av-special-heading-h3  avia-builder-el-8  el_after_av_textblock  el_before_av_textblock '><h3 class='av-special-heading-tag '  itemprop=\"headline\"  >Die gute Nachricht ist die frohe Botschaft von Jesus Christus!<\/h3><div class=\"special-heading-border\"><div class=\"special-heading-inner-border\"><\/div><\/div><\/div>\n<section  class='av_textblock_section av-62cda1-83d9d2ddedd464e8ef06a5a0455f8997 '   itemscope=\"itemscope\" itemtype=\"https:\/\/schema.org\/CreativeWork\" ><div class='avia_textblock'  itemprop=\"text\" ><p>Es gibt einen einfachen Weg, um mit Gott vers\u00f6hnt zu werden, und zwar v\u00f6llig umsonst. Gott selbst hat den Weg daf\u00fcr bereitet durch die Hingabe seines einzigen Sohnes \u2013 Jesus Christus. Die Bezahlung f\u00fcr unsere S\u00fcnden erforderte ein Blutopfer, und Gott sandte Jesus als Opfer. Er wurde an ein r\u00f6misches Kreuz genagelt. Dort hat er Sein Blut vergossen, um den Preis f\u00fcr unsere S\u00fcnden zu bezahlen. Drei Tage nach seinem Tode ist er dann auferstanden von den Toten und hat sich somit ein f\u00fcr allemal zum einzigen Retter der Menschheit erkl\u00e4rt.<\/p>\n<blockquote>\n<p>Ihr v\u00f6lliges Vertrauen auf Jesus, d.h. der Glaube an Seinen Tod, Sein Begr\u00e4bnis und Seine Auferstehung ist Gottes einziger Weg, um in den Himmel zu kommen.<\/p>\n<\/blockquote>\n<p>Jesus sagte (Johannes 14,6), <em>&#8222;Ich bin der Weg und die Wahrheit und das Leben; niemand kommt zum Vater denn durch mich.&#8220;<\/em><\/p>\n<p>Und in Johannes 3,16 &amp; 17 steht deutlich geschrieben: <em>&#8222;Denn also hat Gott die Welt geliebt, da\u00df er seinen eingeborenen Sohn gab, damit alle, die an ihn glauben, nicht verloren werden, sondern das ewige Leben haben. Denn Gott hat seinen Sohn nicht in die Welt gesandt, da\u00df er die Welt richte, sondern da\u00df die Welt durch ihn gerettet werde.&#8220;<\/em><\/p>\n<p>Die Bibel sagt uns in R\u00f6mer 10,9-10 klar und deutlich, wie wir gerettet werden k\u00f6nnen, n\u00e4mlich:<br \/>\n<em>\u201cDenn wenn du mit deinem Munde bekennst, da\u00df Jesus der Herr ist, und in deinem Herzen glaubst, da\u00df ihn Gott von den Toten auferweckt hat, so wirst du gerettet. Denn wenn man von Herzen glaubt, so wird man gerecht; und wenn man mit dem Munde bekennt, so wird man gerettet.\u201d<\/em><\/p>\n<p>Das ist ein kostenloses Geschenk Gottes, denn Er liebt Sie.<\/p>\n<p>In R\u00f6mer 6,23b hei\u00dft es: <em>&#8222;Die Gabe Gottes aber ist das ewige Leben in Christus Jesus, unserem Herrn.&#8220;<\/em><\/p>\n<p>Und in R\u00f6mer 10,13 steht geschrieben: <em> &#8222;Denn wer den Namen des Herrn anrufen wird, soll gerettet werden.&#8220;<\/em><\/p>\n<p>Sind Sie bereit, in diesem Augenblick zu glauben? Falls ja, sagen Sie es ganz einfach Gott und bekennen Sie Ihm Ihre S\u00fcnden \u2013 so wie Er es in Seinem Wort verlangt. Gott kennt und sieht Sie. Deswegen kommt es nicht so sehr auf die perfekt formulierten Worte, sondern vielmehr auf Ihre ehrliche Einstellung und Ihren Glauben im Herzen drauf an. Ihr Gebet k\u00f6nnte etwa so lauten:<\/p>\n<blockquote>\n<p>&#8222;Gott, ich bekenne Dir, dass ich ein S\u00fcnder bin, und ich wei\u00df, dass ich mir den Weg in den Himmel nicht verdienen kann. Ich glaube von ganzem Herzen, dass Jesus am Kreuz gestorben ist, dass Er begraben wurde, und dass Er vom Grabe auferstanden ist. Ich setze mein ganzes Vertrauen darauf, dass Er durch Sein Opfer den vollen Preis f\u00fcr meine S\u00fcnden bezahlt hat. Vergib mir meine Schuld. Danke, dass Du meine S\u00fcnden vergeben hast. Herr Jesus, bitte \u00fcbernimm die Herrschaft in meinem Leben und ver\u00e4ndere mich so, wie du mich haben willst. Amen.&#8220;<\/p>\n<\/blockquote>\n<\/div><\/section>\n\n<style type=\"text\/css\" data-created_by=\"avia_inline_auto\" id=\"style-css-av-20ab5l-bafde078ad3c82e05c7aec99095db500\">\n#top .av-special-heading.av-20ab5l-bafde078ad3c82e05c7aec99095db500{\npadding-bottom:10px;\n}\nbody .av-special-heading.av-20ab5l-bafde078ad3c82e05c7aec99095db500 .av-special-heading-tag .heading-char{\nfont-size:25px;\n}\n.av-special-heading.av-20ab5l-bafde078ad3c82e05c7aec99095db500 .av-subheading{\nfont-size:15px;\n}\n<\/style>\n<div  id=\"form-heading\"  class='av-special-heading av-20ab5l-bafde078ad3c82e05c7aec99095db500 av-special-heading-h3  avia-builder-el-10  el_after_av_textblock  el_before_av_textblock  av-linked-heading'><h3 class='av-special-heading-tag '  itemprop=\"headline\"  >Wie haben Sie sich entschieden?<\/h3><div class=\"special-heading-border\"><div class=\"special-heading-inner-border\"><\/div><\/div><\/div>\n<section  class='av_textblock_section av-1wq4yh-17b4a24f983cdce3fd86bae23b9cee0e '   itemscope=\"itemscope\" itemtype=\"https:\/\/schema.org\/CreativeWork\" ><div class='avia_textblock'  itemprop=\"text\" >\n<div class=\"wpcf7 no-js\" id=\"wpcf7-f5679-o1\" lang=\"en-US\" dir=\"ltr\">\n<div class=\"screen-reader-response\"><p role=\"status\" aria-live=\"polite\" aria-atomic=\"true\"><\/p> <ul><\/ul><\/div>\n<form action=\"\/german\/wp-json\/wp\/v2\/pages\/3369#wpcf7-f5679-o1\" method=\"post\" class=\"wpcf7-form init\" aria-label=\"Contact form\" novalidate=\"novalidate\" data-status=\"init\">\n<div style=\"display: none;\">\n<input type=\"hidden\" name=\"_wpcf7\" value=\"5679\" \/>\n<input type=\"hidden\" name=\"_wpcf7_version\" value=\"5.7.6\" \/>\n<input type=\"hidden\" name=\"_wpcf7_locale\" value=\"en_US\" \/>\n<input type=\"hidden\" name=\"_wpcf7_unit_tag\" value=\"wpcf7-f5679-o1\" \/>\n<input type=\"hidden\" name=\"_wpcf7_container_post\" value=\"0\" \/>\n<input type=\"hidden\" name=\"_wpcf7_posted_data_hash\" value=\"\" \/>\n<\/div>\n<p>Wie haben Sie sich entschieden?\n<\/p>\n<p><span class=\"wpcf7-form-control-wrap\" data-name=\"menu-347\"><select class=\"wpcf7-form-control wpcf7-select\" aria-invalid=\"false\" name=\"menu-347\"><option value=\"\">&#8212;Please choose an option&#8212;<\/option><option value=\"Ich habe gerade Jesus als meinen Retter angenommen!\">Ich habe gerade Jesus als meinen Retter angenommen!<\/option><option value=\"Ich bin noch unentschlossen, denke aber dar\u00fcber nach.\">Ich bin noch unentschlossen, denke aber dar\u00fcber nach.<\/option><option value=\"Ich habe noch weitere Fragen dazu.\">Ich habe noch weitere Fragen dazu.<\/option><option value=\"Ich verstehe, worum es geht und habe beschlossen, nicht zu glauben.\">Ich verstehe, worum es geht und habe beschlossen, nicht zu glauben.<\/option><option value=\"Ich habe schon fr\u00fcher Jesus angenommen, und m\u00f6chte folgendes Kommentar\/Zeugnis hinterlassen.\">Ich habe schon fr\u00fcher Jesus angenommen, und m\u00f6chte folgendes Kommentar\/Zeugnis hinterlassen.<\/option><\/select><\/span>\n<\/p>\n<p>Ihr Name\n<\/p>\n<p><span class=\"wpcf7-form-control-wrap\" data-name=\"your-name\"><input size=\"40\" maxlength=\"25\" class=\"wpcf7-form-control wpcf7-text\" aria-invalid=\"false\" value=\"\" type=\"text\" name=\"your-name\" \/><\/span>\n<\/p>\n<p>Ihre E-Mail-Adresse (erforderlich)\n<\/p>\n<p><span class=\"wpcf7-form-control-wrap\" data-name=\"your-email\"><input size=\"40\" class=\"wpcf7-form-control wpcf7-text wpcf7-email wpcf7-validates-as-required wpcf7-validates-as-email\" aria-required=\"true\" aria-invalid=\"false\" value=\"\" type=\"email\" name=\"your-email\" \/><\/span>\n<\/p>\n<p>Ihre Mitteilung\n<\/p>\n<p><span class=\"wpcf7-form-control-wrap\" data-name=\"your-message\"><textarea cols=\"40\" rows=\"10\" class=\"wpcf7-form-control wpcf7-textarea\" aria-invalid=\"false\" name=\"your-message\"><\/textarea><\/span>\n<\/p>\n<p>Ihr Wohnort?\n<\/p>\n<p><span class=\"wpcf7-form-control-wrap\" data-name=\"text-41\"><input size=\"40\" class=\"wpcf7-form-control wpcf7-text\" aria-invalid=\"false\" placeholder=\"Stadt, Bundesland, Land\" value=\"\" type=\"text\" name=\"text-41\" \/><\/span>\n<\/p>\n<p>Wie h\u00f6ren Sie BBN?\n<\/p>\n<p><span class=\"wpcf7-form-control-wrap\" data-name=\"checkbox-929\"><span class=\"wpcf7-form-control wpcf7-checkbox\"><span class=\"wpcf7-list-item first\"><label><input type=\"checkbox\" name=\"checkbox-929[]\" value=\"Ich habe noch nicht in Ihr Radio reingeh\u00f6rt!\" \/><span class=\"wpcf7-list-item-label\">Ich habe noch nicht in Ihr Radio reingeh\u00f6rt!<\/span><\/label><\/span><span class=\"wpcf7-list-item\"><label><input type=\"checkbox\" name=\"checkbox-929[]\" value=\"Radio\" \/><span class=\"wpcf7-list-item-label\">Radio<\/span><\/label><\/span><span class=\"wpcf7-list-item\"><label><input type=\"checkbox\" name=\"checkbox-929[]\" value=\"PC\" \/><span class=\"wpcf7-list-item-label\">PC<\/span><\/label><\/span><span class=\"wpcf7-list-item last\"><label><input type=\"checkbox\" name=\"checkbox-929[]\" value=\"BBN App\" \/><span class=\"wpcf7-list-item-label\">BBN App<\/span><\/label><\/span><\/span><\/span>\n<\/p>\n<p>\n\t<font color=\"red\">\n\t<\/font>\n<\/p>\n<H4>Bitte scrollen Sie nach dem Absenden nach unten, um den Lieferstatus Ihrer Nachricht zu sehen.\n<\/h4>\n<p><span id=\"wpcf7-69ddf29b4b486-wrapper\" class=\"wpcf7-form-control-wrap honeypot-472-wrap\" ><label for=\"wpcf7-69ddf29b4b486-field\" class=\"hp-message\">Please leave this field empty.<\/label><input id=\"wpcf7-69ddf29b4b486-field\"  class=\"wpcf7-form-control wpcf7-text\" type=\"text\" name=\"honeypot-472\" value=\"\" size=\"40\" tabindex=\"-1\" autocomplete=\"new-password\" \/><\/span>\n<\/p>\n<p><input class=\"wpcf7-form-control has-spinner wpcf7-submit\" type=\"submit\" value=\"Absenden\" \/>\n<\/p><p style=\"display: none !important;\" class=\"akismet-fields-container\" data-prefix=\"_wpcf7_ak_\"><label>&#916;<textarea name=\"_wpcf7_ak_hp_textarea\" cols=\"45\" rows=\"8\" maxlength=\"100\"><\/textarea><\/label><input type=\"hidden\" id=\"ak_js_1\" name=\"_wpcf7_ak_js\" value=\"185\"\/><script>document.getElementById( \"ak_js_1\" ).setAttribute( \"value\", ( new Date() ).getTime() );<\/script><\/p><div class=\"wpcf7-response-output\" aria-hidden=\"true\"><\/div>\n<\/form>\n<\/div>\n\n<\/div><\/section>\n<!-- AddThis Advanced Settings generic via filter on the_content --><!-- AddThis Share Buttons generic via filter on the_content -->","protected":false},"excerpt":{"rendered":"<p><!-- AddThis Advanced Settings generic via filter on get_the_excerpt --><!-- AddThis Share Buttons generic via filter on get_the_excerpt --><\/p>\n","protected":false},"author":27,"featured_media":8341,"parent":0,"menu_order":0,"comment_status":"open","ping_status":"open","template":"","meta":{"footnotes":""},"class_list":["post-3369","page","type-page","status-publish","has-post-thumbnail","hentry"],"yoast_head":"<!-- This site is optimized with the Yoast SEO Premium plugin v24.8 (Yoast SEO v24.8.1) - https:\/\/yoast.com\/wordpress\/plugins\/seo\/ -->\n<title>Wie man in den Himmel kommt - BBN<\/title>\n<meta name=\"description\" content=\"Sie k\u00f6nnen es in 5 minuten erfahren! Hier lesen Sie wie man in den Himmel kommt.\" \/>\n<meta name=\"robots\" content=\"index, follow, max-snippet:-1, max-image-preview:large, max-video-preview:-1\" \/>\n<link rel=\"canonical\" href=\"https:\/\/bbn1.bbnradio.org\/german\/wie-man-in-den-himmel-kommt\/\" \/>\n<meta property=\"og:locale\" content=\"de_DE\" \/>\n<meta property=\"og:type\" content=\"article\" \/>\n<meta property=\"og:title\" content=\"Wie man in den Himmel kommt\" \/>\n<meta property=\"og:description\" content=\"Sie k\u00f6nnen es in 5 minuten erfahren!\" \/>\n<meta property=\"og:url\" content=\"https:\/\/bbn1.bbnradio.org\/german\/wie-man-in-den-himmel-kommt\/\" \/>\n<meta property=\"og:site_name\" content=\"BBN\" \/>\n<meta property=\"article:publisher\" content=\"https:\/\/www.facebook.com\/BBNGerman\/\" \/>\n<meta property=\"article:modified_time\" content=\"2025-08-14T14:48:16+00:00\" \/>\n<meta name=\"twitter:card\" content=\"summary_large_image\" \/>\n<meta name=\"twitter:title\" content=\"Wie man in den Himmel kommt\" \/>\n<meta name=\"twitter:description\" content=\"Sie k\u00f6nnen es in 5 minuten erfahren!\" \/>\n<meta name=\"twitter:image\" content=\"https:\/\/bbn1.bbnradio.org\/english\/wp-content\/uploads\/sites\/2\/2016\/08\/How-to-get-to-Heaven.jpg\" \/>\n<meta name=\"twitter:site\" content=\"@BBNDeutsch\" \/>\n<meta name=\"twitter:label1\" content=\"Gesch\u00e4tzte Lesezeit\" \/>\n\t<meta name=\"twitter:data1\" content=\"8\u00a0Minuten\" \/>\n<script type=\"application\/ld+json\" class=\"yoast-schema-graph\">{\"@context\":\"https:\/\/schema.org\",\"@graph\":[{\"@type\":\"WebPage\",\"@id\":\"https:\/\/bbn1.bbnradio.org\/german\/wie-man-in-den-himmel-kommt\/\",\"url\":\"https:\/\/bbn1.bbnradio.org\/german\/wie-man-in-den-himmel-kommt\/\",\"name\":\"Wie man in den Himmel kommt - BBN\",\"isPartOf\":{\"@id\":\"https:\/\/bbn1.bbnradio.org\/german\/#website\"},\"primaryImageOfPage\":{\"@id\":\"https:\/\/bbn1.bbnradio.org\/german\/wie-man-in-den-himmel-kommt\/#primaryimage\"},\"image\":{\"@id\":\"https:\/\/bbn1.bbnradio.org\/german\/wie-man-in-den-himmel-kommt\/#primaryimage\"},\"thumbnailUrl\":\"https:\/\/bbn1.bbnradio.org\/german\/wp-content\/uploads\/sites\/9\/2016\/08\/How-to-get-to-Heaven.jpg\",\"datePublished\":\"2015-04-02T18:41:01+00:00\",\"dateModified\":\"2025-08-14T14:48:16+00:00\",\"description\":\"Sie k\u00f6nnen es in 5 minuten erfahren! Hier lesen Sie wie man in den Himmel kommt.\",\"breadcrumb\":{\"@id\":\"https:\/\/bbn1.bbnradio.org\/german\/wie-man-in-den-himmel-kommt\/#breadcrumb\"},\"inLanguage\":\"de\",\"potentialAction\":[{\"@type\":\"ReadAction\",\"target\":[\"https:\/\/bbn1.bbnradio.org\/german\/wie-man-in-den-himmel-kommt\/\"]}]},{\"@type\":\"ImageObject\",\"inLanguage\":\"de\",\"@id\":\"https:\/\/bbn1.bbnradio.org\/german\/wie-man-in-den-himmel-kommt\/#primaryimage\",\"url\":\"https:\/\/bbn1.bbnradio.org\/german\/wp-content\/uploads\/sites\/9\/2016\/08\/How-to-get-to-Heaven.jpg\",\"contentUrl\":\"https:\/\/bbn1.bbnradio.org\/german\/wp-content\/uploads\/sites\/9\/2016\/08\/How-to-get-to-Heaven.jpg\",\"width\":1200,\"height\":628,\"caption\":\"How to get to Heaven\"},{\"@type\":\"BreadcrumbList\",\"@id\":\"https:\/\/bbn1.bbnradio.org\/german\/wie-man-in-den-himmel-kommt\/#breadcrumb\",\"itemListElement\":[{\"@type\":\"ListItem\",\"position\":1,\"name\":\"Home\",\"item\":\"https:\/\/bbn1.bbnradio.org\/german\/home\/\"},{\"@type\":\"ListItem\",\"position\":2,\"name\":\"Wie man in den Himmel kommt\"}]},{\"@type\":\"WebSite\",\"@id\":\"https:\/\/bbn1.bbnradio.org\/german\/#website\",\"url\":\"https:\/\/bbn1.bbnradio.org\/german\/\",\"name\":\"BBN\",\"description\":\"BBN\",\"potentialAction\":[{\"@type\":\"SearchAction\",\"target\":{\"@type\":\"EntryPoint\",\"urlTemplate\":\"https:\/\/bbn1.bbnradio.org\/german\/?s={search_term_string}\"},\"query-input\":{\"@type\":\"PropertyValueSpecification\",\"valueRequired\":true,\"valueName\":\"search_term_string\"}}],\"inLanguage\":\"de\"}]}<\/script>\n<!-- \/ Yoast SEO Premium plugin. -->","yoast_head_json":{"title":"Wie man in den Himmel kommt - BBN","description":"Sie k\u00f6nnen es in 5 minuten erfahren! Hier lesen Sie wie man in den Himmel kommt.","robots":{"index":"index","follow":"follow","max-snippet":"max-snippet:-1","max-image-preview":"max-image-preview:large","max-video-preview":"max-video-preview:-1"},"canonical":"https:\/\/bbn1.bbnradio.org\/german\/wie-man-in-den-himmel-kommt\/","og_locale":"de_DE","og_type":"article","og_title":"Wie man in den Himmel kommt","og_description":"Sie k\u00f6nnen es in 5 minuten erfahren!","og_url":"https:\/\/bbn1.bbnradio.org\/german\/wie-man-in-den-himmel-kommt\/","og_site_name":"BBN","article_publisher":"https:\/\/www.facebook.com\/BBNGerman\/","article_modified_time":"2025-08-14T14:48:16+00:00","twitter_card":"summary_large_image","twitter_title":"Wie man in den Himmel kommt","twitter_description":"Sie k\u00f6nnen es in 5 minuten erfahren!","twitter_image":"https:\/\/bbn1.bbnradio.org\/english\/wp-content\/uploads\/sites\/2\/2016\/08\/How-to-get-to-Heaven.jpg","twitter_site":"@BBNDeutsch","twitter_misc":{"Gesch\u00e4tzte Lesezeit":"8\u00a0Minuten"},"schema":{"@context":"https:\/\/schema.org","@graph":[{"@type":"WebPage","@id":"https:\/\/bbn1.bbnradio.org\/german\/wie-man-in-den-himmel-kommt\/","url":"https:\/\/bbn1.bbnradio.org\/german\/wie-man-in-den-himmel-kommt\/","name":"Wie man in den Himmel kommt - BBN","isPartOf":{"@id":"https:\/\/bbn1.bbnradio.org\/german\/#website"},"primaryImageOfPage":{"@id":"https:\/\/bbn1.bbnradio.org\/german\/wie-man-in-den-himmel-kommt\/#primaryimage"},"image":{"@id":"https:\/\/bbn1.bbnradio.org\/german\/wie-man-in-den-himmel-kommt\/#primaryimage"},"thumbnailUrl":"https:\/\/bbn1.bbnradio.org\/german\/wp-content\/uploads\/sites\/9\/2016\/08\/How-to-get-to-Heaven.jpg","datePublished":"2015-04-02T18:41:01+00:00","dateModified":"2025-08-14T14:48:16+00:00","description":"Sie k\u00f6nnen es in 5 minuten erfahren! Hier lesen Sie wie man in den Himmel kommt.","breadcrumb":{"@id":"https:\/\/bbn1.bbnradio.org\/german\/wie-man-in-den-himmel-kommt\/#breadcrumb"},"inLanguage":"de","potentialAction":[{"@type":"ReadAction","target":["https:\/\/bbn1.bbnradio.org\/german\/wie-man-in-den-himmel-kommt\/"]}]},{"@type":"ImageObject","inLanguage":"de","@id":"https:\/\/bbn1.bbnradio.org\/german\/wie-man-in-den-himmel-kommt\/#primaryimage","url":"https:\/\/bbn1.bbnradio.org\/german\/wp-content\/uploads\/sites\/9\/2016\/08\/How-to-get-to-Heaven.jpg","contentUrl":"https:\/\/bbn1.bbnradio.org\/german\/wp-content\/uploads\/sites\/9\/2016\/08\/How-to-get-to-Heaven.jpg","width":1200,"height":628,"caption":"How to get to Heaven"},{"@type":"BreadcrumbList","@id":"https:\/\/bbn1.bbnradio.org\/german\/wie-man-in-den-himmel-kommt\/#breadcrumb","itemListElement":[{"@type":"ListItem","position":1,"name":"Home","item":"https:\/\/bbn1.bbnradio.org\/german\/home\/"},{"@type":"ListItem","position":2,"name":"Wie man in den Himmel kommt"}]},{"@type":"WebSite","@id":"https:\/\/bbn1.bbnradio.org\/german\/#website","url":"https:\/\/bbn1.bbnradio.org\/german\/","name":"BBN","description":"BBN","potentialAction":[{"@type":"SearchAction","target":{"@type":"EntryPoint","urlTemplate":"https:\/\/bbn1.bbnradio.org\/german\/?s={search_term_string}"},"query-input":{"@type":"PropertyValueSpecification","valueRequired":true,"valueName":"search_term_string"}}],"inLanguage":"de"}]}},"jetpack_sharing_enabled":true,"jetpack_shortlink":"https:\/\/wp.me\/PgZlJB-Sl","_links":{"self":[{"href":"https:\/\/bbn1.bbnradio.org\/german\/wp-json\/wp\/v2\/pages\/3369","targetHints":{"allow":["GET"]}}],"collection":[{"href":"https:\/\/bbn1.bbnradio.org\/german\/wp-json\/wp\/v2\/pages"}],"about":[{"href":"https:\/\/bbn1.bbnradio.org\/german\/wp-json\/wp\/v2\/types\/page"}],"author":[{"embeddable":true,"href":"https:\/\/bbn1.bbnradio.org\/german\/wp-json\/wp\/v2\/users\/27"}],"replies":[{"embeddable":true,"href":"https:\/\/bbn1.bbnradio.org\/german\/wp-json\/wp\/v2\/comments?post=3369"}],"version-history":[{"count":4,"href":"https:\/\/bbn1.bbnradio.org\/german\/wp-json\/wp\/v2\/pages\/3369\/revisions"}],"predecessor-version":[{"id":16358,"href":"https:\/\/bbn1.bbnradio.org\/german\/wp-json\/wp\/v2\/pages\/3369\/revisions\/16358"}],"wp:featuredmedia":[{"embeddable":true,"href":"https:\/\/bbn1.bbnradio.org\/german\/wp-json\/wp\/v2\/media\/8341"}],"wp:attachment":[{"href":"https:\/\/bbn1.bbnradio.org\/german\/wp-json\/wp\/v2\/media?parent=3369"}],"curies":[{"name":"wp","href":"https:\/\/api.w.org\/{rel}","templated":true}]}}