{"id":5207,"date":"2015-11-16T15:15:50","date_gmt":"2015-11-16T19:15:50","guid":{"rendered":"https:\/\/bbn1.bbnradio.org\/english\/?page_id=5207"},"modified":"2019-01-23T13:59:35","modified_gmt":"2019-01-23T18:59:35","slug":"uber-das-telefon-horen","status":"publish","type":"page","link":"https:\/\/bbn1.bbnradio.org\/german\/uber-das-telefon-horen\/","title":{"rendered":"\u00dcber das Telefon h\u00f6ren"},"content":{"rendered":"\n<style type=\"text\/css\" data-created_by=\"avia_inline_auto\" id=\"style-css-av-eiyud3-1eb7b37749ac05c541f530f12be20f0b\">\n.flex_column.av-eiyud3-1eb7b37749ac05c541f530f12be20f0b{\nborder-radius:0px 0px 0px 0px;\npadding:0px 0px 0px 0px;\n}\n<\/style>\n<div  class='flex_column av-eiyud3-1eb7b37749ac05c541f530f12be20f0b av_one_full  avia-builder-el-0  el_before_av_two_fifth  avia-builder-el-first  first flex_column_div av-zero-column-padding  '     ><p>\n<style type=\"text\/css\" data-created_by=\"avia_inline_auto\" id=\"style-css-av-av_heading-f861b526babf9196fe86765ec2564987\">\n#top .av-special-heading.av-av_heading-f861b526babf9196fe86765ec2564987{\npadding-bottom:10px;\n}\nbody .av-special-heading.av-av_heading-f861b526babf9196fe86765ec2564987 .av-special-heading-tag .heading-char{\nfont-size:25px;\n}\n.av-special-heading.av-av_heading-f861b526babf9196fe86765ec2564987 .av-subheading{\nfont-size:15px;\n}\n<\/style>\n<div  class='av-special-heading av-av_heading-f861b526babf9196fe86765ec2564987 av-special-heading-h3  avia-builder-el-1  el_before_av_textblock  avia-builder-el-first '><h3 class='av-special-heading-tag '  itemprop=\"headline\"  >USA<\/h3><div class=\"special-heading-border\"><div class=\"special-heading-inner-border\"><\/div><\/div><\/div><br \/>\n<section  class='av_textblock_section av-afq4qv-5ad477b74ea9ca7630008137ed6f1f5e '   itemscope=\"itemscope\" itemtype=\"https:\/\/schema.org\/CreativeWork\" ><div class='avia_textblock'  itemprop=\"text\" ><h2>(605) 475-8044<\/h2>\n<p>Funktioniert auch in: Bermuda, Anguilla, Antigua &amp; Barbuda, Bahamas, Barbados, British Virgin Islands, Cayman Islands, Dominica, Dominikanische\u00a0 Republik, Grenada, Jamaica, Montserrat, Saint Marten, Saint Kitts &amp; Nevis, Saint Lucia, Saint Vincent und Grenadines, Trinidad und Tobago, und Turks &amp; Caicos.<\/p>\n<\/div><\/section><br \/>\n\n<style type=\"text\/css\" data-created_by=\"avia_inline_auto\" id=\"style-css-av-av_heading-6d35cb60277160eb5c1e4ab37b1023cd\">\n#top .av-special-heading.av-av_heading-6d35cb60277160eb5c1e4ab37b1023cd{\npadding-bottom:10px;\n}\nbody .av-special-heading.av-av_heading-6d35cb60277160eb5c1e4ab37b1023cd .av-special-heading-tag .heading-char{\nfont-size:25px;\n}\n.av-special-heading.av-av_heading-6d35cb60277160eb5c1e4ab37b1023cd .av-subheading{\nfont-size:15px;\n}\n<\/style>\n<div  class='av-special-heading av-av_heading-6d35cb60277160eb5c1e4ab37b1023cd av-special-heading-h3  avia-builder-el-3  el_after_av_textblock  el_before_av_textblock '><h3 class='av-special-heading-tag '  itemprop=\"headline\"  >Au\u00dferhalb der USA<\/h3><div class=\"special-heading-border\"><div class=\"special-heading-inner-border\"><\/div><\/div><\/div><br \/>\n<section  class='av_textblock_section av-81xzwn-0ccdca4c4199ed81bdb0385d971b5ab6 '   itemscope=\"itemscope\" itemtype=\"https:\/\/schema.org\/CreativeWork\" ><div class='avia_textblock'  itemprop=\"text\" ><div class=\"su-table su-table-alternate\"><\/p>\n<table>\n<tbody>\n<tr>\n<td>Deutschland<\/td>\n<td>0 209 88294404<\/td>\n<\/tr>\n<\/tbody>\n<\/table>\n<p><\/div>\n<\/div><\/section><br \/>\n<section  class='av_textblock_section av-6enfrr-789837330ac55ba17c2ff7c9e0e47aba '   itemscope=\"itemscope\" itemtype=\"https:\/\/schema.org\/CreativeWork\" ><div class='avia_textblock'  itemprop=\"text\" ><p>F\u00fcr den Fall, dass Sie keinen oder nur einen begrenzten Internet-Zugang haben, k\u00f6nnen Sie BBN jetzt auch \u00fcbers Telefon h\u00f6ren. AudioNow erm\u00f6glicht Ihnen das H\u00f6ren-\u00fcbers-Telefon. Diese Option ist besonders f\u00fcr Sie gedacht, wenn Sie entweder \u00fcber einen Festnetz- oder einen Mobil-Telefonanschluss mit unbeschr\u00e4nktem Minuten-Tarif verf\u00fcgen.<br \/>\nWir bitten Sie zu beachten, dass die Wiedergabe-Qualit\u00e4t der Sendung je nach verwendetem Ger\u00e4t variieren k\u00f6nnte, und dass diese Option haupts\u00e4chlich zur \u00dcbertragung von Sprache verwendet wird.<\/p>\n<p><strong>Bitte erkundigen Sie sich bei Ihrer Telefongesellschaft vor Anwahl dieser Nummer, ob dieser Anruf auch f\u00fcr Sie kostenlos sein wird.<\/strong><\/p>\n<\/div><\/section><\/p><\/div>\n<style type=\"text\/css\" data-created_by=\"avia_inline_auto\" id=\"style-css-av-h9w9z-89e3b769cd18dbb8caf73a543e43b3c2\">\n.flex_column.av-h9w9z-89e3b769cd18dbb8caf73a543e43b3c2{\nborder-radius:0px 0px 0px 0px;\npadding:0px 0px 0px 0px;\n}\n<\/style>\n<div  class='flex_column av-h9w9z-89e3b769cd18dbb8caf73a543e43b3c2 av_two_fifth  avia-builder-el-6  el_after_av_one_full  avia-builder-el-last  first flex_column_div av-zero-column-padding  column-top-margin'     ><section  class='av_textblock_section av-1wgyl3-e55dc7f6250d7c1365182ca6bf4636a5 '   itemscope=\"itemscope\" itemtype=\"https:\/\/schema.org\/CreativeWork\" ><div class='avia_textblock'  itemprop=\"text\" ><\/div><\/section><\/div>\n<!-- AddThis Advanced Settings generic via filter on the_content --><!-- AddThis Share Buttons generic via filter on the_content -->","protected":false},"excerpt":{"rendered":"<p><!-- AddThis Advanced Settings generic via filter on get_the_excerpt --><!-- AddThis Share Buttons generic via filter on get_the_excerpt --><\/p>\n","protected":false},"author":27,"featured_media":0,"parent":0,"menu_order":0,"comment_status":"closed","ping_status":"closed","template":"","meta":{"footnotes":""},"categories":[],"tags":[],"class_list":["post-5207","page","type-page","status-publish","hentry"],"yoast_head":"<!-- This site is optimized with the Yoast SEO Premium plugin v24.8 (Yoast SEO v24.8.1) - https:\/\/yoast.com\/wordpress\/plugins\/seo\/ -->\n<title>\u00dcber das Telefon h\u00f6ren - BBN<\/title>\n<meta name=\"robots\" content=\"index, follow, max-snippet:-1, max-image-preview:large, max-video-preview:-1\" \/>\n<link rel=\"canonical\" href=\"https:\/\/bbn1.bbnradio.org\/german\/uber-das-telefon-horen\/\" \/>\n<meta property=\"og:locale\" content=\"de_DE\" \/>\n<meta property=\"og:type\" content=\"article\" \/>\n<meta property=\"og:title\" content=\"\u00dcber das Telefon h\u00f6ren\" \/>\n<meta property=\"og:url\" content=\"https:\/\/bbn1.bbnradio.org\/german\/uber-das-telefon-horen\/\" \/>\n<meta property=\"og:site_name\" content=\"BBN\" \/>\n<meta property=\"article:publisher\" content=\"https:\/\/www.facebook.com\/BBNGerman\/\" \/>\n<meta property=\"article:modified_time\" content=\"2019-01-23T18:59:35+00:00\" \/>\n<meta name=\"twitter:card\" content=\"summary_large_image\" \/>\n<meta name=\"twitter:site\" content=\"@BBNDeutsch\" \/>\n<meta name=\"twitter:label1\" content=\"Gesch\u00e4tzte Lesezeit\" \/>\n\t<meta name=\"twitter:data1\" content=\"2\u00a0Minuten\" \/>\n<script type=\"application\/ld+json\" class=\"yoast-schema-graph\">{\"@context\":\"https:\/\/schema.org\",\"@graph\":[{\"@type\":\"WebPage\",\"@id\":\"https:\/\/bbn1.bbnradio.org\/german\/uber-das-telefon-horen\/\",\"url\":\"https:\/\/bbn1.bbnradio.org\/german\/uber-das-telefon-horen\/\",\"name\":\"\u00dcber das Telefon h\u00f6ren - BBN\",\"isPartOf\":{\"@id\":\"https:\/\/bbn1.bbnradio.org\/german\/#website\"},\"datePublished\":\"2015-11-16T19:15:50+00:00\",\"dateModified\":\"2019-01-23T18:59:35+00:00\",\"breadcrumb\":{\"@id\":\"https:\/\/bbn1.bbnradio.org\/german\/uber-das-telefon-horen\/#breadcrumb\"},\"inLanguage\":\"de\",\"potentialAction\":[{\"@type\":\"ReadAction\",\"target\":[\"https:\/\/bbn1.bbnradio.org\/german\/uber-das-telefon-horen\/\"]}]},{\"@type\":\"BreadcrumbList\",\"@id\":\"https:\/\/bbn1.bbnradio.org\/german\/uber-das-telefon-horen\/#breadcrumb\",\"itemListElement\":[{\"@type\":\"ListItem\",\"position\":1,\"name\":\"Home\",\"item\":\"https:\/\/bbn1.bbnradio.org\/german\/home\/\"},{\"@type\":\"ListItem\",\"position\":2,\"name\":\"\u00dcber das Telefon h\u00f6ren\"}]},{\"@type\":\"WebSite\",\"@id\":\"https:\/\/bbn1.bbnradio.org\/german\/#website\",\"url\":\"https:\/\/bbn1.bbnradio.org\/german\/\",\"name\":\"BBN\",\"description\":\"BBN\",\"potentialAction\":[{\"@type\":\"SearchAction\",\"target\":{\"@type\":\"EntryPoint\",\"urlTemplate\":\"https:\/\/bbn1.bbnradio.org\/german\/?s={search_term_string}\"},\"query-input\":{\"@type\":\"PropertyValueSpecification\",\"valueRequired\":true,\"valueName\":\"search_term_string\"}}],\"inLanguage\":\"de\"}]}<\/script>\n<!-- \/ Yoast SEO Premium plugin. -->","yoast_head_json":{"title":"\u00dcber das Telefon h\u00f6ren - BBN","robots":{"index":"index","follow":"follow","max-snippet":"max-snippet:-1","max-image-preview":"max-image-preview:large","max-video-preview":"max-video-preview:-1"},"canonical":"https:\/\/bbn1.bbnradio.org\/german\/uber-das-telefon-horen\/","og_locale":"de_DE","og_type":"article","og_title":"\u00dcber das Telefon h\u00f6ren","og_url":"https:\/\/bbn1.bbnradio.org\/german\/uber-das-telefon-horen\/","og_site_name":"BBN","article_publisher":"https:\/\/www.facebook.com\/BBNGerman\/","article_modified_time":"2019-01-23T18:59:35+00:00","twitter_card":"summary_large_image","twitter_site":"@BBNDeutsch","twitter_misc":{"Gesch\u00e4tzte Lesezeit":"2\u00a0Minuten"},"schema":{"@context":"https:\/\/schema.org","@graph":[{"@type":"WebPage","@id":"https:\/\/bbn1.bbnradio.org\/german\/uber-das-telefon-horen\/","url":"https:\/\/bbn1.bbnradio.org\/german\/uber-das-telefon-horen\/","name":"\u00dcber das Telefon h\u00f6ren - BBN","isPartOf":{"@id":"https:\/\/bbn1.bbnradio.org\/german\/#website"},"datePublished":"2015-11-16T19:15:50+00:00","dateModified":"2019-01-23T18:59:35+00:00","breadcrumb":{"@id":"https:\/\/bbn1.bbnradio.org\/german\/uber-das-telefon-horen\/#breadcrumb"},"inLanguage":"de","potentialAction":[{"@type":"ReadAction","target":["https:\/\/bbn1.bbnradio.org\/german\/uber-das-telefon-horen\/"]}]},{"@type":"BreadcrumbList","@id":"https:\/\/bbn1.bbnradio.org\/german\/uber-das-telefon-horen\/#breadcrumb","itemListElement":[{"@type":"ListItem","position":1,"name":"Home","item":"https:\/\/bbn1.bbnradio.org\/german\/home\/"},{"@type":"ListItem","position":2,"name":"\u00dcber das Telefon h\u00f6ren"}]},{"@type":"WebSite","@id":"https:\/\/bbn1.bbnradio.org\/german\/#website","url":"https:\/\/bbn1.bbnradio.org\/german\/","name":"BBN","description":"BBN","potentialAction":[{"@type":"SearchAction","target":{"@type":"EntryPoint","urlTemplate":"https:\/\/bbn1.bbnradio.org\/german\/?s={search_term_string}"},"query-input":{"@type":"PropertyValueSpecification","valueRequired":true,"valueName":"search_term_string"}}],"inLanguage":"de"}]}},"jetpack_sharing_enabled":true,"jetpack_shortlink":"https:\/\/wp.me\/PgZlJB-1lZ","_links":{"self":[{"href":"https:\/\/bbn1.bbnradio.org\/german\/wp-json\/wp\/v2\/pages\/5207","targetHints":{"allow":["GET"]}}],"collection":[{"href":"https:\/\/bbn1.bbnradio.org\/german\/wp-json\/wp\/v2\/pages"}],"about":[{"href":"https:\/\/bbn1.bbnradio.org\/german\/wp-json\/wp\/v2\/types\/page"}],"author":[{"embeddable":true,"href":"https:\/\/bbn1.bbnradio.org\/german\/wp-json\/wp\/v2\/users\/27"}],"replies":[{"embeddable":true,"href":"https:\/\/bbn1.bbnradio.org\/german\/wp-json\/wp\/v2\/comments?post=5207"}],"version-history":[{"count":4,"href":"https:\/\/bbn1.bbnradio.org\/german\/wp-json\/wp\/v2\/pages\/5207\/revisions"}],"predecessor-version":[{"id":13170,"href":"https:\/\/bbn1.bbnradio.org\/german\/wp-json\/wp\/v2\/pages\/5207\/revisions\/13170"}],"wp:attachment":[{"href":"https:\/\/bbn1.bbnradio.org\/german\/wp-json\/wp\/v2\/media?parent=5207"}],"wp:term":[{"taxonomy":"category","embeddable":true,"href":"https:\/\/bbn1.bbnradio.org\/german\/wp-json\/wp\/v2\/categories?post=5207"},{"taxonomy":"post_tag","embeddable":true,"href":"https:\/\/bbn1.bbnradio.org\/german\/wp-json\/wp\/v2\/tags?post=5207"}],"curies":[{"name":"wp","href":"https:\/\/api.w.org\/{rel}","templated":true}]}}