{"id":7580,"date":"2016-04-04T15:51:19","date_gmt":"2016-04-04T19:51:19","guid":{"rendered":"https:\/\/bbn1.bbnradio.org\/english\/?page_id=7580"},"modified":"2019-02-08T11:32:16","modified_gmt":"2019-02-08T16:32:16","slug":"was-die-bibel-lehrt-jesus-christus-der-herr","status":"publish","type":"page","link":"https:\/\/bbn1.bbnradio.org\/german\/ressourcen\/was-die-bibel-lehrt\/was-die-bibel-lehrt-jesus-christus-der-herr\/","title":{"rendered":"Was die Bibel lehrt &#8211; JESUS CHRISTUS, DER HERR"},"content":{"rendered":"<p><span style=\"font-family: Verdana;font-size: small\"><strong>JESUS CHRISTUS, DER HERR<\/strong><\/span><\/p>\n<p>Der Herr Jesus Christus ist das zentrale Thema der Heiligen Schrift. Wir wollen nun \u00fcber seine G\u00f6ttlichkeit, seine Menschwerdung, sein Werk und seine \u00c4mter nachdenken.<\/p>\n<p><strong>I. SEINE G\u00d6TTLICHKEIT<\/strong><\/p>\n<p><span style=\"font-family: Verdana;font-size: small\">Im Alten Testament sagte Gott zu Mose \u201eICH BIN, DER ICH BIN.\u201c Dies kommt auch in den \u201eICH BIN\u201c &#8211; Aussagen Jesu zum Tragen, mit denen er immer wieder seine G\u00f6ttlichkeit zur Geltung brachte und damit verdeutlichte: \u201eIch bin Gott.\u201c<\/span><\/p>\n<p><strong>A.<\/strong> \u201eICH BIN das Brot, das vom Himmel gekommen ist\u201c (Johannes 6,41).<br \/>\n<strong>B.<\/strong> \u201eICH BIN das Licht der Welt\u201c (Johannes 8,12).<br \/>\n<strong>C.<\/strong> \u201eICH BIN die T\u00fcr\u201c (Johannes 10,7).<br \/>\n<strong>D.<\/strong> \u201eICH BIN der gute Hirte\u201c (Johannes 10,11).<br \/>\n<strong>E.<\/strong> \u201eICH BIN die Auferstehung und das Leben\u201c (Johannes 11,25).<br \/>\n<strong>F.<\/strong> \u201eICH BIN der Weg, die Wahrheit und das Leben\u201c (Johannes 14,6).<br \/>\n<strong>G.<\/strong> \u201eICH BIN der wahre Weinstock\u201c (Johannes 15,1).<\/p>\n<p>Die G\u00f6ttlichkeit Christi bedeutet, dass er Gott ist. Die Schrift lehrt uns klar und deutlich diese wichtige Tatsache in folgender Weise:<\/p>\n<p><strong>A. Die Eigenschaften Gottes werden in der Schrift auf Christus angewandt:<\/strong><br \/>\n<strong>(1)<\/strong> Seine Pr\u00e4existenz. Christus hat keinen Anfang (Johannes 1,1-3; 17,5).<br \/>\n<strong>(2)<\/strong> Seine Allgegenwart. Er ist bei den Seinen, wo immer sie sich auch befinden (Matth\u00e4us 28,20).<br \/>\n<strong>(3)<\/strong> Seine Allmacht. Christus hat unbegrenzte Macht (Offenbarung 1,18).<br \/>\n<strong>(4)<\/strong> Seine Allwissenheit. Er wei\u00df alle Dinge (Johannes 21,17).<br \/>\n<strong>(5)<\/strong> Seine Unwandelbarkeit. \u201eJesus Christus gestern und heute und derselbe auch in Ewigkeit\u201c (Hebr\u00e4er 13,8).<\/p>\n<p><strong>B. Christus ist der Ausf\u00fchrende der Werke Gottes:<\/strong><br \/>\n<strong>(1)<\/strong> Er erschuf alles (Johannes 1,3).<br \/>\n<strong>(2)<\/strong> In ihm hat alles Bestand (Kolosser 1,17).<br \/>\n<strong>(3)<\/strong> Er sprach davon, den Tempel (seines Leibes &#8211; Johannes 2,21) nach dessen Abbruch wiederaufzurichten (Johannes 2,19).<\/p>\n<p><strong>C. Die Bezeichnung \u201eGott\u201c finden wir auch auf Christus angewendet:<\/strong><br \/>\n<strong>(1)<\/strong> Gott der Vater spricht den Sohn als Gott an (Hebr\u00e4er 1,8).<br \/>\n<strong>(2)<\/strong> Menschen nennen ihn Gott, und er wehrt ihnen nicht, ihn anzubeten (Johannes 20,28).<br \/>\n<strong>(3)<\/strong> D\u00e4monen wussten um seine g\u00f6ttliche Herkunft und Bestimmung (Markus 1,24).<br \/>\n<strong>(4)<\/strong> Er selbst verwies darauf, dass er und der Vater eins seien (Johannes 10,30).<\/p>\n<p><strong>II. SEINE MENSCHWERDUNG\u00a0<\/strong><\/p>\n<p>Die Menschwerdung Christi bedeutet sein Kommen in diese Welt als Mensch.<\/p>\n<p><strong>A. Die Geburt Jesu wurde bereits im Alten Testament vorausgesagt (Jesaja\u00a0<\/strong> <strong>7,14).<\/strong><\/p>\n<p><strong>B.<\/strong> <strong>Seine Geburt ist geschichtlich belegt. Sie unterscheidet sich von\u00a0<\/strong> <strong>allen anderen Geburten:<\/strong><br \/>\n<strong>(1)<\/strong> Er wurde durch den Heiligen Geist empfangen (Lukas 1,35).<br \/>\n<strong>(2)<\/strong> Er wurde von einer Jungfrau geboren (Matth\u00e4us 1,23).<br \/>\n<strong>(3)<\/strong> Er war wahrer Mensch mit K\u00f6rper (Hebr\u00e4er 10,5), Seele (Matth\u00e4us 26,38) und Geist (Lukas 23,46).<\/p>\n<p><strong>C.<\/strong> <strong>Christus kam in Menschengestalt, um:<\/strong><br \/>\n<strong>(1)<\/strong> den Vater zu offenbaren (Johannes 14,9);<br \/>\n<strong>(2)<\/strong> die S\u00fcnde hinwegzutun, indem er sich selbst zum Opfer darbrachte (Hebr\u00e4er 9,26);<br \/>\n<strong>(3)<\/strong> die Werke des Teufels zu zerst\u00f6ren (1. Johannes 3,8).<\/p>\n<p>Anmerkung: Eine der grundlegenden Wahrheiten des christlichen Glaubens ist, dass Jesus Christus wahrhaftiger Gott ist und dass er durch das Wunder der Jungfrauengeburt als Mensch in die Welt kam. Kraft dieser Geburt hat er nicht die adamitische bzw. s\u00fcndhafte Natur geerbt (R\u00f6mer 5,12). Als Mensch war er v\u00f6llig s\u00fcndlos. Sein s\u00fcndloses Leben und seine leibliche Auferstehung von den Toten best\u00e4tigen diese Wahrheiten.<\/p>\n<p><strong>III. SEIN WERK<\/strong><\/p>\n<p>Hier wollen wir den Tod des Herrn sowie seine Auferstehung und Himmelfahrt bedenken. Das Kreuz ist die grundlegende Wahrheit des geoffenbarten Gotteswortes. Mit \u201eKreuz\u201c meinen wir nicht das Holzkreuz an sich, sondern das an diesem vollbrachte Opfer. Beginnend mit dem Heiligtum (Stiftsh\u00fctte) in der W\u00fcste ist das alttestamentliche Wort Gottes voller Symbole, die auf Christus und seine Kreuzigung hinweisen. Er ist das Passahlamm (2. Mose 12) und verk\u00f6rpert die eherne Schlange (4. Mose 21 und Johannes 3,14.15). Er ist der Hirte von Psalm 23 und der geschlagene Hirte von Sacharja 13,6.7. Er ist der leidende Gottesknecht in Jesaja 53 und der K\u00f6nig der Ehre in Psalm 24,9.10.<\/p>\n<p><strong>A. Sein Tod<\/strong><br \/>\n<strong>(1)<\/strong> Die Rettung wird den Menschen nicht durch das Leben Christi zuteil, sondern durch seinen Tod (Johannes 3,14.18).<br \/>\n<strong>(2)<\/strong> Sein Tod war Teil von Gottes ewigem Plan (Hebr\u00e4er 10,7).<br \/>\n<strong>(3)<\/strong> Er war erforderlich, um die alttestamentlichen Verhei\u00dfungen zu erf\u00fcllen (Jesaja 53,5).<br \/>\n<strong>(4)<\/strong> Er war f\u00fcr die Erl\u00f6sung der Menschen notwendig (Epheser 1,7).<br \/>\n<strong>(5)<\/strong> Der Tod Christi geschah f\u00fcr andere. Er starb als Stellvertreter (1. Korinther 15,3).<br \/>\n<strong>(6)<\/strong> Der Tod Christi war allgenugsam. Er entspricht in allem Gottes Forderungen: Christus erduldete bis zur letzten Konsequenz das Gericht Gottes \u00fcber die S\u00fcnde. Sein S\u00fchnetod macht allen Schaden gut, denn es war der Tod einer keiner Begrenztheit unterliegenden Person, der daher auch in seinen Auswirkungen von unbegrenztem Wert ist.<\/p>\n<p><strong>B. Seine Auferstehung<\/strong><br \/>\n<strong>(1)<\/strong> Die leibliche Auferstehung Christi war notwendig, um das prophetische Wort zu erf\u00fcllen, um das Werk am Kreuz zu vollenden (R\u00f6mer 4,25) und ihm sein gegenw\u00e4rtiges Werk im Himmel zu erm\u00f6glichen.<br \/>\n<strong>(2)<\/strong> Christi Auferstehungsleib war wirklich. Seine J\u00fcnger erlebten ihn leibhaftig, nicht als Geist. Lukas 24,39. Es war anderer kein Leib als der, der am Kreuz hing, denn er hatte noch die N\u00e4gelmale an den H\u00e4nden und die Speerwunde an der Seite (Johannes 20,27). Und doch war es ein verwandelter K\u00f6rper mit der Kraft, physische Begrenzungen zu \u00fcberwinden.<br \/>\n<strong>(3)<\/strong> Nach seiner Auferstehung erschien Christus einigen seiner Nachfolger mindestens zehnmal. Mehr als 500 verl\u00e4ssliche Zeugen sahen ihn als Lebenden und bezeugten, dass er tats\u00e4chlich von den Toten auferstanden war (1 Korinther 15,6-8).<br \/>\n<strong>(4)<\/strong> Die Auferstehung Christi ist eine eminent wichtige Wahrheit. Wenn es keine Auferstehung gegeben h\u00e4tte, dann g\u00e4be es keinen christlichen Glauben. Dieses eine Ereignis unterscheidet das Christentum von allen Religionen. Diese verweisen auf das Grab ihres Stifters und \u201eRetters\u201c. Wir haben keinen toten Gott. Wir haben einen lebendigen Heiland, der \u00fcber Tod und Grab triumphiert hat und auf ewig lebt. In den Gerichtss\u00e4len dieser Welt ist die Aussage eines Augenzeugen f\u00fcr eine Sache von ausschlaggebender Bedeutung. Pers\u00f6nliche Meinungen z\u00e4hlen hier wenig. Bei \u00fcber 500 Augenzeugen, die bezeugen, pers\u00f6nlich den vom Tod auferstandenen Christus gesehen zu haben, besteht kein Zweifel \u00fcber die Wirklichkeit der Auferstehung.<\/p>\n<p><strong>C. Seine Himmelfahrt<\/strong><br \/>\n<strong>(1)<\/strong> Am Ende seiner irdischen Wirksamkeit wurde Christus in den Himmel emporgehoben (Lukas 24,51; Apostelgeschichte 1,9-11). Sein Leib war w\u00e4hrend der Auffahrt, mit der er seine Verhei\u00dfung von Johannes 14,2.3 erf\u00fcllte, f\u00fcr die Augenzeugen sichtbar: \u201eIn meines Vaters Hause sind viele Wohnungen. Wenn\u2019s nicht so w\u00e4re, h\u00e4tte ich dann zu euch gesagt: Ich gehe hin, euch die St\u00e4tte zu bereiten? Und wen ich hingehe, euch die St\u00e4tte zu bereiten, will ich wiederkommen und euch zu mir nehmen, damit ihr seid, wo ich bin.\u201c (Johannes 14,2-3).<br \/>\n<strong>(2)<\/strong> Er ging hinauf zum Vater, um von diesem wieder in seine urspr\u00fcngliche Herrlichkeit eingesetzt zu werden (Johannes 17,5) und den Dienst f\u00fcr die Seinen fortzuf\u00fchren. Im ersten Kapitel der Offenbarung bezeugt Johannes den erh\u00f6hten Herrn.<\/p>\n<p><strong>IV. SEINE \u00c4MTER<\/strong><\/p>\n<p>Christus wird uns in der Schrift als Prophet, Priester und K\u00f6nig vorgestellt.<\/p>\n<p><strong>A.<\/strong> Als Prophet k\u00fcndet er den Menschen, was Gott ihnen zu sagen hat, und offenbart ihnen Gott (Johannes 1,18).<\/p>\n<p><strong>B.<\/strong> Als Priester tritt er f\u00fcr die Gl\u00e4ubigen vor Gottes Thron ein (Hebr\u00e4er 4,14-16).<\/p>\n<p><strong>C.<\/strong> Als K\u00f6nig regiert er heute in den Herzen derer, die ihm ergeben sind. An jenem Tage wird er auf dieser Erde seine tausendj\u00e4hrige Herrschaft antreten (Offenbarung 20,2.3). Psalm 72 beschreibt diese Herrschaft. Danach wird der Herr Jesus f\u00fcr immer und ewig K\u00f6nig der K\u00f6nige und Herr aller Herren sein.<\/p>\n<!-- AddThis Advanced Settings generic via filter on the_content --><!-- AddThis Share Buttons generic via filter on the_content -->","protected":false},"excerpt":{"rendered":"<p>JESUS CHRISTUS, DER HERR Der Herr Jesus Christus ist das zentrale Thema der Heiligen Schrift. Wir wollen nun \u00fcber seine G\u00f6ttlichkeit, seine Menschwerdung, sein Werk und seine \u00c4mter nachdenken. I. SEINE G\u00d6TTLICHKEIT Im Alten Testament sagte Gott zu Mose \u201eICH BIN, DER ICH BIN.\u201c Dies kommt auch in den \u201eICH BIN\u201c &#8211; Aussagen Jesu zum [&hellip;]<!-- AddThis Advanced Settings generic via filter on get_the_excerpt --><!-- AddThis Share Buttons generic via filter on get_the_excerpt --><\/p>\n","protected":false},"author":27,"featured_media":0,"parent":5034,"menu_order":0,"comment_status":"closed","ping_status":"closed","template":"","meta":{"footnotes":""},"categories":[],"tags":[],"class_list":["post-7580","page","type-page","status-publish","hentry"],"yoast_head":"<!-- This site is optimized with the Yoast SEO Premium plugin v24.8 (Yoast SEO v24.8.1) - https:\/\/yoast.com\/wordpress\/plugins\/seo\/ -->\n<title>Was die Bibel lehrt - JESUS CHRISTUS, DER HERR - BBN<\/title>\n<meta name=\"robots\" content=\"index, follow, max-snippet:-1, max-image-preview:large, max-video-preview:-1\" \/>\n<link rel=\"canonical\" href=\"https:\/\/bbn1.bbnradio.org\/german\/ressourcen\/was-die-bibel-lehrt\/was-die-bibel-lehrt-jesus-christus-der-herr\/\" \/>\n<meta property=\"og:locale\" content=\"de_DE\" \/>\n<meta property=\"og:type\" content=\"article\" \/>\n<meta property=\"og:title\" content=\"Was die Bibel lehrt - JESUS CHRISTUS, DER HERR\" \/>\n<meta property=\"og:description\" content=\"JESUS CHRISTUS, DER HERR Der Herr Jesus Christus ist das zentrale Thema der Heiligen Schrift. Wir wollen nun \u00fcber seine G\u00f6ttlichkeit, seine Menschwerdung, sein Werk und seine \u00c4mter nachdenken. I. SEINE G\u00d6TTLICHKEIT Im Alten Testament sagte Gott zu Mose \u201eICH BIN, DER ICH BIN.\u201c Dies kommt auch in den \u201eICH BIN\u201c &#8211; Aussagen Jesu zum [&hellip;]\" \/>\n<meta property=\"og:url\" content=\"https:\/\/bbn1.bbnradio.org\/german\/ressourcen\/was-die-bibel-lehrt\/was-die-bibel-lehrt-jesus-christus-der-herr\/\" \/>\n<meta property=\"og:site_name\" content=\"BBN\" \/>\n<meta property=\"article:publisher\" content=\"https:\/\/www.facebook.com\/BBNGerman\/\" \/>\n<meta property=\"article:modified_time\" content=\"2019-02-08T16:32:16+00:00\" \/>\n<meta name=\"twitter:card\" content=\"summary_large_image\" \/>\n<meta name=\"twitter:site\" content=\"@BBNDeutsch\" \/>\n<meta name=\"twitter:label1\" content=\"Gesch\u00e4tzte Lesezeit\" \/>\n\t<meta name=\"twitter:data1\" content=\"6\u00a0Minuten\" \/>\n<script type=\"application\/ld+json\" class=\"yoast-schema-graph\">{\"@context\":\"https:\/\/schema.org\",\"@graph\":[{\"@type\":\"WebPage\",\"@id\":\"https:\/\/bbn1.bbnradio.org\/german\/ressourcen\/was-die-bibel-lehrt\/was-die-bibel-lehrt-jesus-christus-der-herr\/\",\"url\":\"https:\/\/bbn1.bbnradio.org\/german\/ressourcen\/was-die-bibel-lehrt\/was-die-bibel-lehrt-jesus-christus-der-herr\/\",\"name\":\"Was die Bibel lehrt - JESUS CHRISTUS, DER HERR - BBN\",\"isPartOf\":{\"@id\":\"https:\/\/bbn1.bbnradio.org\/german\/#website\"},\"datePublished\":\"2016-04-04T19:51:19+00:00\",\"dateModified\":\"2019-02-08T16:32:16+00:00\",\"breadcrumb\":{\"@id\":\"https:\/\/bbn1.bbnradio.org\/german\/ressourcen\/was-die-bibel-lehrt\/was-die-bibel-lehrt-jesus-christus-der-herr\/#breadcrumb\"},\"inLanguage\":\"de\",\"potentialAction\":[{\"@type\":\"ReadAction\",\"target\":[\"https:\/\/bbn1.bbnradio.org\/german\/ressourcen\/was-die-bibel-lehrt\/was-die-bibel-lehrt-jesus-christus-der-herr\/\"]}]},{\"@type\":\"BreadcrumbList\",\"@id\":\"https:\/\/bbn1.bbnradio.org\/german\/ressourcen\/was-die-bibel-lehrt\/was-die-bibel-lehrt-jesus-christus-der-herr\/#breadcrumb\",\"itemListElement\":[{\"@type\":\"ListItem\",\"position\":1,\"name\":\"Home\",\"item\":\"https:\/\/bbn1.bbnradio.org\/german\/home\/\"},{\"@type\":\"ListItem\",\"position\":2,\"name\":\"Ressourcen\",\"item\":\"https:\/\/bbn1.bbnradio.org\/german\/ressourcen\/\"},{\"@type\":\"ListItem\",\"position\":3,\"name\":\"Was die Bibel lehrt\",\"item\":\"https:\/\/bbn1.bbnradio.org\/german\/ressourcen\/was-die-bibel-lehrt\/\"},{\"@type\":\"ListItem\",\"position\":4,\"name\":\"Was die Bibel lehrt &#8211; JESUS CHRISTUS, DER HERR\"}]},{\"@type\":\"WebSite\",\"@id\":\"https:\/\/bbn1.bbnradio.org\/german\/#website\",\"url\":\"https:\/\/bbn1.bbnradio.org\/german\/\",\"name\":\"BBN\",\"description\":\"BBN\",\"potentialAction\":[{\"@type\":\"SearchAction\",\"target\":{\"@type\":\"EntryPoint\",\"urlTemplate\":\"https:\/\/bbn1.bbnradio.org\/german\/?s={search_term_string}\"},\"query-input\":{\"@type\":\"PropertyValueSpecification\",\"valueRequired\":true,\"valueName\":\"search_term_string\"}}],\"inLanguage\":\"de\"}]}<\/script>\n<!-- \/ Yoast SEO Premium plugin. -->","yoast_head_json":{"title":"Was die Bibel lehrt - JESUS CHRISTUS, DER HERR - BBN","robots":{"index":"index","follow":"follow","max-snippet":"max-snippet:-1","max-image-preview":"max-image-preview:large","max-video-preview":"max-video-preview:-1"},"canonical":"https:\/\/bbn1.bbnradio.org\/german\/ressourcen\/was-die-bibel-lehrt\/was-die-bibel-lehrt-jesus-christus-der-herr\/","og_locale":"de_DE","og_type":"article","og_title":"Was die Bibel lehrt - JESUS CHRISTUS, DER HERR","og_description":"JESUS CHRISTUS, DER HERR Der Herr Jesus Christus ist das zentrale Thema der Heiligen Schrift. Wir wollen nun \u00fcber seine G\u00f6ttlichkeit, seine Menschwerdung, sein Werk und seine \u00c4mter nachdenken. I. SEINE G\u00d6TTLICHKEIT Im Alten Testament sagte Gott zu Mose \u201eICH BIN, DER ICH BIN.\u201c Dies kommt auch in den \u201eICH BIN\u201c &#8211; Aussagen Jesu zum [&hellip;]","og_url":"https:\/\/bbn1.bbnradio.org\/german\/ressourcen\/was-die-bibel-lehrt\/was-die-bibel-lehrt-jesus-christus-der-herr\/","og_site_name":"BBN","article_publisher":"https:\/\/www.facebook.com\/BBNGerman\/","article_modified_time":"2019-02-08T16:32:16+00:00","twitter_card":"summary_large_image","twitter_site":"@BBNDeutsch","twitter_misc":{"Gesch\u00e4tzte Lesezeit":"6\u00a0Minuten"},"schema":{"@context":"https:\/\/schema.org","@graph":[{"@type":"WebPage","@id":"https:\/\/bbn1.bbnradio.org\/german\/ressourcen\/was-die-bibel-lehrt\/was-die-bibel-lehrt-jesus-christus-der-herr\/","url":"https:\/\/bbn1.bbnradio.org\/german\/ressourcen\/was-die-bibel-lehrt\/was-die-bibel-lehrt-jesus-christus-der-herr\/","name":"Was die Bibel lehrt - JESUS CHRISTUS, DER HERR - BBN","isPartOf":{"@id":"https:\/\/bbn1.bbnradio.org\/german\/#website"},"datePublished":"2016-04-04T19:51:19+00:00","dateModified":"2019-02-08T16:32:16+00:00","breadcrumb":{"@id":"https:\/\/bbn1.bbnradio.org\/german\/ressourcen\/was-die-bibel-lehrt\/was-die-bibel-lehrt-jesus-christus-der-herr\/#breadcrumb"},"inLanguage":"de","potentialAction":[{"@type":"ReadAction","target":["https:\/\/bbn1.bbnradio.org\/german\/ressourcen\/was-die-bibel-lehrt\/was-die-bibel-lehrt-jesus-christus-der-herr\/"]}]},{"@type":"BreadcrumbList","@id":"https:\/\/bbn1.bbnradio.org\/german\/ressourcen\/was-die-bibel-lehrt\/was-die-bibel-lehrt-jesus-christus-der-herr\/#breadcrumb","itemListElement":[{"@type":"ListItem","position":1,"name":"Home","item":"https:\/\/bbn1.bbnradio.org\/german\/home\/"},{"@type":"ListItem","position":2,"name":"Ressourcen","item":"https:\/\/bbn1.bbnradio.org\/german\/ressourcen\/"},{"@type":"ListItem","position":3,"name":"Was die Bibel lehrt","item":"https:\/\/bbn1.bbnradio.org\/german\/ressourcen\/was-die-bibel-lehrt\/"},{"@type":"ListItem","position":4,"name":"Was die Bibel lehrt &#8211; JESUS CHRISTUS, DER HERR"}]},{"@type":"WebSite","@id":"https:\/\/bbn1.bbnradio.org\/german\/#website","url":"https:\/\/bbn1.bbnradio.org\/german\/","name":"BBN","description":"BBN","potentialAction":[{"@type":"SearchAction","target":{"@type":"EntryPoint","urlTemplate":"https:\/\/bbn1.bbnradio.org\/german\/?s={search_term_string}"},"query-input":{"@type":"PropertyValueSpecification","valueRequired":true,"valueName":"search_term_string"}}],"inLanguage":"de"}]}},"jetpack_sharing_enabled":true,"jetpack_shortlink":"https:\/\/wp.me\/PgZlJB-1Yg","_links":{"self":[{"href":"https:\/\/bbn1.bbnradio.org\/german\/wp-json\/wp\/v2\/pages\/7580","targetHints":{"allow":["GET"]}}],"collection":[{"href":"https:\/\/bbn1.bbnradio.org\/german\/wp-json\/wp\/v2\/pages"}],"about":[{"href":"https:\/\/bbn1.bbnradio.org\/german\/wp-json\/wp\/v2\/types\/page"}],"author":[{"embeddable":true,"href":"https:\/\/bbn1.bbnradio.org\/german\/wp-json\/wp\/v2\/users\/27"}],"replies":[{"embeddable":true,"href":"https:\/\/bbn1.bbnradio.org\/german\/wp-json\/wp\/v2\/comments?post=7580"}],"version-history":[{"count":3,"href":"https:\/\/bbn1.bbnradio.org\/german\/wp-json\/wp\/v2\/pages\/7580\/revisions"}],"predecessor-version":[{"id":13612,"href":"https:\/\/bbn1.bbnradio.org\/german\/wp-json\/wp\/v2\/pages\/7580\/revisions\/13612"}],"up":[{"embeddable":true,"href":"https:\/\/bbn1.bbnradio.org\/german\/wp-json\/wp\/v2\/pages\/5034"}],"wp:attachment":[{"href":"https:\/\/bbn1.bbnradio.org\/german\/wp-json\/wp\/v2\/media?parent=7580"}],"wp:term":[{"taxonomy":"category","embeddable":true,"href":"https:\/\/bbn1.bbnradio.org\/german\/wp-json\/wp\/v2\/categories?post=7580"},{"taxonomy":"post_tag","embeddable":true,"href":"https:\/\/bbn1.bbnradio.org\/german\/wp-json\/wp\/v2\/tags?post=7580"}],"curies":[{"name":"wp","href":"https:\/\/api.w.org\/{rel}","templated":true}]}}