{"id":7586,"date":"2016-04-04T15:54:22","date_gmt":"2016-04-04T19:54:22","guid":{"rendered":"https:\/\/bbn1.bbnradio.org\/english\/?page_id=7586"},"modified":"2019-02-07T14:35:24","modified_gmt":"2019-02-07T19:35:24","slug":"was-die-bibel-lehrt-suende","status":"publish","type":"page","link":"https:\/\/bbn1.bbnradio.org\/german\/ressourcen\/was-die-bibel-lehrt\/was-die-bibel-lehrt-suende\/","title":{"rendered":"Was die Bibel lehrt &#8211; S\u00dcNDE"},"content":{"rendered":"<p><strong>S\u00dcNDE<\/strong><\/p>\n<p><strong>I. WAS IST S\u00dcNDE?<\/strong><\/p>\n<p>Niemand kann ausf\u00fchrlich die Bibel lesen, ohne gewahr zu werden, dass einer ihrer Schwerpunkte auf der S\u00fcnde sowie ihrer Ursache und \u00dcberwindung liegt. Bei S\u00fcnde denken wir oft an kriminelle Handlungen oder Mord. Aber die Bibel meint mit S\u00fcnde alles, was nicht an Gottes Vollkommenheit heranreicht. In R\u00f6mer 3,23 lesen wir: \u201eDenn alle haben ges\u00fcndigt und ermangeln der Herrlichkeit Gottes.\u201c Die \u201eHerrlichkeit Gottes\u201c impliziert den Gedanken absoluter Vollkommenheit. S\u00fcnde meint daher, hinter diesem Ma\u00dfstab zur\u00fcckzubleiben. Alle Menschen sind dessen schuldig. Von der S\u00fcnde wird in der Bibel aber auch in folgender Weise gesprochen:<\/p>\n<p><strong>A.<\/strong> \u00dcbertretung des Gesetzes Gottes (R\u00f6mer 5.13).<br \/>\n<strong>B.<\/strong> Rebellion gegen Gott; Gesetzlosigkeit (1. Johannes 3,4 &#8211; nach dem Grundtext).<br \/>\n<strong>C.<\/strong> Sittliche Unreinheit (Psalm 32,5).<br \/>\n<strong>D.<\/strong> B\u00f6se Gedanken sind nicht weniger s\u00fcndig als b\u00f6se Handlungen (Matth\u00e4us 5,28).<\/p>\n<p><strong>II: DER URSPUNG DER S\u00dcNDE<\/strong><\/p>\n<p>Der erste uns \u00fcberlieferte S\u00fcndenvorkommnis ereignete sich im Himmel. Der Engel Luzifer erdreistete sich, Gott gleich sein zu wollen (Jesaja 14,12-14). Um dieser S\u00fcnde des Stolzes willen wurde er aus dem Himmel gest\u00fcrzt und wurde der, den die Bibel an anderer Stelle \u201eTeufel\u201c bzw. \u201eSatan\u201c nennt.<\/p>\n<p>Das erstmalige S\u00fcndenereignis hier auf Erden wird in 1. Mose 3 beschrieben. Es fand im Garten Eden statt. Gott hatte Adam und Eva verboten, von der Frucht des Baumes der Erkenntnis des Guten und B\u00f6sen zu essen. Sie gehorchten Gott nicht, a\u00dfen von der verbotenen Frucht und wurden so zu S\u00fcndern.<\/p>\n<p><strong>III. DIE FOLGEN DER S\u00dcNDE<\/strong><\/p>\n<p><strong>A.<\/strong> Als die Stammeltern des Menschengeschlechts s\u00fcndigten, wurden sie alsbald gewahr, dass sie nackt waren, und versuchten, sich vor Gott zu verstecken (1. Mose 3,7.8).<\/p>\n<p><strong>B.<\/strong> Die Strafe der S\u00fcnde ist der Tod. Adam starb in dem Augenblick, in dem er s\u00fcndigte, den geistlichen Tod. Damit meinen wir, dass er von Gott getrennt wurde und von der Gegenwart Gottes verwiesen wurde. Nun wurde er auch dem physischen Tod unterworfen. Obgleich er diesen nicht sofort starb, so war er letztlich doch sein Los (R\u00f6mer 5,12).<\/p>\n<p><strong>C.<\/strong> Adams s\u00fcndige Natur drang zum gesamten Menschengeschlecht durch. Jedes von s\u00fcndigen Eltern geborene Kind ist ein S\u00fcnder von Geburt sowie durch Wahl und Tat. So war Adams \u00e4ltester Sohn Kain ein M\u00f6rder, und die S\u00fcnde begann ihren Blutzoll unter den Menschenkindern zu fordern. Weil alle Menschen geborene S\u00fcnder sind, sind sie alle geistlich tot und dazu verurteilt, eines Tages auch physisch zu sterben. Lesen Sie hierzu aufmerksam R\u00f6mer 5,12-18.<\/p>\n<p><strong>D.<\/strong> Die S\u00fcnde des Menschen brachte den Fluch Gottes \u00fcber die gesamte Sch\u00f6pfung. Adams \u00e4ltester Sohn wurde, wie gesagt, ein M\u00f6rder. Dornen und Disteln sind z.B. ein Hinweis auf diesen Fluch. Weitere Auswirkungen finden wir in 1. Mose 3,14-19. Der moderne Mensch versucht zu erkl\u00e4ren, dass unsere Verdorbenheit einfach nur menschliches Versagen und Irren sei. Psychologen w\u00fcrden uns gerne glauben machen, dass der Mensch aufgrund unserer Fortschritte in Wissenschaft und Technik immer besser wird.<br \/>\nWir ben\u00f6tigen jedoch keine Beweise f\u00fcr die S\u00fcnde, solange wir Friedh\u00f6fe, Gef\u00e4ngnisse, Krankenh\u00e4user und Leichenhallen haben. Wir m\u00f6gen es nennen, wie wir wollen, aber Tr\u00e4nen, Krankheit, Leid, Schmerz und Tod zeigen untr\u00fcglich die Wirklichkeit der S\u00fcnde auf. Doch warum s\u00fcndigt der Mensch? Lesen Sie Johannes 8,44. Es begann im Himmel und wird in der H\u00f6lle enden (Offenbarung 20,10).<\/p>\n<p><strong>IV. DIE STRAFE DER S\u00dcNDE<\/strong><\/p>\n<p>\u201eDer S\u00fcnde Lohn ist der Tod\u201c (R\u00f6mer 6,23). Gott l\u00e4sst uns wissen, dass der Tod die Strafe der S\u00fcnde ist. Es gibt keinerlei M\u00f6glichkeiten f\u00fcr den Menschen, sich selbst zu vervollkommnen und damit vor Gott annehmbar zu sein. \u201eDenn alle haben ges\u00fcndigt und ermangeln der Herrlichkeit Gottes\u201c (R\u00f6mer 3,23). Wir haben bereits gesehen, dass dies sowohl den geistlichen als auch den leiblichen Tod meint. Diese Strafe muss gezahlt werden. Gott muss die S\u00fcnde bestrafen oder aber die M\u00f6glichkeit schaffen, uns zu reinigen und uns unsere S\u00fcnden zu vergeben.<\/p>\n<p>Solange ein Mensch in seinen S\u00fcnden lebt, ist er geistlich tot und sieht dem leiblichen Tod entgegen. Wenn er zum Zeitpunkt des Sterbens noch in seinen S\u00fcnden ist, dann ist er dem ewigen Tod geweiht. Das hei\u00dft, dass er f\u00fcr immer von Gottes Angesicht hinweggetan wird und im Feuersee f\u00fcr seine S\u00fcnden leiden muss. Das ist der zweite Tod, von dem Offenbarung 20,14 spricht.<\/p>\n<p><strong>V. ERRETTUNG VON DER S\u00dcNDE<\/strong><\/p>\n<p>Gott hat eine Erl\u00f6sung und S\u00fchnung bereitet, damit der Mensch keine ewige Strafe f\u00fcr seine S\u00fcnden erleiden muss. Er sandte seinen Sohn in die Welt, um einen Ausweg f\u00fcr den Menschen zu schaffen. Der Herr Jesus Christus wurde von der Jungfrau Maria geboren. Die Jungfrauengeburt war absolut notwendig, damit er ohne S\u00fcnde geboren werden konnte. Somit hat er nicht die s\u00fcndige Natur Adams geerbt. Er ist der einzige s\u00fcndlose Mensch, der je gelebt hat. Am Kreuz erduldete er willig die Strafe der S\u00fcnde und gen\u00fcgte damit s\u00e4mtlichen heiligen Forderungen Gottes. Da hiermit der Strafe f\u00fcr die S\u00fcnde Gen\u00fcge getan wurde, kann Gott nun dem S\u00fcnder, der sein S\u00fcndersein bekennt und Jesus Christus als seinen Herrn und Heiland annimmt, ewiges Leben gew\u00e4hren (2. Korinther 5,21). Das wird sp\u00e4ter unter \u201eErl\u00f6sung\u201c n\u00e4her erl\u00e4utert.<\/p>\n<p>Wenn sich ein Mensch Christus anvertraut, wird er von der Strafe und Macht der S\u00fcnde errettet. Das hei\u00dft nicht, dass er nicht mehr s\u00fcndigt. Aber es meint, dass alle vergangenen, gegenw\u00e4rtigen und zuk\u00fcnftigen S\u00fcnden vergeben worden sind und dass er daf\u00fcr nicht mehr gerichtet wird. Wir m\u00fcssen uns vor Augen halten, dass alle unsere S\u00fcnden noch in der Zukunft lagen, als Christus starb. Durch Christus hat der Gl\u00e4ubige die Macht, im Sieg \u00fcber die S\u00fcnde f\u00fcr Gott zu leben, statt f\u00fcr Vergn\u00fcgungen und die Macht der S\u00fcnde und Satans.<br \/>\nDaf\u00fcr ist Christus am Kreuz gestorben: \u201eder unsere S\u00fcnde selbst hinaufgetragen hat an seinem Leib auf das Holz, damit wir, der S\u00fcnde abgestorben, der Gerechtigkeit leben. Durch seine Wunden seid ihr heil geworden\u201c (1. Petrus 2,24).<\/p>\n<!-- AddThis Advanced Settings generic via filter on the_content --><!-- AddThis Share Buttons generic via filter on the_content -->","protected":false},"excerpt":{"rendered":"<p>S\u00dcNDE I. WAS IST S\u00dcNDE? Niemand kann ausf\u00fchrlich die Bibel lesen, ohne gewahr zu werden, dass einer ihrer Schwerpunkte auf der S\u00fcnde sowie ihrer Ursache und \u00dcberwindung liegt. Bei S\u00fcnde denken wir oft an kriminelle Handlungen oder Mord. Aber die Bibel meint mit S\u00fcnde alles, was nicht an Gottes Vollkommenheit heranreicht. In R\u00f6mer 3,23 lesen [&hellip;]<!-- AddThis Advanced Settings generic via filter on get_the_excerpt --><!-- AddThis Share Buttons generic via filter on get_the_excerpt --><\/p>\n","protected":false},"author":27,"featured_media":0,"parent":5034,"menu_order":0,"comment_status":"closed","ping_status":"closed","template":"","meta":{"footnotes":""},"categories":[],"tags":[],"class_list":["post-7586","page","type-page","status-publish","hentry"],"yoast_head":"<!-- This site is optimized with the Yoast SEO Premium plugin v24.8 (Yoast SEO v24.8.1) - https:\/\/yoast.com\/wordpress\/plugins\/seo\/ -->\n<title>Was die Bibel lehrt - S\u00dcNDE - BBN<\/title>\n<meta name=\"robots\" content=\"index, follow, max-snippet:-1, max-image-preview:large, max-video-preview:-1\" \/>\n<link rel=\"canonical\" href=\"https:\/\/bbn1.bbnradio.org\/german\/ressourcen\/was-die-bibel-lehrt\/was-die-bibel-lehrt-suende\/\" \/>\n<meta property=\"og:locale\" content=\"de_DE\" \/>\n<meta property=\"og:type\" content=\"article\" \/>\n<meta property=\"og:title\" content=\"Was die Bibel lehrt - S\u00dcNDE\" \/>\n<meta property=\"og:description\" content=\"S\u00dcNDE I. WAS IST S\u00dcNDE? Niemand kann ausf\u00fchrlich die Bibel lesen, ohne gewahr zu werden, dass einer ihrer Schwerpunkte auf der S\u00fcnde sowie ihrer Ursache und \u00dcberwindung liegt. Bei S\u00fcnde denken wir oft an kriminelle Handlungen oder Mord. Aber die Bibel meint mit S\u00fcnde alles, was nicht an Gottes Vollkommenheit heranreicht. In R\u00f6mer 3,23 lesen [&hellip;]\" \/>\n<meta property=\"og:url\" content=\"https:\/\/bbn1.bbnradio.org\/german\/ressourcen\/was-die-bibel-lehrt\/was-die-bibel-lehrt-suende\/\" \/>\n<meta property=\"og:site_name\" content=\"BBN\" \/>\n<meta property=\"article:publisher\" content=\"https:\/\/www.facebook.com\/BBNGerman\/\" \/>\n<meta property=\"article:modified_time\" content=\"2019-02-07T19:35:24+00:00\" \/>\n<meta name=\"twitter:card\" content=\"summary_large_image\" \/>\n<meta name=\"twitter:site\" content=\"@BBNDeutsch\" \/>\n<meta name=\"twitter:label1\" content=\"Gesch\u00e4tzte Lesezeit\" \/>\n\t<meta name=\"twitter:data1\" content=\"5\u00a0Minuten\" \/>\n<script type=\"application\/ld+json\" class=\"yoast-schema-graph\">{\"@context\":\"https:\/\/schema.org\",\"@graph\":[{\"@type\":\"WebPage\",\"@id\":\"https:\/\/bbn1.bbnradio.org\/german\/ressourcen\/was-die-bibel-lehrt\/was-die-bibel-lehrt-suende\/\",\"url\":\"https:\/\/bbn1.bbnradio.org\/german\/ressourcen\/was-die-bibel-lehrt\/was-die-bibel-lehrt-suende\/\",\"name\":\"Was die Bibel lehrt - S\u00dcNDE - BBN\",\"isPartOf\":{\"@id\":\"https:\/\/bbn1.bbnradio.org\/german\/#website\"},\"datePublished\":\"2016-04-04T19:54:22+00:00\",\"dateModified\":\"2019-02-07T19:35:24+00:00\",\"breadcrumb\":{\"@id\":\"https:\/\/bbn1.bbnradio.org\/german\/ressourcen\/was-die-bibel-lehrt\/was-die-bibel-lehrt-suende\/#breadcrumb\"},\"inLanguage\":\"de\",\"potentialAction\":[{\"@type\":\"ReadAction\",\"target\":[\"https:\/\/bbn1.bbnradio.org\/german\/ressourcen\/was-die-bibel-lehrt\/was-die-bibel-lehrt-suende\/\"]}]},{\"@type\":\"BreadcrumbList\",\"@id\":\"https:\/\/bbn1.bbnradio.org\/german\/ressourcen\/was-die-bibel-lehrt\/was-die-bibel-lehrt-suende\/#breadcrumb\",\"itemListElement\":[{\"@type\":\"ListItem\",\"position\":1,\"name\":\"Home\",\"item\":\"https:\/\/bbn1.bbnradio.org\/german\/home\/\"},{\"@type\":\"ListItem\",\"position\":2,\"name\":\"Ressourcen\",\"item\":\"https:\/\/bbn1.bbnradio.org\/german\/ressourcen\/\"},{\"@type\":\"ListItem\",\"position\":3,\"name\":\"Was die Bibel lehrt\",\"item\":\"https:\/\/bbn1.bbnradio.org\/german\/ressourcen\/was-die-bibel-lehrt\/\"},{\"@type\":\"ListItem\",\"position\":4,\"name\":\"Was die Bibel lehrt &#8211; S\u00dcNDE\"}]},{\"@type\":\"WebSite\",\"@id\":\"https:\/\/bbn1.bbnradio.org\/german\/#website\",\"url\":\"https:\/\/bbn1.bbnradio.org\/german\/\",\"name\":\"BBN\",\"description\":\"BBN\",\"potentialAction\":[{\"@type\":\"SearchAction\",\"target\":{\"@type\":\"EntryPoint\",\"urlTemplate\":\"https:\/\/bbn1.bbnradio.org\/german\/?s={search_term_string}\"},\"query-input\":{\"@type\":\"PropertyValueSpecification\",\"valueRequired\":true,\"valueName\":\"search_term_string\"}}],\"inLanguage\":\"de\"}]}<\/script>\n<!-- \/ Yoast SEO Premium plugin. -->","yoast_head_json":{"title":"Was die Bibel lehrt - S\u00dcNDE - BBN","robots":{"index":"index","follow":"follow","max-snippet":"max-snippet:-1","max-image-preview":"max-image-preview:large","max-video-preview":"max-video-preview:-1"},"canonical":"https:\/\/bbn1.bbnradio.org\/german\/ressourcen\/was-die-bibel-lehrt\/was-die-bibel-lehrt-suende\/","og_locale":"de_DE","og_type":"article","og_title":"Was die Bibel lehrt - S\u00dcNDE","og_description":"S\u00dcNDE I. WAS IST S\u00dcNDE? Niemand kann ausf\u00fchrlich die Bibel lesen, ohne gewahr zu werden, dass einer ihrer Schwerpunkte auf der S\u00fcnde sowie ihrer Ursache und \u00dcberwindung liegt. Bei S\u00fcnde denken wir oft an kriminelle Handlungen oder Mord. Aber die Bibel meint mit S\u00fcnde alles, was nicht an Gottes Vollkommenheit heranreicht. In R\u00f6mer 3,23 lesen [&hellip;]","og_url":"https:\/\/bbn1.bbnradio.org\/german\/ressourcen\/was-die-bibel-lehrt\/was-die-bibel-lehrt-suende\/","og_site_name":"BBN","article_publisher":"https:\/\/www.facebook.com\/BBNGerman\/","article_modified_time":"2019-02-07T19:35:24+00:00","twitter_card":"summary_large_image","twitter_site":"@BBNDeutsch","twitter_misc":{"Gesch\u00e4tzte Lesezeit":"5\u00a0Minuten"},"schema":{"@context":"https:\/\/schema.org","@graph":[{"@type":"WebPage","@id":"https:\/\/bbn1.bbnradio.org\/german\/ressourcen\/was-die-bibel-lehrt\/was-die-bibel-lehrt-suende\/","url":"https:\/\/bbn1.bbnradio.org\/german\/ressourcen\/was-die-bibel-lehrt\/was-die-bibel-lehrt-suende\/","name":"Was die Bibel lehrt - S\u00dcNDE - BBN","isPartOf":{"@id":"https:\/\/bbn1.bbnradio.org\/german\/#website"},"datePublished":"2016-04-04T19:54:22+00:00","dateModified":"2019-02-07T19:35:24+00:00","breadcrumb":{"@id":"https:\/\/bbn1.bbnradio.org\/german\/ressourcen\/was-die-bibel-lehrt\/was-die-bibel-lehrt-suende\/#breadcrumb"},"inLanguage":"de","potentialAction":[{"@type":"ReadAction","target":["https:\/\/bbn1.bbnradio.org\/german\/ressourcen\/was-die-bibel-lehrt\/was-die-bibel-lehrt-suende\/"]}]},{"@type":"BreadcrumbList","@id":"https:\/\/bbn1.bbnradio.org\/german\/ressourcen\/was-die-bibel-lehrt\/was-die-bibel-lehrt-suende\/#breadcrumb","itemListElement":[{"@type":"ListItem","position":1,"name":"Home","item":"https:\/\/bbn1.bbnradio.org\/german\/home\/"},{"@type":"ListItem","position":2,"name":"Ressourcen","item":"https:\/\/bbn1.bbnradio.org\/german\/ressourcen\/"},{"@type":"ListItem","position":3,"name":"Was die Bibel lehrt","item":"https:\/\/bbn1.bbnradio.org\/german\/ressourcen\/was-die-bibel-lehrt\/"},{"@type":"ListItem","position":4,"name":"Was die Bibel lehrt &#8211; S\u00dcNDE"}]},{"@type":"WebSite","@id":"https:\/\/bbn1.bbnradio.org\/german\/#website","url":"https:\/\/bbn1.bbnradio.org\/german\/","name":"BBN","description":"BBN","potentialAction":[{"@type":"SearchAction","target":{"@type":"EntryPoint","urlTemplate":"https:\/\/bbn1.bbnradio.org\/german\/?s={search_term_string}"},"query-input":{"@type":"PropertyValueSpecification","valueRequired":true,"valueName":"search_term_string"}}],"inLanguage":"de"}]}},"jetpack_sharing_enabled":true,"jetpack_shortlink":"https:\/\/wp.me\/PgZlJB-1Ym","_links":{"self":[{"href":"https:\/\/bbn1.bbnradio.org\/german\/wp-json\/wp\/v2\/pages\/7586","targetHints":{"allow":["GET"]}}],"collection":[{"href":"https:\/\/bbn1.bbnradio.org\/german\/wp-json\/wp\/v2\/pages"}],"about":[{"href":"https:\/\/bbn1.bbnradio.org\/german\/wp-json\/wp\/v2\/types\/page"}],"author":[{"embeddable":true,"href":"https:\/\/bbn1.bbnradio.org\/german\/wp-json\/wp\/v2\/users\/27"}],"replies":[{"embeddable":true,"href":"https:\/\/bbn1.bbnradio.org\/german\/wp-json\/wp\/v2\/comments?post=7586"}],"version-history":[{"count":2,"href":"https:\/\/bbn1.bbnradio.org\/german\/wp-json\/wp\/v2\/pages\/7586\/revisions"}],"predecessor-version":[{"id":13581,"href":"https:\/\/bbn1.bbnradio.org\/german\/wp-json\/wp\/v2\/pages\/7586\/revisions\/13581"}],"up":[{"embeddable":true,"href":"https:\/\/bbn1.bbnradio.org\/german\/wp-json\/wp\/v2\/pages\/5034"}],"wp:attachment":[{"href":"https:\/\/bbn1.bbnradio.org\/german\/wp-json\/wp\/v2\/media?parent=7586"}],"wp:term":[{"taxonomy":"category","embeddable":true,"href":"https:\/\/bbn1.bbnradio.org\/german\/wp-json\/wp\/v2\/categories?post=7586"},{"taxonomy":"post_tag","embeddable":true,"href":"https:\/\/bbn1.bbnradio.org\/german\/wp-json\/wp\/v2\/tags?post=7586"}],"curies":[{"name":"wp","href":"https:\/\/api.w.org\/{rel}","templated":true}]}}