{"id":7598,"date":"2016-04-04T16:17:40","date_gmt":"2016-04-04T20:17:40","guid":{"rendered":"https:\/\/bbn1.bbnradio.org\/english\/?page_id=7598"},"modified":"2019-02-07T14:40:35","modified_gmt":"2019-02-07T19:40:35","slug":"was-die-bibel-lehrt-die-gemeinde","status":"publish","type":"page","link":"https:\/\/bbn1.bbnradio.org\/german\/ressourcen\/was-die-bibel-lehrt\/was-die-bibel-lehrt-die-gemeinde\/","title":{"rendered":"Was die Bibel lehrt &#8211; DIE GEMEINDE"},"content":{"rendered":"<p><span style=\"font-family: Verdana;font-size: small\">DIE GEMEINDE<\/span><\/p>\n<p>(Anmerkung des \u00dcbersetzers: F\u00fcr den englischen Begriff \u201eChurch\u201c stehen die beiden deutschen Bezeichnungen \u201eGemeinde\u201c und \u201eKirche\u201c, die jedoch nicht in jeder Hinsicht bedeutungsgleich sind. Als \u00dcberschrift f\u00fcr dieses Kapitel wurde \u201eDie Gemeinde\u201c gew\u00e4hlt; im Text selbst werden beide Begriffe verwendet.)<\/p>\n<p>Die Gemeinde muss aus zwei Blickwinkeln betrachtet werden. Sie ist kein stofflicher, sondern ein geistlicher Leib. Da gibt es zun\u00e4chst die Ortsgemeinde, deren dort versammelte Glieder eine physische Darstellung des Leibes Christi sind. Es mag ein Haus, ein spezielles Versammlungsgeb\u00e4ude, eine H\u00f6hle oder was auch immer sein, wo die Gl\u00e4ubigen zusammenkommen. Diese und nicht das \u00e4u\u00dferliche kirchliche Geb\u00e4ude bilden das eigentliche Haus Gottes. Es ist die \u00f6rtliche Versammlung derer, die das Wort Gottes angenommen haben, die wiedergeboren und getauft sind. Sie kommen zusammen, um die biblische Lehre zu studieren, um zu beten, das Abendmahl zu feiern (Brotbrechen) und Gemeinschaft zu haben (Apostelgeschichte 2,41.42).<\/p>\n<p>Dann gibt es ferner die universale Kirche, die sich aus allen wiedergeborenen Gl\u00e4ubigen auf der ganzen Welt zusammensetzt. Wenn Sie heute errettet werden, sind Sie ein Glied dieser Kirche. Sie wird auch die \u201eunsichtbare Kirche\u201c genannt.<\/p>\n<p>Und es gibt zwei heilige Handlungen, die der Gemeinde aufgetragen sind: die Taufe und das Abendmahl. Diese sind keine Sakramente. Sie haben keine erl\u00f6sende Kraft oder Bedeutung. Jesus sagte: \u201eTut dies zu meinem Ged\u00e4chtnis\u201c (Lukas 22,19). Manche Glaubensrichtungen reichen das Brot und erkl\u00e4ren, dass es sich in die tats\u00e4chliche Gegenwart und Leibhaftigkeit Christi verwandle. Wir gedenken jedoch nicht eines leiblich Anwesenden. Das Brot ist lediglich ein Symbol f\u00fcr Christi Leib, der f\u00fcr uns am Kreuz gebrochen wurde. Der Kelch steht symbolisch f\u00fcr sein Blut, das er f\u00fcr unsere S\u00fcnde vergossen hat. Das Abendmahl \u201ein beiderlei Gestalt\u201c erinnert uns bis zur Wiederkunft des Herrn daran, was er f\u00fcr uns getan hat (1. Korinther 11,24-29).<\/p>\n<p>Die Taufe soll zeigen, dass wir Christen geworden sind, und das Abendmahl soll uns bis zu seiner Wiederkunft an den Herrn Jesus und das, was er f\u00fcr uns getan hat, erinnern. Beides soll Gl\u00e4ubigen vorbehalten bleiben.<\/p>\n<p>In Epheser 4,7.8.11 sind mehrere Gaben aufgef\u00fchrt, die einzelnen gegeben wurden, um damit der jungen Gemeinde zu dienen. Da uns die abgeschlossene Offenbarung von Gottes Wort in der Bibel vorliegt, haben die Gaben der Apostel und Propheten ihren Zweck erf\u00fcllt und damit auch Offenbarungen und Prophetien.<\/p>\n<p>Wenn auch manche mit dem Anspruch auftreten, eine Offenbarung oder Prophetie zu haben, so steht doch eine L\u00fcge dahinter. Nicht umsonst verurteilt die Bibel zus\u00e4tzliche oder gegens\u00e4tzliche Offenbarungen (Offenbarung 22,18.19).<\/p>\n<p>Die jeweilige Ortsgemeinde ist selbst\u00e4ndig und hat eine organisatorische Struktur mit Diakonen, Vorstehern (Lutherbibel: Bisch\u00f6fe) oder \u00c4ltesten (Pastoren), die die Herde leiten, lehren und weiden (1. Timotheus 3,1-5). Die Gemeinde hat auch die Vollmacht erhalten, Gemeindezucht auszu\u00fcben und Glieder, die in S\u00fcnde leben, auszuschlie\u00dfen (1. Korinther 5,11.12).<\/p>\n<!-- AddThis Advanced Settings generic via filter on the_content --><!-- AddThis Share Buttons generic via filter on the_content -->","protected":false},"excerpt":{"rendered":"<p>DIE GEMEINDE (Anmerkung des \u00dcbersetzers: F\u00fcr den englischen Begriff \u201eChurch\u201c stehen die beiden deutschen Bezeichnungen \u201eGemeinde\u201c und \u201eKirche\u201c, die jedoch nicht in jeder Hinsicht bedeutungsgleich sind. Als \u00dcberschrift f\u00fcr dieses Kapitel wurde \u201eDie Gemeinde\u201c gew\u00e4hlt; im Text selbst werden beide Begriffe verwendet.) Die Gemeinde muss aus zwei Blickwinkeln betrachtet werden. Sie ist kein stofflicher, sondern [&hellip;]<!-- AddThis Advanced Settings generic via filter on get_the_excerpt --><!-- AddThis Share Buttons generic via filter on get_the_excerpt --><\/p>\n","protected":false},"author":27,"featured_media":0,"parent":5034,"menu_order":0,"comment_status":"closed","ping_status":"closed","template":"","meta":{"footnotes":""},"categories":[],"tags":[],"class_list":["post-7598","page","type-page","status-publish","hentry"],"yoast_head":"<!-- This site is optimized with the Yoast SEO Premium plugin v24.8 (Yoast SEO v24.8.1) - https:\/\/yoast.com\/wordpress\/plugins\/seo\/ -->\n<title>Was die Bibel lehrt - DIE GEMEINDE - BBN<\/title>\n<meta name=\"robots\" content=\"index, follow, max-snippet:-1, max-image-preview:large, max-video-preview:-1\" \/>\n<link rel=\"canonical\" href=\"https:\/\/bbn1.bbnradio.org\/german\/ressourcen\/was-die-bibel-lehrt\/was-die-bibel-lehrt-die-gemeinde\/\" \/>\n<meta property=\"og:locale\" content=\"de_DE\" \/>\n<meta property=\"og:type\" content=\"article\" \/>\n<meta property=\"og:title\" content=\"Was die Bibel lehrt - DIE GEMEINDE\" \/>\n<meta property=\"og:description\" content=\"DIE GEMEINDE (Anmerkung des \u00dcbersetzers: F\u00fcr den englischen Begriff \u201eChurch\u201c stehen die beiden deutschen Bezeichnungen \u201eGemeinde\u201c und \u201eKirche\u201c, die jedoch nicht in jeder Hinsicht bedeutungsgleich sind. Als \u00dcberschrift f\u00fcr dieses Kapitel wurde \u201eDie Gemeinde\u201c gew\u00e4hlt; im Text selbst werden beide Begriffe verwendet.) Die Gemeinde muss aus zwei Blickwinkeln betrachtet werden. Sie ist kein stofflicher, sondern [&hellip;]\" \/>\n<meta property=\"og:url\" content=\"https:\/\/bbn1.bbnradio.org\/german\/ressourcen\/was-die-bibel-lehrt\/was-die-bibel-lehrt-die-gemeinde\/\" \/>\n<meta property=\"og:site_name\" content=\"BBN\" \/>\n<meta property=\"article:publisher\" content=\"https:\/\/www.facebook.com\/BBNGerman\/\" \/>\n<meta property=\"article:modified_time\" content=\"2019-02-07T19:40:35+00:00\" \/>\n<meta name=\"twitter:card\" content=\"summary_large_image\" \/>\n<meta name=\"twitter:site\" content=\"@BBNDeutsch\" \/>\n<meta name=\"twitter:label1\" content=\"Gesch\u00e4tzte Lesezeit\" \/>\n\t<meta name=\"twitter:data1\" content=\"2\u00a0Minuten\" \/>\n<script type=\"application\/ld+json\" class=\"yoast-schema-graph\">{\"@context\":\"https:\/\/schema.org\",\"@graph\":[{\"@type\":\"WebPage\",\"@id\":\"https:\/\/bbn1.bbnradio.org\/german\/ressourcen\/was-die-bibel-lehrt\/was-die-bibel-lehrt-die-gemeinde\/\",\"url\":\"https:\/\/bbn1.bbnradio.org\/german\/ressourcen\/was-die-bibel-lehrt\/was-die-bibel-lehrt-die-gemeinde\/\",\"name\":\"Was die Bibel lehrt - DIE GEMEINDE - BBN\",\"isPartOf\":{\"@id\":\"https:\/\/bbn1.bbnradio.org\/german\/#website\"},\"datePublished\":\"2016-04-04T20:17:40+00:00\",\"dateModified\":\"2019-02-07T19:40:35+00:00\",\"breadcrumb\":{\"@id\":\"https:\/\/bbn1.bbnradio.org\/german\/ressourcen\/was-die-bibel-lehrt\/was-die-bibel-lehrt-die-gemeinde\/#breadcrumb\"},\"inLanguage\":\"de\",\"potentialAction\":[{\"@type\":\"ReadAction\",\"target\":[\"https:\/\/bbn1.bbnradio.org\/german\/ressourcen\/was-die-bibel-lehrt\/was-die-bibel-lehrt-die-gemeinde\/\"]}]},{\"@type\":\"BreadcrumbList\",\"@id\":\"https:\/\/bbn1.bbnradio.org\/german\/ressourcen\/was-die-bibel-lehrt\/was-die-bibel-lehrt-die-gemeinde\/#breadcrumb\",\"itemListElement\":[{\"@type\":\"ListItem\",\"position\":1,\"name\":\"Home\",\"item\":\"https:\/\/bbn1.bbnradio.org\/german\/home\/\"},{\"@type\":\"ListItem\",\"position\":2,\"name\":\"Ressourcen\",\"item\":\"https:\/\/bbn1.bbnradio.org\/german\/ressourcen\/\"},{\"@type\":\"ListItem\",\"position\":3,\"name\":\"Was die Bibel lehrt\",\"item\":\"https:\/\/bbn1.bbnradio.org\/german\/ressourcen\/was-die-bibel-lehrt\/\"},{\"@type\":\"ListItem\",\"position\":4,\"name\":\"Was die Bibel lehrt &#8211; DIE GEMEINDE\"}]},{\"@type\":\"WebSite\",\"@id\":\"https:\/\/bbn1.bbnradio.org\/german\/#website\",\"url\":\"https:\/\/bbn1.bbnradio.org\/german\/\",\"name\":\"BBN\",\"description\":\"BBN\",\"potentialAction\":[{\"@type\":\"SearchAction\",\"target\":{\"@type\":\"EntryPoint\",\"urlTemplate\":\"https:\/\/bbn1.bbnradio.org\/german\/?s={search_term_string}\"},\"query-input\":{\"@type\":\"PropertyValueSpecification\",\"valueRequired\":true,\"valueName\":\"search_term_string\"}}],\"inLanguage\":\"de\"}]}<\/script>\n<!-- \/ Yoast SEO Premium plugin. -->","yoast_head_json":{"title":"Was die Bibel lehrt - DIE GEMEINDE - BBN","robots":{"index":"index","follow":"follow","max-snippet":"max-snippet:-1","max-image-preview":"max-image-preview:large","max-video-preview":"max-video-preview:-1"},"canonical":"https:\/\/bbn1.bbnradio.org\/german\/ressourcen\/was-die-bibel-lehrt\/was-die-bibel-lehrt-die-gemeinde\/","og_locale":"de_DE","og_type":"article","og_title":"Was die Bibel lehrt - DIE GEMEINDE","og_description":"DIE GEMEINDE (Anmerkung des \u00dcbersetzers: F\u00fcr den englischen Begriff \u201eChurch\u201c stehen die beiden deutschen Bezeichnungen \u201eGemeinde\u201c und \u201eKirche\u201c, die jedoch nicht in jeder Hinsicht bedeutungsgleich sind. Als \u00dcberschrift f\u00fcr dieses Kapitel wurde \u201eDie Gemeinde\u201c gew\u00e4hlt; im Text selbst werden beide Begriffe verwendet.) Die Gemeinde muss aus zwei Blickwinkeln betrachtet werden. Sie ist kein stofflicher, sondern [&hellip;]","og_url":"https:\/\/bbn1.bbnradio.org\/german\/ressourcen\/was-die-bibel-lehrt\/was-die-bibel-lehrt-die-gemeinde\/","og_site_name":"BBN","article_publisher":"https:\/\/www.facebook.com\/BBNGerman\/","article_modified_time":"2019-02-07T19:40:35+00:00","twitter_card":"summary_large_image","twitter_site":"@BBNDeutsch","twitter_misc":{"Gesch\u00e4tzte Lesezeit":"2\u00a0Minuten"},"schema":{"@context":"https:\/\/schema.org","@graph":[{"@type":"WebPage","@id":"https:\/\/bbn1.bbnradio.org\/german\/ressourcen\/was-die-bibel-lehrt\/was-die-bibel-lehrt-die-gemeinde\/","url":"https:\/\/bbn1.bbnradio.org\/german\/ressourcen\/was-die-bibel-lehrt\/was-die-bibel-lehrt-die-gemeinde\/","name":"Was die Bibel lehrt - DIE GEMEINDE - BBN","isPartOf":{"@id":"https:\/\/bbn1.bbnradio.org\/german\/#website"},"datePublished":"2016-04-04T20:17:40+00:00","dateModified":"2019-02-07T19:40:35+00:00","breadcrumb":{"@id":"https:\/\/bbn1.bbnradio.org\/german\/ressourcen\/was-die-bibel-lehrt\/was-die-bibel-lehrt-die-gemeinde\/#breadcrumb"},"inLanguage":"de","potentialAction":[{"@type":"ReadAction","target":["https:\/\/bbn1.bbnradio.org\/german\/ressourcen\/was-die-bibel-lehrt\/was-die-bibel-lehrt-die-gemeinde\/"]}]},{"@type":"BreadcrumbList","@id":"https:\/\/bbn1.bbnradio.org\/german\/ressourcen\/was-die-bibel-lehrt\/was-die-bibel-lehrt-die-gemeinde\/#breadcrumb","itemListElement":[{"@type":"ListItem","position":1,"name":"Home","item":"https:\/\/bbn1.bbnradio.org\/german\/home\/"},{"@type":"ListItem","position":2,"name":"Ressourcen","item":"https:\/\/bbn1.bbnradio.org\/german\/ressourcen\/"},{"@type":"ListItem","position":3,"name":"Was die Bibel lehrt","item":"https:\/\/bbn1.bbnradio.org\/german\/ressourcen\/was-die-bibel-lehrt\/"},{"@type":"ListItem","position":4,"name":"Was die Bibel lehrt &#8211; DIE GEMEINDE"}]},{"@type":"WebSite","@id":"https:\/\/bbn1.bbnradio.org\/german\/#website","url":"https:\/\/bbn1.bbnradio.org\/german\/","name":"BBN","description":"BBN","potentialAction":[{"@type":"SearchAction","target":{"@type":"EntryPoint","urlTemplate":"https:\/\/bbn1.bbnradio.org\/german\/?s={search_term_string}"},"query-input":{"@type":"PropertyValueSpecification","valueRequired":true,"valueName":"search_term_string"}}],"inLanguage":"de"}]}},"jetpack_sharing_enabled":true,"jetpack_shortlink":"https:\/\/wp.me\/PgZlJB-1Yy","_links":{"self":[{"href":"https:\/\/bbn1.bbnradio.org\/german\/wp-json\/wp\/v2\/pages\/7598","targetHints":{"allow":["GET"]}}],"collection":[{"href":"https:\/\/bbn1.bbnradio.org\/german\/wp-json\/wp\/v2\/pages"}],"about":[{"href":"https:\/\/bbn1.bbnradio.org\/german\/wp-json\/wp\/v2\/types\/page"}],"author":[{"embeddable":true,"href":"https:\/\/bbn1.bbnradio.org\/german\/wp-json\/wp\/v2\/users\/27"}],"replies":[{"embeddable":true,"href":"https:\/\/bbn1.bbnradio.org\/german\/wp-json\/wp\/v2\/comments?post=7598"}],"version-history":[{"count":3,"href":"https:\/\/bbn1.bbnradio.org\/german\/wp-json\/wp\/v2\/pages\/7598\/revisions"}],"predecessor-version":[{"id":13582,"href":"https:\/\/bbn1.bbnradio.org\/german\/wp-json\/wp\/v2\/pages\/7598\/revisions\/13582"}],"up":[{"embeddable":true,"href":"https:\/\/bbn1.bbnradio.org\/german\/wp-json\/wp\/v2\/pages\/5034"}],"wp:attachment":[{"href":"https:\/\/bbn1.bbnradio.org\/german\/wp-json\/wp\/v2\/media?parent=7598"}],"wp:term":[{"taxonomy":"category","embeddable":true,"href":"https:\/\/bbn1.bbnradio.org\/german\/wp-json\/wp\/v2\/categories?post=7598"},{"taxonomy":"post_tag","embeddable":true,"href":"https:\/\/bbn1.bbnradio.org\/german\/wp-json\/wp\/v2\/tags?post=7598"}],"curies":[{"name":"wp","href":"https:\/\/api.w.org\/{rel}","templated":true}]}}