{"id":7600,"date":"2016-04-04T16:18:36","date_gmt":"2016-04-04T20:18:36","guid":{"rendered":"https:\/\/bbn1.bbnradio.org\/english\/?page_id=7600"},"modified":"2019-02-07T14:48:56","modified_gmt":"2019-02-07T19:48:56","slug":"was-die-bibel-lehrt-tod","status":"publish","type":"page","link":"https:\/\/bbn1.bbnradio.org\/german\/ressourcen\/was-die-bibel-lehrt\/was-die-bibel-lehrt-tod\/","title":{"rendered":"Was die Bibel lehrt &#8211; TOD"},"content":{"rendered":"<p><strong>TOD<\/strong><\/p>\n<p>Der Mensch hat sich stets f\u00fcr die Zukunft interessiert. Es gibt einen generellen und einen historischen Glauben an das Leben nach dem Tod. Bestimmte Rituale legen auf der ganzen Welt Zeugnis davon ab, dass der Mensch im Grunde nicht glaubt, dass mit dem Tod alles aus sei. H\u00e4ufig gestellte Fragen sind hier unter anderem: Wo sind die Toten? Gibt es so etwas wie das Paradies? Gibt es einen Ort der Qualen? Wie sieht er aus?<\/p>\n<p>Zun\u00e4chst wollen wir auf den Menschen eingehen. Dieser ist eine aus drei Teilen &#8211; Leib, Seele und Geist (1. Thessalonicher 5,23) &#8211; bestehende Ganzheit. Der erste Teil ist stofflich, die beiden anderen unstofflich. Mit dem Geist kann der Mensch Gott erkennen, mit der Seele sich selbst und mit dem Leib die Welt. Nur Gottes Wort vermag Seele und Geist zu scheiden (Hebr\u00e4er 4,12).<\/p>\n<p>Wenn wir sterben, verlassen Seele und Geist den K\u00f6rper. Der K\u00f6rper wird ins Grab gelegt. Bei Gl\u00e4ubigen wird der Leib als \u201eschlafend\u201c beschrieben (Apostelgeschichte 7,59.60), w\u00e4hrend vom K\u00f6rper eines Ungl\u00e4ubigen als tot gesprochen wird. Die Seele und der Geist schlafen nie. Wenn der Verstorbene gerettet war, gehen Geist und Seele an einen Ort der Freude und des Gl\u00fccks \u2013 in den Himmel (2. Korinther 5,8; Philipper 1,21-23). War der Verstorbene nicht gerettet, gehen Geist und Seele an einen Ort des Leids und der Bestrafung \u2013 in die H\u00f6lle. In Lukas 16,19-31 lehrt unser Herr klar und deutlich, dass die Verstorbenen bei Bewusstsein sind.<\/p>\n<p>Tod ist kein Seelenschlaf. Das Wort, das in der Schrift f\u00fcr den Zustand der Toten in Christus gebraucht wird, ist \u201eRuhe\u201c, doch nicht im Sinne von \u201eBewusstlosigkeit\u201c. Der Leib mag sterben, aber die Seele und der Geist sind bei vollem Bewusstsein und sterben nimmer. Tod in der Bibel meint immer Trennung. Der physische Tod ist die Trennung von Seele und Geist vom K\u00f6rper. Geistlicher Tod bedeutet ewiges Getrenntsein von Gott.<\/p>\n<p>Wichtig ist das Verst\u00e4ndnis, dass wir nicht ein Leib sind, der mit Seele und Geist ausgestattet ist; vielmehr sind wir Seele und Geist \u2013 mit einem K\u00f6rper. Tod bedeutet also ganz einfach: ich habe meinen K\u00f6rper verlassen.<\/p>\n<!-- AddThis Advanced Settings generic via filter on the_content --><!-- AddThis Share Buttons generic via filter on the_content -->","protected":false},"excerpt":{"rendered":"<p>TOD Der Mensch hat sich stets f\u00fcr die Zukunft interessiert. Es gibt einen generellen und einen historischen Glauben an das Leben nach dem Tod. Bestimmte Rituale legen auf der ganzen Welt Zeugnis davon ab, dass der Mensch im Grunde nicht glaubt, dass mit dem Tod alles aus sei. H\u00e4ufig gestellte Fragen sind hier unter anderem: [&hellip;]<!-- AddThis Advanced Settings generic via filter on get_the_excerpt --><!-- AddThis Share Buttons generic via filter on get_the_excerpt --><\/p>\n","protected":false},"author":27,"featured_media":0,"parent":5034,"menu_order":0,"comment_status":"closed","ping_status":"closed","template":"","meta":{"footnotes":""},"categories":[],"tags":[],"class_list":["post-7600","page","type-page","status-publish","hentry"],"yoast_head":"<!-- This site is optimized with the Yoast SEO Premium plugin v24.8 (Yoast SEO v24.8.1) - https:\/\/yoast.com\/wordpress\/plugins\/seo\/ -->\n<title>Was die Bibel lehrt - TOD - BBN<\/title>\n<meta name=\"robots\" content=\"index, follow, max-snippet:-1, max-image-preview:large, max-video-preview:-1\" \/>\n<link rel=\"canonical\" href=\"https:\/\/bbn1.bbnradio.org\/german\/ressourcen\/was-die-bibel-lehrt\/was-die-bibel-lehrt-tod\/\" \/>\n<meta property=\"og:locale\" content=\"de_DE\" \/>\n<meta property=\"og:type\" content=\"article\" \/>\n<meta property=\"og:title\" content=\"Was die Bibel lehrt - TOD\" \/>\n<meta property=\"og:description\" content=\"TOD Der Mensch hat sich stets f\u00fcr die Zukunft interessiert. Es gibt einen generellen und einen historischen Glauben an das Leben nach dem Tod. Bestimmte Rituale legen auf der ganzen Welt Zeugnis davon ab, dass der Mensch im Grunde nicht glaubt, dass mit dem Tod alles aus sei. H\u00e4ufig gestellte Fragen sind hier unter anderem: [&hellip;]\" \/>\n<meta property=\"og:url\" content=\"https:\/\/bbn1.bbnradio.org\/german\/ressourcen\/was-die-bibel-lehrt\/was-die-bibel-lehrt-tod\/\" \/>\n<meta property=\"og:site_name\" content=\"BBN\" \/>\n<meta property=\"article:publisher\" content=\"https:\/\/www.facebook.com\/BBNGerman\/\" \/>\n<meta property=\"article:modified_time\" content=\"2019-02-07T19:48:56+00:00\" \/>\n<meta name=\"twitter:card\" content=\"summary_large_image\" \/>\n<meta name=\"twitter:site\" content=\"@BBNDeutsch\" \/>\n<meta name=\"twitter:label1\" content=\"Gesch\u00e4tzte Lesezeit\" \/>\n\t<meta name=\"twitter:data1\" content=\"2\u00a0Minuten\" \/>\n<script type=\"application\/ld+json\" class=\"yoast-schema-graph\">{\"@context\":\"https:\/\/schema.org\",\"@graph\":[{\"@type\":\"WebPage\",\"@id\":\"https:\/\/bbn1.bbnradio.org\/german\/ressourcen\/was-die-bibel-lehrt\/was-die-bibel-lehrt-tod\/\",\"url\":\"https:\/\/bbn1.bbnradio.org\/german\/ressourcen\/was-die-bibel-lehrt\/was-die-bibel-lehrt-tod\/\",\"name\":\"Was die Bibel lehrt - TOD - BBN\",\"isPartOf\":{\"@id\":\"https:\/\/bbn1.bbnradio.org\/german\/#website\"},\"datePublished\":\"2016-04-04T20:18:36+00:00\",\"dateModified\":\"2019-02-07T19:48:56+00:00\",\"breadcrumb\":{\"@id\":\"https:\/\/bbn1.bbnradio.org\/german\/ressourcen\/was-die-bibel-lehrt\/was-die-bibel-lehrt-tod\/#breadcrumb\"},\"inLanguage\":\"de\",\"potentialAction\":[{\"@type\":\"ReadAction\",\"target\":[\"https:\/\/bbn1.bbnradio.org\/german\/ressourcen\/was-die-bibel-lehrt\/was-die-bibel-lehrt-tod\/\"]}]},{\"@type\":\"BreadcrumbList\",\"@id\":\"https:\/\/bbn1.bbnradio.org\/german\/ressourcen\/was-die-bibel-lehrt\/was-die-bibel-lehrt-tod\/#breadcrumb\",\"itemListElement\":[{\"@type\":\"ListItem\",\"position\":1,\"name\":\"Home\",\"item\":\"https:\/\/bbn1.bbnradio.org\/german\/home\/\"},{\"@type\":\"ListItem\",\"position\":2,\"name\":\"Ressourcen\",\"item\":\"https:\/\/bbn1.bbnradio.org\/german\/ressourcen\/\"},{\"@type\":\"ListItem\",\"position\":3,\"name\":\"Was die Bibel lehrt\",\"item\":\"https:\/\/bbn1.bbnradio.org\/german\/ressourcen\/was-die-bibel-lehrt\/\"},{\"@type\":\"ListItem\",\"position\":4,\"name\":\"Was die Bibel lehrt &#8211; TOD\"}]},{\"@type\":\"WebSite\",\"@id\":\"https:\/\/bbn1.bbnradio.org\/german\/#website\",\"url\":\"https:\/\/bbn1.bbnradio.org\/german\/\",\"name\":\"BBN\",\"description\":\"BBN\",\"potentialAction\":[{\"@type\":\"SearchAction\",\"target\":{\"@type\":\"EntryPoint\",\"urlTemplate\":\"https:\/\/bbn1.bbnradio.org\/german\/?s={search_term_string}\"},\"query-input\":{\"@type\":\"PropertyValueSpecification\",\"valueRequired\":true,\"valueName\":\"search_term_string\"}}],\"inLanguage\":\"de\"}]}<\/script>\n<!-- \/ Yoast SEO Premium plugin. -->","yoast_head_json":{"title":"Was die Bibel lehrt - TOD - BBN","robots":{"index":"index","follow":"follow","max-snippet":"max-snippet:-1","max-image-preview":"max-image-preview:large","max-video-preview":"max-video-preview:-1"},"canonical":"https:\/\/bbn1.bbnradio.org\/german\/ressourcen\/was-die-bibel-lehrt\/was-die-bibel-lehrt-tod\/","og_locale":"de_DE","og_type":"article","og_title":"Was die Bibel lehrt - TOD","og_description":"TOD Der Mensch hat sich stets f\u00fcr die Zukunft interessiert. Es gibt einen generellen und einen historischen Glauben an das Leben nach dem Tod. Bestimmte Rituale legen auf der ganzen Welt Zeugnis davon ab, dass der Mensch im Grunde nicht glaubt, dass mit dem Tod alles aus sei. H\u00e4ufig gestellte Fragen sind hier unter anderem: [&hellip;]","og_url":"https:\/\/bbn1.bbnradio.org\/german\/ressourcen\/was-die-bibel-lehrt\/was-die-bibel-lehrt-tod\/","og_site_name":"BBN","article_publisher":"https:\/\/www.facebook.com\/BBNGerman\/","article_modified_time":"2019-02-07T19:48:56+00:00","twitter_card":"summary_large_image","twitter_site":"@BBNDeutsch","twitter_misc":{"Gesch\u00e4tzte Lesezeit":"2\u00a0Minuten"},"schema":{"@context":"https:\/\/schema.org","@graph":[{"@type":"WebPage","@id":"https:\/\/bbn1.bbnradio.org\/german\/ressourcen\/was-die-bibel-lehrt\/was-die-bibel-lehrt-tod\/","url":"https:\/\/bbn1.bbnradio.org\/german\/ressourcen\/was-die-bibel-lehrt\/was-die-bibel-lehrt-tod\/","name":"Was die Bibel lehrt - TOD - BBN","isPartOf":{"@id":"https:\/\/bbn1.bbnradio.org\/german\/#website"},"datePublished":"2016-04-04T20:18:36+00:00","dateModified":"2019-02-07T19:48:56+00:00","breadcrumb":{"@id":"https:\/\/bbn1.bbnradio.org\/german\/ressourcen\/was-die-bibel-lehrt\/was-die-bibel-lehrt-tod\/#breadcrumb"},"inLanguage":"de","potentialAction":[{"@type":"ReadAction","target":["https:\/\/bbn1.bbnradio.org\/german\/ressourcen\/was-die-bibel-lehrt\/was-die-bibel-lehrt-tod\/"]}]},{"@type":"BreadcrumbList","@id":"https:\/\/bbn1.bbnradio.org\/german\/ressourcen\/was-die-bibel-lehrt\/was-die-bibel-lehrt-tod\/#breadcrumb","itemListElement":[{"@type":"ListItem","position":1,"name":"Home","item":"https:\/\/bbn1.bbnradio.org\/german\/home\/"},{"@type":"ListItem","position":2,"name":"Ressourcen","item":"https:\/\/bbn1.bbnradio.org\/german\/ressourcen\/"},{"@type":"ListItem","position":3,"name":"Was die Bibel lehrt","item":"https:\/\/bbn1.bbnradio.org\/german\/ressourcen\/was-die-bibel-lehrt\/"},{"@type":"ListItem","position":4,"name":"Was die Bibel lehrt &#8211; TOD"}]},{"@type":"WebSite","@id":"https:\/\/bbn1.bbnradio.org\/german\/#website","url":"https:\/\/bbn1.bbnradio.org\/german\/","name":"BBN","description":"BBN","potentialAction":[{"@type":"SearchAction","target":{"@type":"EntryPoint","urlTemplate":"https:\/\/bbn1.bbnradio.org\/german\/?s={search_term_string}"},"query-input":{"@type":"PropertyValueSpecification","valueRequired":true,"valueName":"search_term_string"}}],"inLanguage":"de"}]}},"jetpack_sharing_enabled":true,"jetpack_shortlink":"https:\/\/wp.me\/PgZlJB-1YA","_links":{"self":[{"href":"https:\/\/bbn1.bbnradio.org\/german\/wp-json\/wp\/v2\/pages\/7600","targetHints":{"allow":["GET"]}}],"collection":[{"href":"https:\/\/bbn1.bbnradio.org\/german\/wp-json\/wp\/v2\/pages"}],"about":[{"href":"https:\/\/bbn1.bbnradio.org\/german\/wp-json\/wp\/v2\/types\/page"}],"author":[{"embeddable":true,"href":"https:\/\/bbn1.bbnradio.org\/german\/wp-json\/wp\/v2\/users\/27"}],"replies":[{"embeddable":true,"href":"https:\/\/bbn1.bbnradio.org\/german\/wp-json\/wp\/v2\/comments?post=7600"}],"version-history":[{"count":2,"href":"https:\/\/bbn1.bbnradio.org\/german\/wp-json\/wp\/v2\/pages\/7600\/revisions"}],"predecessor-version":[{"id":13587,"href":"https:\/\/bbn1.bbnradio.org\/german\/wp-json\/wp\/v2\/pages\/7600\/revisions\/13587"}],"up":[{"embeddable":true,"href":"https:\/\/bbn1.bbnradio.org\/german\/wp-json\/wp\/v2\/pages\/5034"}],"wp:attachment":[{"href":"https:\/\/bbn1.bbnradio.org\/german\/wp-json\/wp\/v2\/media?parent=7600"}],"wp:term":[{"taxonomy":"category","embeddable":true,"href":"https:\/\/bbn1.bbnradio.org\/german\/wp-json\/wp\/v2\/categories?post=7600"},{"taxonomy":"post_tag","embeddable":true,"href":"https:\/\/bbn1.bbnradio.org\/german\/wp-json\/wp\/v2\/tags?post=7600"}],"curies":[{"name":"wp","href":"https:\/\/api.w.org\/{rel}","templated":true}]}}