{"id":7610,"date":"2016-04-04T16:23:20","date_gmt":"2016-04-04T20:23:20","guid":{"rendered":"https:\/\/bbn1.bbnradio.org\/english\/?page_id=7610"},"modified":"2020-02-25T14:26:58","modified_gmt":"2020-02-25T19:26:58","slug":"was-die-bibel-lehrt-sieg-ueber-versuchung","status":"publish","type":"page","link":"https:\/\/bbn1.bbnradio.org\/german\/ressourcen\/was-die-bibel-lehrt\/was-die-bibel-lehrt-sieg-ueber-versuchung\/","title":{"rendered":"Was die Bibel lehrt &#8211; SIEG \u00dcBER VERSUCHUNG"},"content":{"rendered":"<p><strong>SIEG \u00dcBER VERSUCHUNG<\/strong><\/p>\n<p>Wie kann ein Christ s\u00fcndiger Versuchung widerstehen? Wenn ein Mensch gerettet ist, beginnt ein gro\u00dfer Kampf. Der \u201ealte Mensch\u201c ist noch da, die s\u00fcndige Natur Adams, die st\u00e4ndig versucht, ihn in S\u00fcnde zu ziehen. Aber der Gl\u00e4ubige hat auch bereits die neue Natur, das Leben aus Gott, das die S\u00fcnde hasst und tun m\u00f6chte, was recht ist. Die beiden Naturen stehen st\u00e4ndig miteinander im Widerstreit. Die Frage ist, welche gewinnen wird. Die Antwort lautet: die, die ich n\u00e4hre (Galater 5,16.17; R\u00f6mer 8,5-8).<\/p>\n<p>Die alte Natur ist unheilbar schlecht. Sie kann nicht verbessert werden, und sie wird nicht weggenommen, bis der Christ daheim im Himmel ist. Gott verdammte die alte Natur, als Christus am Kreuz starb, und er will, dass Christen ihre alte Natur so halten, als sei sie bereits tot. Hegen und n\u00e4hren Sie also nicht diese alte Natur! Geben Sie ihr keine Chance mehr! (R\u00f6mer 13,14).<\/p>\n<p>Die neue Natur regt den Christen dazu an, Gutes zu tun. Diese Natur gilt es zu st\u00e4rken und zu n\u00e4hren. So soll der Christ der Versuchung widerstehen, indem er \u201enein\u201c sagt zur Welt, dem Fleisch und dem Teufel. Zugleich muss er das neue Leben in sich n\u00e4hren. Die nachstehenden praktischen Hinweise sollen hierzu eine Hilfe sein:<\/p>\n<p><strong>A.<\/strong> Lesen Sie die Bibel! Studieren Sie sie! Lernen Sie das Wort auswendig! Sinnen Sie dar\u00fcber nach! Seien Sie dem Wort gehorsam! (Psalm 119,9.11).<\/p>\n<p>Hierdurch lernen wir, dass das Wort Gottes uns davor bewahren will, in S\u00fcnde zu fallen. Planen Sie daher f\u00fcr jeden Tag eine bestimmte Zeit ein, um Gottes Wort zu lesen (Kolosser 3,16).<\/p>\n<p><strong>B.<\/strong> Beten Sie ohne Unterlass!<\/p>\n<p>Wenn Sie in Versuchung geraten, bitten Sie Gott um Hilfe (Hebr\u00e4er 4,15.16). Er gibt Ihnen Kraft zum \u00dcberwinden (1. Korinther 10,13). Wenn Sie mit ihrer eigenen Kraft Widerstand leisten wollen, werden Sie zweifelsohne scheitern.<\/p>\n<p><strong>C.<\/strong> Suchen sie die Gemeinschaft mit anderen Gl\u00e4ubigen und nicht mit Ungl\u00e4ubigen! (Spr\u00fcche 1,10-16; Hebr\u00e4er 10,24.25).<\/p>\n<p>Es ist kaum zu vermeiden, mit Ungl\u00e4ubigen zusammen zu arbeiten und zu leben, und in diesen F\u00e4llen sollen wir ihnen durch unser Leben und Reden ein Zeugnis sein. Aber wir sollten uns nicht auf ihre weltlichen Vergn\u00fcgungen und Am\u00fcsements einlassen (Epheser 5,11).<\/p>\n<p><strong>D.<\/strong> Bekennen Sie unverz\u00fcglich Ihre S\u00fcnden! (1. Johannes 1,9).<\/p>\n<p>Sobald Ihnen bewusst wird, dass Sie Ihren himmlischen Vater durch s\u00fcndige Gedanken, Worte oder Taten betr\u00fcbt haben, bitten Sie sofort um Vergebung. Warten Sie nicht bis zum Abend oder bis zum Ende der Woche (Spr\u00fcche 28,13).<\/p>\n<p><strong>E. <\/strong>Seien Sie f\u00fcr den Herrn t\u00e4tig!<\/p>\n<p>Es hat jemand gesagt, dass unt\u00e4tige H\u00e4nde die Werkstatt des Teufels sind. Stellen Sie sich f\u00fcr den Dienst des Herrn zur Verf\u00fcgung! (R\u00f6mer 6,19). Es gibt viel zu tun, und wir dienen dem besten aller Herren.<\/p>\n<p><strong>F. <\/strong>Treiben Sie Sport!<\/p>\n<p>K\u00f6rperliche Bet\u00e4tigung hat ihren Stellenwert (1. Timotheus 4,8). Da der K\u00f6rper des Gl\u00e4ubigen ein Tempel des Heiligen Geistes ist, sollte er auf rechte Weise gesund und kr\u00e4ftig erhalten werden. Doch soll Sport nie \u00fcber geistlichen Belangen stehen (1. Korinther 6,19.20).<\/p>\n<p><strong>G. <\/strong>Hungern Sie die alte Natur aus!<\/p>\n<p>Seien Sie achtsam in der Wahl dessen, was Sie lesen, sich anschauen, wohin Sie gehen und was Sie sich anh\u00f6ren (Kolosser 3,5-9).<\/p>\n<p><strong>H. <\/strong>Ern\u00e4hren sie die neue Natur!<\/p>\n<p>Befassen Sie sich intensiv mit Christus! Wenn Sie an ihn denken, dann k\u00f6nnen Sie nicht an S\u00fcnde denken (Kolosser 3,10-14). Das ist schlicht und einfach das Geheimnis eines heiligen Lebens: die Besch\u00e4ftigung mit Christus. Es ist eine unumst\u00f6\u00dfliche Lebensregel, dass wir dem, das wir verehren, gleich werden. 2. Korinther 3,18 zeigt uns, dass wir dem Herrn Jesus immer \u00e4hnlicher werden, wenn wir ihn im Spiegel seines Wortes anschauen. Der Heilige Geist, der in uns wohnt, gestaltet uns in sein Bild und Wesen um. Die Besch\u00e4ftigung mit anderen Dingen lenkt vom Wesentlichen ab. Die Besch\u00e4ftigung mit sich selbst bereitet Verdruss. Die Besch\u00e4ftigung mit Christus bringt Freude.<\/p>\n<p><strong>I.<\/strong> Noch ein letztes Wort: Aus dem Obengesagten geht hervor, dass die Erl\u00f6sung von der Versuchung nicht ein f\u00fcr alle Mal geschieht, sondern ein kontinuierlicher Prozess der Abh\u00e4ngigkeit von Gott ist. Wie alt wir auch werden oder wie viel wir von der Bibel lernen m\u00f6gen, wir stehen nach wie vor in der Gefahr, Versuchungen nachzugeben, wenn wir unsere Augen vom Herrn abwenden. Ein sehr frommer Mann betete regelm\u00e4\u00dfig darum, dass Gott ihn davor bewahren m\u00f6ge, als s\u00fcndhafter alter Mann zu sterben. Uns allen tut dasselbe Gebet not (Kolosser 3,1-4).<\/p>\n<!-- AddThis Advanced Settings generic via filter on the_content --><!-- AddThis Share Buttons generic via filter on the_content -->","protected":false},"excerpt":{"rendered":"<p>SIEG \u00dcBER VERSUCHUNG Wie kann ein Christ s\u00fcndiger Versuchung widerstehen? Wenn ein Mensch gerettet ist, beginnt ein gro\u00dfer Kampf. Der \u201ealte Mensch\u201c ist noch da, die s\u00fcndige Natur Adams, die st\u00e4ndig versucht, ihn in S\u00fcnde zu ziehen. Aber der Gl\u00e4ubige hat auch bereits die neue Natur, das Leben aus Gott, das die S\u00fcnde hasst und [&hellip;]<!-- AddThis Advanced Settings generic via filter on get_the_excerpt --><!-- AddThis Share Buttons generic via filter on get_the_excerpt --><\/p>\n","protected":false},"author":27,"featured_media":0,"parent":5034,"menu_order":0,"comment_status":"closed","ping_status":"closed","template":"","meta":{"footnotes":""},"categories":[],"tags":[],"class_list":["post-7610","page","type-page","status-publish","hentry"],"yoast_head":"<!-- This site is optimized with the Yoast SEO Premium plugin v24.8 (Yoast SEO v24.8.1) - https:\/\/yoast.com\/wordpress\/plugins\/seo\/ -->\n<title>Was die Bibel lehrt - SIEG \u00dcBER VERSUCHUNG - BBN<\/title>\n<meta name=\"robots\" content=\"index, follow, max-snippet:-1, max-image-preview:large, max-video-preview:-1\" \/>\n<link rel=\"canonical\" href=\"https:\/\/bbn1.bbnradio.org\/german\/ressourcen\/was-die-bibel-lehrt\/was-die-bibel-lehrt-sieg-ueber-versuchung\/\" \/>\n<meta property=\"og:locale\" content=\"de_DE\" \/>\n<meta property=\"og:type\" content=\"article\" \/>\n<meta property=\"og:title\" content=\"Was die Bibel lehrt - SIEG \u00dcBER VERSUCHUNG\" \/>\n<meta property=\"og:description\" content=\"SIEG \u00dcBER VERSUCHUNG Wie kann ein Christ s\u00fcndiger Versuchung widerstehen? Wenn ein Mensch gerettet ist, beginnt ein gro\u00dfer Kampf. Der \u201ealte Mensch\u201c ist noch da, die s\u00fcndige Natur Adams, die st\u00e4ndig versucht, ihn in S\u00fcnde zu ziehen. Aber der Gl\u00e4ubige hat auch bereits die neue Natur, das Leben aus Gott, das die S\u00fcnde hasst und [&hellip;]\" \/>\n<meta property=\"og:url\" content=\"https:\/\/bbn1.bbnradio.org\/german\/ressourcen\/was-die-bibel-lehrt\/was-die-bibel-lehrt-sieg-ueber-versuchung\/\" \/>\n<meta property=\"og:site_name\" content=\"BBN\" \/>\n<meta property=\"article:publisher\" content=\"https:\/\/www.facebook.com\/BBNGerman\/\" \/>\n<meta property=\"article:modified_time\" content=\"2020-02-25T19:26:58+00:00\" \/>\n<meta name=\"twitter:card\" content=\"summary_large_image\" \/>\n<meta name=\"twitter:site\" content=\"@BBNDeutsch\" \/>\n<meta name=\"twitter:label1\" content=\"Gesch\u00e4tzte Lesezeit\" \/>\n\t<meta name=\"twitter:data1\" content=\"4\u00a0Minuten\" \/>\n<script type=\"application\/ld+json\" class=\"yoast-schema-graph\">{\"@context\":\"https:\/\/schema.org\",\"@graph\":[{\"@type\":\"WebPage\",\"@id\":\"https:\/\/bbn1.bbnradio.org\/german\/ressourcen\/was-die-bibel-lehrt\/was-die-bibel-lehrt-sieg-ueber-versuchung\/\",\"url\":\"https:\/\/bbn1.bbnradio.org\/german\/ressourcen\/was-die-bibel-lehrt\/was-die-bibel-lehrt-sieg-ueber-versuchung\/\",\"name\":\"Was die Bibel lehrt - SIEG \u00dcBER VERSUCHUNG - BBN\",\"isPartOf\":{\"@id\":\"https:\/\/bbn1.bbnradio.org\/german\/#website\"},\"datePublished\":\"2016-04-04T20:23:20+00:00\",\"dateModified\":\"2020-02-25T19:26:58+00:00\",\"breadcrumb\":{\"@id\":\"https:\/\/bbn1.bbnradio.org\/german\/ressourcen\/was-die-bibel-lehrt\/was-die-bibel-lehrt-sieg-ueber-versuchung\/#breadcrumb\"},\"inLanguage\":\"de\",\"potentialAction\":[{\"@type\":\"ReadAction\",\"target\":[\"https:\/\/bbn1.bbnradio.org\/german\/ressourcen\/was-die-bibel-lehrt\/was-die-bibel-lehrt-sieg-ueber-versuchung\/\"]}]},{\"@type\":\"BreadcrumbList\",\"@id\":\"https:\/\/bbn1.bbnradio.org\/german\/ressourcen\/was-die-bibel-lehrt\/was-die-bibel-lehrt-sieg-ueber-versuchung\/#breadcrumb\",\"itemListElement\":[{\"@type\":\"ListItem\",\"position\":1,\"name\":\"Home\",\"item\":\"https:\/\/bbn1.bbnradio.org\/german\/home\/\"},{\"@type\":\"ListItem\",\"position\":2,\"name\":\"Ressourcen\",\"item\":\"https:\/\/bbn1.bbnradio.org\/german\/ressourcen\/\"},{\"@type\":\"ListItem\",\"position\":3,\"name\":\"Was die Bibel lehrt\",\"item\":\"https:\/\/bbn1.bbnradio.org\/german\/ressourcen\/was-die-bibel-lehrt\/\"},{\"@type\":\"ListItem\",\"position\":4,\"name\":\"Was die Bibel lehrt &#8211; SIEG \u00dcBER VERSUCHUNG\"}]},{\"@type\":\"WebSite\",\"@id\":\"https:\/\/bbn1.bbnradio.org\/german\/#website\",\"url\":\"https:\/\/bbn1.bbnradio.org\/german\/\",\"name\":\"BBN\",\"description\":\"BBN\",\"potentialAction\":[{\"@type\":\"SearchAction\",\"target\":{\"@type\":\"EntryPoint\",\"urlTemplate\":\"https:\/\/bbn1.bbnradio.org\/german\/?s={search_term_string}\"},\"query-input\":{\"@type\":\"PropertyValueSpecification\",\"valueRequired\":true,\"valueName\":\"search_term_string\"}}],\"inLanguage\":\"de\"}]}<\/script>\n<!-- \/ Yoast SEO Premium plugin. -->","yoast_head_json":{"title":"Was die Bibel lehrt - SIEG \u00dcBER VERSUCHUNG - BBN","robots":{"index":"index","follow":"follow","max-snippet":"max-snippet:-1","max-image-preview":"max-image-preview:large","max-video-preview":"max-video-preview:-1"},"canonical":"https:\/\/bbn1.bbnradio.org\/german\/ressourcen\/was-die-bibel-lehrt\/was-die-bibel-lehrt-sieg-ueber-versuchung\/","og_locale":"de_DE","og_type":"article","og_title":"Was die Bibel lehrt - SIEG \u00dcBER VERSUCHUNG","og_description":"SIEG \u00dcBER VERSUCHUNG Wie kann ein Christ s\u00fcndiger Versuchung widerstehen? Wenn ein Mensch gerettet ist, beginnt ein gro\u00dfer Kampf. Der \u201ealte Mensch\u201c ist noch da, die s\u00fcndige Natur Adams, die st\u00e4ndig versucht, ihn in S\u00fcnde zu ziehen. Aber der Gl\u00e4ubige hat auch bereits die neue Natur, das Leben aus Gott, das die S\u00fcnde hasst und [&hellip;]","og_url":"https:\/\/bbn1.bbnradio.org\/german\/ressourcen\/was-die-bibel-lehrt\/was-die-bibel-lehrt-sieg-ueber-versuchung\/","og_site_name":"BBN","article_publisher":"https:\/\/www.facebook.com\/BBNGerman\/","article_modified_time":"2020-02-25T19:26:58+00:00","twitter_card":"summary_large_image","twitter_site":"@BBNDeutsch","twitter_misc":{"Gesch\u00e4tzte Lesezeit":"4\u00a0Minuten"},"schema":{"@context":"https:\/\/schema.org","@graph":[{"@type":"WebPage","@id":"https:\/\/bbn1.bbnradio.org\/german\/ressourcen\/was-die-bibel-lehrt\/was-die-bibel-lehrt-sieg-ueber-versuchung\/","url":"https:\/\/bbn1.bbnradio.org\/german\/ressourcen\/was-die-bibel-lehrt\/was-die-bibel-lehrt-sieg-ueber-versuchung\/","name":"Was die Bibel lehrt - SIEG \u00dcBER VERSUCHUNG - BBN","isPartOf":{"@id":"https:\/\/bbn1.bbnradio.org\/german\/#website"},"datePublished":"2016-04-04T20:23:20+00:00","dateModified":"2020-02-25T19:26:58+00:00","breadcrumb":{"@id":"https:\/\/bbn1.bbnradio.org\/german\/ressourcen\/was-die-bibel-lehrt\/was-die-bibel-lehrt-sieg-ueber-versuchung\/#breadcrumb"},"inLanguage":"de","potentialAction":[{"@type":"ReadAction","target":["https:\/\/bbn1.bbnradio.org\/german\/ressourcen\/was-die-bibel-lehrt\/was-die-bibel-lehrt-sieg-ueber-versuchung\/"]}]},{"@type":"BreadcrumbList","@id":"https:\/\/bbn1.bbnradio.org\/german\/ressourcen\/was-die-bibel-lehrt\/was-die-bibel-lehrt-sieg-ueber-versuchung\/#breadcrumb","itemListElement":[{"@type":"ListItem","position":1,"name":"Home","item":"https:\/\/bbn1.bbnradio.org\/german\/home\/"},{"@type":"ListItem","position":2,"name":"Ressourcen","item":"https:\/\/bbn1.bbnradio.org\/german\/ressourcen\/"},{"@type":"ListItem","position":3,"name":"Was die Bibel lehrt","item":"https:\/\/bbn1.bbnradio.org\/german\/ressourcen\/was-die-bibel-lehrt\/"},{"@type":"ListItem","position":4,"name":"Was die Bibel lehrt &#8211; SIEG \u00dcBER VERSUCHUNG"}]},{"@type":"WebSite","@id":"https:\/\/bbn1.bbnradio.org\/german\/#website","url":"https:\/\/bbn1.bbnradio.org\/german\/","name":"BBN","description":"BBN","potentialAction":[{"@type":"SearchAction","target":{"@type":"EntryPoint","urlTemplate":"https:\/\/bbn1.bbnradio.org\/german\/?s={search_term_string}"},"query-input":{"@type":"PropertyValueSpecification","valueRequired":true,"valueName":"search_term_string"}}],"inLanguage":"de"}]}},"jetpack_sharing_enabled":true,"jetpack_shortlink":"https:\/\/wp.me\/PgZlJB-1YK","_links":{"self":[{"href":"https:\/\/bbn1.bbnradio.org\/german\/wp-json\/wp\/v2\/pages\/7610","targetHints":{"allow":["GET"]}}],"collection":[{"href":"https:\/\/bbn1.bbnradio.org\/german\/wp-json\/wp\/v2\/pages"}],"about":[{"href":"https:\/\/bbn1.bbnradio.org\/german\/wp-json\/wp\/v2\/types\/page"}],"author":[{"embeddable":true,"href":"https:\/\/bbn1.bbnradio.org\/german\/wp-json\/wp\/v2\/users\/27"}],"replies":[{"embeddable":true,"href":"https:\/\/bbn1.bbnradio.org\/german\/wp-json\/wp\/v2\/comments?post=7610"}],"version-history":[{"count":3,"href":"https:\/\/bbn1.bbnradio.org\/german\/wp-json\/wp\/v2\/pages\/7610\/revisions"}],"predecessor-version":[{"id":15181,"href":"https:\/\/bbn1.bbnradio.org\/german\/wp-json\/wp\/v2\/pages\/7610\/revisions\/15181"}],"up":[{"embeddable":true,"href":"https:\/\/bbn1.bbnradio.org\/german\/wp-json\/wp\/v2\/pages\/5034"}],"wp:attachment":[{"href":"https:\/\/bbn1.bbnradio.org\/german\/wp-json\/wp\/v2\/media?parent=7610"}],"wp:term":[{"taxonomy":"category","embeddable":true,"href":"https:\/\/bbn1.bbnradio.org\/german\/wp-json\/wp\/v2\/categories?post=7610"},{"taxonomy":"post_tag","embeddable":true,"href":"https:\/\/bbn1.bbnradio.org\/german\/wp-json\/wp\/v2\/tags?post=7610"}],"curies":[{"name":"wp","href":"https:\/\/api.w.org\/{rel}","templated":true}]}}