{"id":7618,"date":"2016-04-04T16:27:40","date_gmt":"2016-04-04T20:27:40","guid":{"rendered":"https:\/\/bbn1.bbnradio.org\/english\/?page_id=7618"},"modified":"2019-02-07T14:45:20","modified_gmt":"2019-02-07T19:45:20","slug":"was-die-bibel-lehrt-den-willen-gottes-erkennen","status":"publish","type":"page","link":"https:\/\/bbn1.bbnradio.org\/german\/ressourcen\/was-die-bibel-lehrt\/was-die-bibel-lehrt-den-willen-gottes-erkennen\/","title":{"rendered":"Was die Bibel lehrt &#8211; DEN WILLEN GOTTES ERKENNEN"},"content":{"rendered":"<p><span style=\"font-family: Verdana;font-size: small\"><strong>DEN WILLEN GOTTES ERKENNEN<\/strong><\/span><\/p>\n<p>Wie erkennt ein Christ Gottes Willen f\u00fcr sein Leben? Daran sollte jedem Christen sehr gelegen sein. Wenn wir des Herrn Plan nicht kennen und befolgen, vertun wir unser Leben \u2013 und des Meisters \u201eRecht so\u201c werden wir nicht zu h\u00f6ren bekommen. Die Schrift lehrt sehr nachdr\u00fccklich, dass Gott seinen Willen denen kundtut, die ihn tun wollen (Johannes 7,17). Dies ist ein Vorrecht, das f\u00fcr jeden Gl\u00e4ubigen eine selbstverst\u00e4ndliche Erfahrung sein sollte (R\u00f6mer 12,2).<\/p>\n<p>Ob es um Klarheit f\u00fcr ein akutes Problem oder f\u00fcr eine Lebensentscheidung geht: es sind f\u00fcnf Schritte, die es zu gehen gilt. Diese k\u00f6nnen wir wie folgt zusammenfassen: GIB DICH DEM HERRN HIN!; BEKENNE!; BETE!; STUDIERE DAS WORT!; WARTE!<\/p>\n<p><strong>A.<\/strong> SICH HINGEBEN hei\u00dft so viel, wie sich dem Herrn ganz zu \u00fcberlassen. Es meint, pers\u00f6nliche Hoffnungen, Ambitionen und W\u00fcnsche zur Seite zu legen. Es bedeutet auch, Gottes Weg \u00fcber alles andere zu stellen. Paulus tat dies, als er fragte: \u201eWas willst du, das ich tun soll?\u201c Jesaja handelte ebenso, als er sagte: \u201eHier bin ich; sende mich!\u201c Und in 2. Chronik 17,16 lesen wir von Amasja, \u201eder sich dem Herrn freiwillig zur Verf\u00fcgung gestellt hatte\u201c.<\/p>\n<p><strong>B.<\/strong> BEKENNE! Wenn wir im Zentrum des Willens Gottes leben wollen, dann m\u00fcssen wir alle verborgenen S\u00fcnden bekennen und lassen, denen wir bislang gehuldigt haben. Erinnern wir uns an die Worte des Psalmisten (Psalm 66,18): \u201eWenn ich Unrechtes vorh\u00e4tte in meinem Herzen, so w\u00fcrde der Herr nicht h\u00f6ren.\u201c Wir sollten auch unsere eigene Hilflosigkeit und Unf\u00e4higkeit bekennen und uns ganz auf Seine Kraft verlassen (Psalm 139,23.24). Wir sollen ferner Christus vor den Menschen bekennen (Apostelgeschichte 1,8).<\/p>\n<p><strong>C.<\/strong> BETE! Das hei\u00dft ganz einfach, dass wir regelm\u00e4\u00dfig vor den Herrn kommen und seine Leitung erbitten. Wir sollen ihn beim Wort nehmen und ihn bitten, an uns zu tun, wie er gesagt hat. Unser Gebet sollte stets Gottes Ehre als Hauptziel haben (Kolosser 1,9; 4,12).<\/p>\n<p><strong>D.<\/strong> STUDIERE DAS WORT! Nimm dir Zeit f\u00fcr Gottes Wort. Lies es betend und bitte Gott, zu dir zu sprechen. Lies es langsam, konzentriert und erwartungsvoll (2. Timotheus 3,15).<\/p>\n<p><strong>E.<\/strong> WARTE! Wenn Gott nicht sofort antwortet, dann warte (Psalm 62,5). Wenn du um Weisung gebetet hast, und es kommt keine Antwort, dann will Gott, dass du weiter verharrst. Wenn du dem Herrn wirklich vertraust, dann besteht kein Anlass zu Eile. \u201eWer glaubt, der hastet nicht\u201c (Jesaja 28,16). Gott tut uns seinen Willen auf verschiedene Weise kund. Er mag sich einer einzigen Mitteilungsweise oder des Zusammenwirkens mehrerer bedienen:<\/p>\n<p><strong>(1)<\/strong> Leitung durch die Bibel. Die Schrift gibt auf zweifache Weise Wegweisung. Zun\u00e4chst untersagt sie gewisse Handlungsweisen. Wenn beispielsweise ein Christ um Weisung bittet, ob er ein ungl\u00e4ubiges M\u00e4dchen heiraten soll, kann er Gottes Antwort in 2. Korinther 6,14 finden.<\/p>\n<p>Andererseits lenkt Gott uns durch Schriftworte zu einem bestimmten Handeln hin. Ein Vers, den Sie zuvor nie bewusst wahrgenommen haben, kann eine ganz neue Bedeutung f\u00fcr Sie gewinnen, indem er Ihnen die Antwort auf die Frage gibt, was Sie in der speziellen Situation tun sollen (Psalm 119,105).<\/p>\n<p><strong>(2)<\/strong> Wegweisung durch andere Gl\u00e4ubige. Es manchmal hilfreich, den Rat von reifen, geistlich gesinnten Christen zu suchen. Ihre Erfahrung und ihr Rat k\u00f6nnen junge Christen h\u00e4ufig davor bewahren, in eine Falle zu tappen (Hebr\u00e4er 13,17).<\/p>\n<p><strong>(3)<\/strong> Wegweisung durch Umst\u00e4nde. Da Gott das gesamte Universum lenkt, kann er, wie es oft geschieht, vermittels Einwirkung auf unsere Lebensumst\u00e4nde (F\u00fcgung) seinen Willen kundtun. Ein Brief, eine E-Mail, eine Rundfunksendung oder eine Nachricht im Internet k\u00f6nnen genau zum rechten Zeitpunkt mit genau der ben\u00f6tigten Information kommen.<\/p>\n<p><strong>(4)<\/strong> Leitung durch den Heiligen Geist. Der Geist Gottes kann so auf unsere \u00dcberzeugungen, W\u00fcnsche und Neigungen einwirken, dass uns Gottes Wille klar wird. In solchen F\u00e4llen ist die Geistesleitung so unmissverst\u00e4ndlich, dass ihre Zur\u00fcckweisung Ungehorsam gleich k\u00e4me (Apostelgeschichte 11,12; 16,6.7).<\/p>\n<p><strong>(5)<\/strong> Noch ein Wort. Wenn Gott Licht gibt, sollen wir darin wandeln (Apostelgeschichte 26,19). Stetige g\u00f6ttliche F\u00fchrung ist nicht ohne stetige Befolgung m\u00f6glich. Gehorsam ist die Grundlage f\u00fcr ein Leben echter Lebensfreude und bleibenden Wertes.<\/p>\n<!-- AddThis Advanced Settings generic via filter on the_content --><!-- AddThis Share Buttons generic via filter on the_content -->","protected":false},"excerpt":{"rendered":"<p>DEN WILLEN GOTTES ERKENNEN Wie erkennt ein Christ Gottes Willen f\u00fcr sein Leben? Daran sollte jedem Christen sehr gelegen sein. Wenn wir des Herrn Plan nicht kennen und befolgen, vertun wir unser Leben \u2013 und des Meisters \u201eRecht so\u201c werden wir nicht zu h\u00f6ren bekommen. Die Schrift lehrt sehr nachdr\u00fccklich, dass Gott seinen Willen denen [&hellip;]<!-- AddThis Advanced Settings generic via filter on get_the_excerpt --><!-- AddThis Share Buttons generic via filter on get_the_excerpt --><\/p>\n","protected":false},"author":27,"featured_media":0,"parent":5034,"menu_order":0,"comment_status":"closed","ping_status":"closed","template":"","meta":{"footnotes":""},"categories":[],"tags":[],"class_list":["post-7618","page","type-page","status-publish","hentry"],"yoast_head":"<!-- This site is optimized with the Yoast SEO Premium plugin v24.8 (Yoast SEO v24.8.1) - https:\/\/yoast.com\/wordpress\/plugins\/seo\/ -->\n<title>Was die Bibel lehrt - DEN WILLEN GOTTES ERKENNEN - BBN<\/title>\n<meta name=\"robots\" content=\"index, follow, max-snippet:-1, max-image-preview:large, max-video-preview:-1\" \/>\n<link rel=\"canonical\" href=\"https:\/\/bbn1.bbnradio.org\/german\/ressourcen\/was-die-bibel-lehrt\/was-die-bibel-lehrt-den-willen-gottes-erkennen\/\" \/>\n<meta property=\"og:locale\" content=\"de_DE\" \/>\n<meta property=\"og:type\" content=\"article\" \/>\n<meta property=\"og:title\" content=\"Was die Bibel lehrt - DEN WILLEN GOTTES ERKENNEN\" \/>\n<meta property=\"og:description\" content=\"DEN WILLEN GOTTES ERKENNEN Wie erkennt ein Christ Gottes Willen f\u00fcr sein Leben? Daran sollte jedem Christen sehr gelegen sein. Wenn wir des Herrn Plan nicht kennen und befolgen, vertun wir unser Leben \u2013 und des Meisters \u201eRecht so\u201c werden wir nicht zu h\u00f6ren bekommen. Die Schrift lehrt sehr nachdr\u00fccklich, dass Gott seinen Willen denen [&hellip;]\" \/>\n<meta property=\"og:url\" content=\"https:\/\/bbn1.bbnradio.org\/german\/ressourcen\/was-die-bibel-lehrt\/was-die-bibel-lehrt-den-willen-gottes-erkennen\/\" \/>\n<meta property=\"og:site_name\" content=\"BBN\" \/>\n<meta property=\"article:publisher\" content=\"https:\/\/www.facebook.com\/BBNGerman\/\" \/>\n<meta property=\"article:modified_time\" content=\"2019-02-07T19:45:20+00:00\" \/>\n<meta name=\"twitter:card\" content=\"summary_large_image\" \/>\n<meta name=\"twitter:site\" content=\"@BBNDeutsch\" \/>\n<meta name=\"twitter:label1\" content=\"Gesch\u00e4tzte Lesezeit\" \/>\n\t<meta name=\"twitter:data1\" content=\"3\u00a0Minuten\" \/>\n<script type=\"application\/ld+json\" class=\"yoast-schema-graph\">{\"@context\":\"https:\/\/schema.org\",\"@graph\":[{\"@type\":\"WebPage\",\"@id\":\"https:\/\/bbn1.bbnradio.org\/german\/ressourcen\/was-die-bibel-lehrt\/was-die-bibel-lehrt-den-willen-gottes-erkennen\/\",\"url\":\"https:\/\/bbn1.bbnradio.org\/german\/ressourcen\/was-die-bibel-lehrt\/was-die-bibel-lehrt-den-willen-gottes-erkennen\/\",\"name\":\"Was die Bibel lehrt - DEN WILLEN GOTTES ERKENNEN - BBN\",\"isPartOf\":{\"@id\":\"https:\/\/bbn1.bbnradio.org\/german\/#website\"},\"datePublished\":\"2016-04-04T20:27:40+00:00\",\"dateModified\":\"2019-02-07T19:45:20+00:00\",\"breadcrumb\":{\"@id\":\"https:\/\/bbn1.bbnradio.org\/german\/ressourcen\/was-die-bibel-lehrt\/was-die-bibel-lehrt-den-willen-gottes-erkennen\/#breadcrumb\"},\"inLanguage\":\"de\",\"potentialAction\":[{\"@type\":\"ReadAction\",\"target\":[\"https:\/\/bbn1.bbnradio.org\/german\/ressourcen\/was-die-bibel-lehrt\/was-die-bibel-lehrt-den-willen-gottes-erkennen\/\"]}]},{\"@type\":\"BreadcrumbList\",\"@id\":\"https:\/\/bbn1.bbnradio.org\/german\/ressourcen\/was-die-bibel-lehrt\/was-die-bibel-lehrt-den-willen-gottes-erkennen\/#breadcrumb\",\"itemListElement\":[{\"@type\":\"ListItem\",\"position\":1,\"name\":\"Home\",\"item\":\"https:\/\/bbn1.bbnradio.org\/german\/home\/\"},{\"@type\":\"ListItem\",\"position\":2,\"name\":\"Ressourcen\",\"item\":\"https:\/\/bbn1.bbnradio.org\/german\/ressourcen\/\"},{\"@type\":\"ListItem\",\"position\":3,\"name\":\"Was die Bibel lehrt\",\"item\":\"https:\/\/bbn1.bbnradio.org\/german\/ressourcen\/was-die-bibel-lehrt\/\"},{\"@type\":\"ListItem\",\"position\":4,\"name\":\"Was die Bibel lehrt &#8211; DEN WILLEN GOTTES ERKENNEN\"}]},{\"@type\":\"WebSite\",\"@id\":\"https:\/\/bbn1.bbnradio.org\/german\/#website\",\"url\":\"https:\/\/bbn1.bbnradio.org\/german\/\",\"name\":\"BBN\",\"description\":\"BBN\",\"potentialAction\":[{\"@type\":\"SearchAction\",\"target\":{\"@type\":\"EntryPoint\",\"urlTemplate\":\"https:\/\/bbn1.bbnradio.org\/german\/?s={search_term_string}\"},\"query-input\":{\"@type\":\"PropertyValueSpecification\",\"valueRequired\":true,\"valueName\":\"search_term_string\"}}],\"inLanguage\":\"de\"}]}<\/script>\n<!-- \/ Yoast SEO Premium plugin. -->","yoast_head_json":{"title":"Was die Bibel lehrt - DEN WILLEN GOTTES ERKENNEN - BBN","robots":{"index":"index","follow":"follow","max-snippet":"max-snippet:-1","max-image-preview":"max-image-preview:large","max-video-preview":"max-video-preview:-1"},"canonical":"https:\/\/bbn1.bbnradio.org\/german\/ressourcen\/was-die-bibel-lehrt\/was-die-bibel-lehrt-den-willen-gottes-erkennen\/","og_locale":"de_DE","og_type":"article","og_title":"Was die Bibel lehrt - DEN WILLEN GOTTES ERKENNEN","og_description":"DEN WILLEN GOTTES ERKENNEN Wie erkennt ein Christ Gottes Willen f\u00fcr sein Leben? Daran sollte jedem Christen sehr gelegen sein. Wenn wir des Herrn Plan nicht kennen und befolgen, vertun wir unser Leben \u2013 und des Meisters \u201eRecht so\u201c werden wir nicht zu h\u00f6ren bekommen. Die Schrift lehrt sehr nachdr\u00fccklich, dass Gott seinen Willen denen [&hellip;]","og_url":"https:\/\/bbn1.bbnradio.org\/german\/ressourcen\/was-die-bibel-lehrt\/was-die-bibel-lehrt-den-willen-gottes-erkennen\/","og_site_name":"BBN","article_publisher":"https:\/\/www.facebook.com\/BBNGerman\/","article_modified_time":"2019-02-07T19:45:20+00:00","twitter_card":"summary_large_image","twitter_site":"@BBNDeutsch","twitter_misc":{"Gesch\u00e4tzte Lesezeit":"3\u00a0Minuten"},"schema":{"@context":"https:\/\/schema.org","@graph":[{"@type":"WebPage","@id":"https:\/\/bbn1.bbnradio.org\/german\/ressourcen\/was-die-bibel-lehrt\/was-die-bibel-lehrt-den-willen-gottes-erkennen\/","url":"https:\/\/bbn1.bbnradio.org\/german\/ressourcen\/was-die-bibel-lehrt\/was-die-bibel-lehrt-den-willen-gottes-erkennen\/","name":"Was die Bibel lehrt - DEN WILLEN GOTTES ERKENNEN - BBN","isPartOf":{"@id":"https:\/\/bbn1.bbnradio.org\/german\/#website"},"datePublished":"2016-04-04T20:27:40+00:00","dateModified":"2019-02-07T19:45:20+00:00","breadcrumb":{"@id":"https:\/\/bbn1.bbnradio.org\/german\/ressourcen\/was-die-bibel-lehrt\/was-die-bibel-lehrt-den-willen-gottes-erkennen\/#breadcrumb"},"inLanguage":"de","potentialAction":[{"@type":"ReadAction","target":["https:\/\/bbn1.bbnradio.org\/german\/ressourcen\/was-die-bibel-lehrt\/was-die-bibel-lehrt-den-willen-gottes-erkennen\/"]}]},{"@type":"BreadcrumbList","@id":"https:\/\/bbn1.bbnradio.org\/german\/ressourcen\/was-die-bibel-lehrt\/was-die-bibel-lehrt-den-willen-gottes-erkennen\/#breadcrumb","itemListElement":[{"@type":"ListItem","position":1,"name":"Home","item":"https:\/\/bbn1.bbnradio.org\/german\/home\/"},{"@type":"ListItem","position":2,"name":"Ressourcen","item":"https:\/\/bbn1.bbnradio.org\/german\/ressourcen\/"},{"@type":"ListItem","position":3,"name":"Was die Bibel lehrt","item":"https:\/\/bbn1.bbnradio.org\/german\/ressourcen\/was-die-bibel-lehrt\/"},{"@type":"ListItem","position":4,"name":"Was die Bibel lehrt &#8211; DEN WILLEN GOTTES ERKENNEN"}]},{"@type":"WebSite","@id":"https:\/\/bbn1.bbnradio.org\/german\/#website","url":"https:\/\/bbn1.bbnradio.org\/german\/","name":"BBN","description":"BBN","potentialAction":[{"@type":"SearchAction","target":{"@type":"EntryPoint","urlTemplate":"https:\/\/bbn1.bbnradio.org\/german\/?s={search_term_string}"},"query-input":{"@type":"PropertyValueSpecification","valueRequired":true,"valueName":"search_term_string"}}],"inLanguage":"de"}]}},"jetpack_sharing_enabled":true,"jetpack_shortlink":"https:\/\/wp.me\/PgZlJB-1YS","_links":{"self":[{"href":"https:\/\/bbn1.bbnradio.org\/german\/wp-json\/wp\/v2\/pages\/7618","targetHints":{"allow":["GET"]}}],"collection":[{"href":"https:\/\/bbn1.bbnradio.org\/german\/wp-json\/wp\/v2\/pages"}],"about":[{"href":"https:\/\/bbn1.bbnradio.org\/german\/wp-json\/wp\/v2\/types\/page"}],"author":[{"embeddable":true,"href":"https:\/\/bbn1.bbnradio.org\/german\/wp-json\/wp\/v2\/users\/27"}],"replies":[{"embeddable":true,"href":"https:\/\/bbn1.bbnradio.org\/german\/wp-json\/wp\/v2\/comments?post=7618"}],"version-history":[{"count":3,"href":"https:\/\/bbn1.bbnradio.org\/german\/wp-json\/wp\/v2\/pages\/7618\/revisions"}],"predecessor-version":[{"id":13584,"href":"https:\/\/bbn1.bbnradio.org\/german\/wp-json\/wp\/v2\/pages\/7618\/revisions\/13584"}],"up":[{"embeddable":true,"href":"https:\/\/bbn1.bbnradio.org\/german\/wp-json\/wp\/v2\/pages\/5034"}],"wp:attachment":[{"href":"https:\/\/bbn1.bbnradio.org\/german\/wp-json\/wp\/v2\/media?parent=7618"}],"wp:term":[{"taxonomy":"category","embeddable":true,"href":"https:\/\/bbn1.bbnradio.org\/german\/wp-json\/wp\/v2\/categories?post=7618"},{"taxonomy":"post_tag","embeddable":true,"href":"https:\/\/bbn1.bbnradio.org\/german\/wp-json\/wp\/v2\/tags?post=7618"}],"curies":[{"name":"wp","href":"https:\/\/api.w.org\/{rel}","templated":true}]}}