{"id":15623,"date":"2022-07-08T09:55:18","date_gmt":"2022-07-08T12:55:18","guid":{"rendered":"https:\/\/bbn1.bbnradio.org\/portuguese\/?page_id=15623"},"modified":"2022-07-08T09:55:18","modified_gmt":"2022-07-08T12:55:18","slug":"denins-cordeiro","status":"publish","type":"page","link":"https:\/\/bbn1.bbnradio.org\/portuguese\/sobre-bbn\/locutores-da-bbn-2\/denins-cordeiro\/","title":{"rendered":"Denis Cordeiro"},"content":{"rendered":"\n<style type=\"text\/css\" data-created_by=\"avia_inline_auto\" id=\"style-css-av-8j59w9-711988a6168dd8bff003ba9513ce5a01\">\n.flex_column.av-8j59w9-711988a6168dd8bff003ba9513ce5a01{\nborder-radius:0px 0px 0px 0px;\npadding:0px 0px 0px 0px;\n}\n<\/style>\n<div  class='flex_column av-8j59w9-711988a6168dd8bff003ba9513ce5a01 av_one_fourth  avia-builder-el-0  el_before_av_three_fourth  avia-builder-el-first  first flex_column_div av-zero-column-padding  '     ><p>\n<style type=\"text\/css\" data-created_by=\"avia_inline_auto\" id=\"style-css-av-7l74zd-230e6fa2061d3259519b9b9b915950fa\">\n#top .hr.hr-invisible.av-7l74zd-230e6fa2061d3259519b9b9b915950fa{\nheight:1px;\n}\n<\/style>\n<div  class='hr av-7l74zd-230e6fa2061d3259519b9b9b915950fa hr-invisible  avia-builder-el-1  el_before_av_team_member  avia-builder-el-first '><span class='hr-inner '><span class=\"hr-inner-style\"><\/span><\/span><\/div><br \/>\n<section  class='avia-team-member av-5ir3i1-bc43f7e2630d67bd309547a11a4b386b  avia-builder-el-2  el_after_av_hr  avia-builder-el-last '  itemscope=\"itemscope\" itemtype=\"https:\/\/schema.org\/Person\" ><div class=\"team-img-container\"><img decoding=\"async\" fetchpriority=\"high\" class='wp-image-15601 avia-img-lazy-loading-not-15601 avia_image avia_image_team' src=\"https:\/\/bbn1.bbnradio.org\/portuguese\/wp-content\/uploads\/sites\/6\/2022\/07\/Denis-Cordeiro.jpg\" alt='Denis Cordeiro'  itemprop=\"image\"   height=\"1800\" width=\"1200\" \/><\/div><h3 class='team-member-name '  itemprop=\"name\" >Denis Cordeiro<\/h3><div class='team-member-job-title '  itemprop=\"jobTitle\" >Locutor<\/div><span class='hidden team-member-affiliation'  itemprop=\"affiliation\" >BBN<\/span><\/section><\/p><\/div>\n<style type=\"text\/css\" data-created_by=\"avia_inline_auto\" id=\"style-css-av-3wcort-b78a604c1da16196fb67e1691cf72d31\">\n.flex_column.av-3wcort-b78a604c1da16196fb67e1691cf72d31{\nborder-radius:0px 0px 0px 0px;\npadding:0px 0px 0px 0px;\n}\n<\/style>\n<div  class='flex_column av-3wcort-b78a604c1da16196fb67e1691cf72d31 av_three_fourth  avia-builder-el-3  el_after_av_one_fourth  avia-builder-el-last  flex_column_div av-zero-column-padding  '     ><section  class='av_textblock_section av-2shae1-33a19957818c4d67720fc2495cf62566 '   itemscope=\"itemscope\" itemtype=\"https:\/\/schema.org\/CreativeWork\" ><div class='avia_textblock'  itemprop=\"text\" ><p>Eu sou Denis Cordeiro, nascido em Diadema-SP e casado com Thamares Cordeiro. Sou um pecador salvo pela gra\u00e7a de Deus, chamado para anunciar as boas novas do Senhor e Salvador Jesus Cristo atrav\u00e9s da proclama\u00e7\u00e3o da Palavra de Deus.<\/p>\n<p>Nasci e fui criado em um lar crist\u00e3o com meus pais e meus tr\u00eas irm\u00e3os, dos quais sou o menor. Com seis anos de idade, tive meu primeiro contato profundo com o Evangelho, quando ouvi, no ensaio do grupo infantil, sobre o grande amor de Deus em enviar o Seu Filho Unig\u00eanito a este mundo para morrer na cruz pelos nossos pecados, para que tiv\u00e9ssemos o nosso relacionamento com Ele restaurado. Essa mensagem atingiu meu cora\u00e7\u00e3o como flecha e, logo em seguida, aceitei a Jesus Cristo como o meu Senhor e Salvador. A partir desse momento, comecei a compartilhar as boas-novas com meus colegas de escola e a todos com quem tive oportunidade.<\/p>\n<p>Desde os meus onze anos, comecei a estudar e ter contato com a \u00e1rea musical, onde passei a me dedicar durante a minha adolesc\u00eancia. Por\u00e9m, no ano em que completei 21 anos, tive uma maravilhosa experi\u00eancia onde li a B\u00edblia Sagrada inteira; desde ent\u00e3o, minha mente e cora\u00e7\u00e3o foram cativados pelas Sagradas Escrituras. Comecei a me dedicar ao estudo da Palavra de Deus e, gra\u00e7as a esse envolvimento profundo, conheci aquela que se tornou minha amada esposa.<\/p>\n<p>Enquanto estudava a Palavra de Deus, me lembro de pensar: \u201cComo seria maravilhoso poder me dedicar, em tempo integral, com algo relacionado \u00e0 B\u00edblia Sagrada\u201d; e, pela miseric\u00f3rdia e gra\u00e7a do nosso amoroso Pai Celestial, no ano de 2021, quando Thamares e eu faz\u00edamos o planejamento do nosso casamento, fui chamado para trabalhar no minist\u00e9rio da BBN como Representante de \u00c1rea, na cidade de Corn\u00e9lio Proc\u00f3pio &#8211; PR. Ficamos animados com a oportunidade, mas est\u00e1vamos assustados com tal mudan\u00e7a diante de n\u00f3s. Gra\u00e7as \u00e0 orienta\u00e7\u00e3o de nosso pastor, colocamos a nossa confian\u00e7a em Deus, confiando que Ele nos conduziria em prud\u00eancia e seguran\u00e7a: \u201cPorque tu \u00e9s a minha rocha e a minha fortaleza; assim, por amor do teu nome, guia-me e encaminha-me\u201d (Salmos 31:3).<\/p>\n<p>Foram in\u00fameros desafios que enfrentamos em nossos primeiros meses, mas podemos dizer, sem d\u00favidas, que o melhor lugar para se estar \u00e9 debaixo da vontade de Deus. O Senhor n\u00e3o somente nos guiou, como tamb\u00e9m direcionou cada passo de nossas vidas e, ap\u00f3s alguns meses, recebemos o convite para integrar ao time de locu\u00e7\u00e3o na sede da BBN, em Charlotte &#8211; NC. Hoje, sou porta-voz da mensagem de salva\u00e7\u00e3o, juntamente com meus irm\u00e3os de minist\u00e9rio, e minha esposa ajuda pessoas atrav\u00e9s do minist\u00e9rio de aconselhamento no Chat da BBN. O vers\u00edculo que guardamos em nosso cora\u00e7\u00e3o \u00e9: \u201cGrandes coisas fez o Senhor por n\u00f3s, pelas quais estamos alegres\u201d (Salmos 126:3).<\/p>\n<\/div><\/section><\/div>\n<!-- AddThis Advanced Settings generic via filter on the_content --><!-- AddThis Share Buttons generic via filter on the_content -->","protected":false},"excerpt":{"rendered":"<p><!-- AddThis Advanced Settings generic via filter on get_the_excerpt --><!-- AddThis Share Buttons generic via filter on get_the_excerpt --><\/p>\n","protected":false},"author":10,"featured_media":0,"parent":6263,"menu_order":0,"comment_status":"closed","ping_status":"closed","template":"","meta":{"jetpack_post_was_ever_published":false,"footnotes":""},"categories":[],"tags":[],"class_list":["post-15623","page","type-page","status-publish","hentry"],"yoast_head":"<!-- This site is optimized with the Yoast SEO Premium plugin v24.8 (Yoast SEO v24.8.1) - https:\/\/yoast.com\/wordpress\/plugins\/seo\/ -->\n<title>Renato Gontijo<\/title>\n<meta name=\"robots\" content=\"index, follow, max-snippet:-1, max-image-preview:large, max-video-preview:-1\" \/>\n<link rel=\"canonical\" href=\"https:\/\/bbn1.bbnradio.org\/portuguese\/sobre-bbn\/locutores-da-bbn-2\/denins-cordeiro\/\" \/>\n<meta property=\"og:locale\" content=\"pt_BR\" \/>\n<meta property=\"og:type\" content=\"article\" \/>\n<meta property=\"og:title\" content=\"Renato Gontijo\" \/>\n<meta property=\"og:description\" content=\"Locutor da BBN\" \/>\n<meta property=\"og:url\" content=\"https:\/\/bbn1.bbnradio.org\/portuguese\/sobre-bbn\/locutores-da-bbn-2\/denins-cordeiro\/\" \/>\n<meta property=\"og:site_name\" content=\"BBN\" \/>\n<meta property=\"article:publisher\" content=\"https:\/\/www.facebook.com\/BBNPortugues\" \/>\n<meta name=\"twitter:card\" content=\"summary_large_image\" \/>\n<meta name=\"twitter:title\" content=\"Renato Gontijo\" \/>\n<meta name=\"twitter:description\" content=\"Locutor da BBN\" \/>\n<meta name=\"twitter:site\" content=\"@BBNPortugues\" \/>\n<meta name=\"twitter:label1\" content=\"Est. tempo de leitura\" \/>\n\t<meta name=\"twitter:data1\" content=\"4 minutos\" \/>\n<script type=\"application\/ld+json\" class=\"yoast-schema-graph\">{\"@context\":\"https:\/\/schema.org\",\"@graph\":[{\"@type\":\"WebPage\",\"@id\":\"https:\/\/bbn1.bbnradio.org\/portuguese\/sobre-bbn\/locutores-da-bbn-2\/denins-cordeiro\/\",\"url\":\"https:\/\/bbn1.bbnradio.org\/portuguese\/sobre-bbn\/locutores-da-bbn-2\/denins-cordeiro\/\",\"name\":\"Renato Gontijo\",\"isPartOf\":{\"@id\":\"https:\/\/bbn1.bbnradio.org\/portuguese\/#website\"},\"datePublished\":\"2022-07-08T12:55:18+00:00\",\"breadcrumb\":{\"@id\":\"https:\/\/bbn1.bbnradio.org\/portuguese\/sobre-bbn\/locutores-da-bbn-2\/denins-cordeiro\/#breadcrumb\"},\"inLanguage\":\"pt-BR\",\"potentialAction\":[{\"@type\":\"ReadAction\",\"target\":[\"https:\/\/bbn1.bbnradio.org\/portuguese\/sobre-bbn\/locutores-da-bbn-2\/denins-cordeiro\/\"]}]},{\"@type\":\"BreadcrumbList\",\"@id\":\"https:\/\/bbn1.bbnradio.org\/portuguese\/sobre-bbn\/locutores-da-bbn-2\/denins-cordeiro\/#breadcrumb\",\"itemListElement\":[{\"@type\":\"ListItem\",\"position\":1,\"name\":\"Home\",\"item\":\"https:\/\/bbn1.bbnradio.org\/portuguese\/inicio\/\"},{\"@type\":\"ListItem\",\"position\":2,\"name\":\"Sobre a BBN\",\"item\":\"https:\/\/bbn1.bbnradio.org\/portuguese\/sobre-bbn\/\"},{\"@type\":\"ListItem\",\"position\":3,\"name\":\"Locutores da BBN\",\"item\":\"https:\/\/bbn1.bbnradio.org\/portuguese\/sobre-bbn\/locutores-da-bbn-2\/\"},{\"@type\":\"ListItem\",\"position\":4,\"name\":\"Denis Cordeiro\"}]},{\"@type\":\"WebSite\",\"@id\":\"https:\/\/bbn1.bbnradio.org\/portuguese\/#website\",\"url\":\"https:\/\/bbn1.bbnradio.org\/portuguese\/\",\"name\":\"BBN Portuguese\",\"description\":\"BBN\",\"potentialAction\":[{\"@type\":\"SearchAction\",\"target\":{\"@type\":\"EntryPoint\",\"urlTemplate\":\"https:\/\/bbn1.bbnradio.org\/portuguese\/?s={search_term_string}\"},\"query-input\":{\"@type\":\"PropertyValueSpecification\",\"valueRequired\":true,\"valueName\":\"search_term_string\"}}],\"inLanguage\":\"pt-BR\"}]}<\/script>\n<!-- \/ Yoast SEO Premium plugin. -->","yoast_head_json":{"title":"Renato Gontijo","robots":{"index":"index","follow":"follow","max-snippet":"max-snippet:-1","max-image-preview":"max-image-preview:large","max-video-preview":"max-video-preview:-1"},"canonical":"https:\/\/bbn1.bbnradio.org\/portuguese\/sobre-bbn\/locutores-da-bbn-2\/denins-cordeiro\/","og_locale":"pt_BR","og_type":"article","og_title":"Renato Gontijo","og_description":"Locutor da BBN","og_url":"https:\/\/bbn1.bbnradio.org\/portuguese\/sobre-bbn\/locutores-da-bbn-2\/denins-cordeiro\/","og_site_name":"BBN","article_publisher":"https:\/\/www.facebook.com\/BBNPortugues","twitter_card":"summary_large_image","twitter_title":"Renato Gontijo","twitter_description":"Locutor da BBN","twitter_site":"@BBNPortugues","twitter_misc":{"Est. tempo de leitura":"4 minutos"},"schema":{"@context":"https:\/\/schema.org","@graph":[{"@type":"WebPage","@id":"https:\/\/bbn1.bbnradio.org\/portuguese\/sobre-bbn\/locutores-da-bbn-2\/denins-cordeiro\/","url":"https:\/\/bbn1.bbnradio.org\/portuguese\/sobre-bbn\/locutores-da-bbn-2\/denins-cordeiro\/","name":"Renato Gontijo","isPartOf":{"@id":"https:\/\/bbn1.bbnradio.org\/portuguese\/#website"},"datePublished":"2022-07-08T12:55:18+00:00","breadcrumb":{"@id":"https:\/\/bbn1.bbnradio.org\/portuguese\/sobre-bbn\/locutores-da-bbn-2\/denins-cordeiro\/#breadcrumb"},"inLanguage":"pt-BR","potentialAction":[{"@type":"ReadAction","target":["https:\/\/bbn1.bbnradio.org\/portuguese\/sobre-bbn\/locutores-da-bbn-2\/denins-cordeiro\/"]}]},{"@type":"BreadcrumbList","@id":"https:\/\/bbn1.bbnradio.org\/portuguese\/sobre-bbn\/locutores-da-bbn-2\/denins-cordeiro\/#breadcrumb","itemListElement":[{"@type":"ListItem","position":1,"name":"Home","item":"https:\/\/bbn1.bbnradio.org\/portuguese\/inicio\/"},{"@type":"ListItem","position":2,"name":"Sobre a BBN","item":"https:\/\/bbn1.bbnradio.org\/portuguese\/sobre-bbn\/"},{"@type":"ListItem","position":3,"name":"Locutores da BBN","item":"https:\/\/bbn1.bbnradio.org\/portuguese\/sobre-bbn\/locutores-da-bbn-2\/"},{"@type":"ListItem","position":4,"name":"Denis Cordeiro"}]},{"@type":"WebSite","@id":"https:\/\/bbn1.bbnradio.org\/portuguese\/#website","url":"https:\/\/bbn1.bbnradio.org\/portuguese\/","name":"BBN Portuguese","description":"BBN","potentialAction":[{"@type":"SearchAction","target":{"@type":"EntryPoint","urlTemplate":"https:\/\/bbn1.bbnradio.org\/portuguese\/?s={search_term_string}"},"query-input":{"@type":"PropertyValueSpecification","valueRequired":true,"valueName":"search_term_string"}}],"inLanguage":"pt-BR"}]}},"jetpack_sharing_enabled":true,"jetpack_shortlink":"https:\/\/wp.me\/P85nO0-43Z","_links":{"self":[{"href":"https:\/\/bbn1.bbnradio.org\/portuguese\/wp-json\/wp\/v2\/pages\/15623","targetHints":{"allow":["GET"]}}],"collection":[{"href":"https:\/\/bbn1.bbnradio.org\/portuguese\/wp-json\/wp\/v2\/pages"}],"about":[{"href":"https:\/\/bbn1.bbnradio.org\/portuguese\/wp-json\/wp\/v2\/types\/page"}],"author":[{"embeddable":true,"href":"https:\/\/bbn1.bbnradio.org\/portuguese\/wp-json\/wp\/v2\/users\/10"}],"replies":[{"embeddable":true,"href":"https:\/\/bbn1.bbnradio.org\/portuguese\/wp-json\/wp\/v2\/comments?post=15623"}],"version-history":[{"count":2,"href":"https:\/\/bbn1.bbnradio.org\/portuguese\/wp-json\/wp\/v2\/pages\/15623\/revisions"}],"predecessor-version":[{"id":15625,"href":"https:\/\/bbn1.bbnradio.org\/portuguese\/wp-json\/wp\/v2\/pages\/15623\/revisions\/15625"}],"up":[{"embeddable":true,"href":"https:\/\/bbn1.bbnradio.org\/portuguese\/wp-json\/wp\/v2\/pages\/6263"}],"wp:attachment":[{"href":"https:\/\/bbn1.bbnradio.org\/portuguese\/wp-json\/wp\/v2\/media?parent=15623"}],"wp:term":[{"taxonomy":"category","embeddable":true,"href":"https:\/\/bbn1.bbnradio.org\/portuguese\/wp-json\/wp\/v2\/categories?post=15623"},{"taxonomy":"post_tag","embeddable":true,"href":"https:\/\/bbn1.bbnradio.org\/portuguese\/wp-json\/wp\/v2\/tags?post=15623"}],"curies":[{"name":"wp","href":"https:\/\/api.w.org\/{rel}","templated":true}]}}

<style type="text/css" data-created_by="avia_inline_auto" id="style-css-av-8j59w9-711988a6168dd8bff003ba9513ce5a01">
.flex_column.av-8j59w9-711988a6168dd8bff003ba9513ce5a01{
border-radius:0px 0px 0px 0px;
padding:0px 0px 0px 0px;
}
</style>
<div  class='flex_column av-8j59w9-711988a6168dd8bff003ba9513ce5a01 av_one_fourth  avia-builder-el-0  el_before_av_three_fourth  avia-builder-el-first  first flex_column_div av-zero-column-padding  '     ><p>
<style type="text/css" data-created_by="avia_inline_auto" id="style-css-av-7l74zd-230e6fa2061d3259519b9b9b915950fa">
#top .hr.hr-invisible.av-7l74zd-230e6fa2061d3259519b9b9b915950fa{
height:1px;
}
</style>
<div  class='hr av-7l74zd-230e6fa2061d3259519b9b9b915950fa hr-invisible  avia-builder-el-1  el_before_av_team_member  avia-builder-el-first '><span class='hr-inner '><span class="hr-inner-style"></span></span></div><br />
<section  class='avia-team-member av-5ir3i1-bc43f7e2630d67bd309547a11a4b386b  avia-builder-el-2  el_after_av_hr  avia-builder-el-last '  itemscope="itemscope" itemtype="https://schema.org/Person" ><div class="team-img-container"><img decoding="async" fetchpriority="high" class='wp-image-15601 avia-img-lazy-loading-not-15601 avia_image avia_image_team' src="https://bbn1.bbnradio.org/portuguese/wp-content/uploads/sites/6/2022/07/Denis-Cordeiro.jpg" alt='Denis Cordeiro'  itemprop="image"   height="1800" width="1200" /></div><h3 class='team-member-name '  itemprop="name" >Denis Cordeiro</h3><div class='team-member-job-title '  itemprop="jobTitle" >Locutor</div><span class='hidden team-member-affiliation'  itemprop="affiliation" >BBN</span></section></p></div>
<style type="text/css" data-created_by="avia_inline_auto" id="style-css-av-3wcort-b78a604c1da16196fb67e1691cf72d31">
.flex_column.av-3wcort-b78a604c1da16196fb67e1691cf72d31{
border-radius:0px 0px 0px 0px;
padding:0px 0px 0px 0px;
}
</style>
<div  class='flex_column av-3wcort-b78a604c1da16196fb67e1691cf72d31 av_three_fourth  avia-builder-el-3  el_after_av_one_fourth  avia-builder-el-last  flex_column_div av-zero-column-padding  '     ><section  class='av_textblock_section av-2shae1-33a19957818c4d67720fc2495cf62566 '   itemscope="itemscope" itemtype="https://schema.org/CreativeWork" ><div class='avia_textblock'  itemprop="text" ><p>Eu sou Denis Cordeiro, nascido em Diadema-SP e casado com Thamares Cordeiro. Sou um pecador salvo pela graça de Deus, chamado para anunciar as boas novas do Senhor e Salvador Jesus Cristo através da proclamação da Palavra de Deus.</p>
<p>Nasci e fui criado em um lar cristão com meus pais e meus três irmãos, dos quais sou o menor. Com seis anos de idade, tive meu primeiro contato profundo com o Evangelho, quando ouvi, no ensaio do grupo infantil, sobre o grande amor de Deus em enviar o Seu Filho Unigênito a este mundo para morrer na cruz pelos nossos pecados, para que tivéssemos o nosso relacionamento com Ele restaurado. Essa mensagem atingiu meu coração como flecha e, logo em seguida, aceitei a Jesus Cristo como o meu Senhor e Salvador. A partir desse momento, comecei a compartilhar as boas-novas com meus colegas de escola e a todos com quem tive oportunidade.</p>
<p>Desde os meus onze anos, comecei a estudar e ter contato com a área musical, onde passei a me dedicar durante a minha adolescência. Porém, no ano em que completei 21 anos, tive uma maravilhosa experiência onde li a Bíblia Sagrada inteira; desde então, minha mente e coração foram cativados pelas Sagradas Escrituras. Comecei a me dedicar ao estudo da Palavra de Deus e, graças a esse envolvimento profundo, conheci aquela que se tornou minha amada esposa.</p>
<p>Enquanto estudava a Palavra de Deus, me lembro de pensar: “Como seria maravilhoso poder me dedicar, em tempo integral, com algo relacionado à Bíblia Sagrada”; e, pela misericórdia e graça do nosso amoroso Pai Celestial, no ano de 2021, quando Thamares e eu fazíamos o planejamento do nosso casamento, fui chamado para trabalhar no ministério da BBN como Representante de Área, na cidade de Cornélio Procópio &#8211; PR. Ficamos animados com a oportunidade, mas estávamos assustados com tal mudança diante de nós. Graças à orientação de nosso pastor, colocamos a nossa confiança em Deus, confiando que Ele nos conduziria em prudência e segurança: “Porque tu és a minha rocha e a minha fortaleza; assim, por amor do teu nome, guia-me e encaminha-me” (Salmos 31:3).</p>
<p>Foram inúmeros desafios que enfrentamos em nossos primeiros meses, mas podemos dizer, sem dúvidas, que o melhor lugar para se estar é debaixo da vontade de Deus. O Senhor não somente nos guiou, como também direcionou cada passo de nossas vidas e, após alguns meses, recebemos o convite para integrar ao time de locução na sede da BBN, em Charlotte &#8211; NC. Hoje, sou porta-voz da mensagem de salvação, juntamente com meus irmãos de ministério, e minha esposa ajuda pessoas através do ministério de aconselhamento no Chat da BBN. O versículo que guardamos em nosso coração é: “Grandes coisas fez o Senhor por nós, pelas quais estamos alegres” (Salmos 126:3).</p>
</div></section></div>
<!-- AddThis Advanced Settings generic via filter on the_content --><!-- AddThis Share Buttons generic via filter on the_content -->
