{"id":3427,"date":"2015-04-28T12:21:27","date_gmt":"2015-04-28T16:21:27","guid":{"rendered":"https:\/\/bbn1.bbnradio.org\/english\/?page_id=3427"},"modified":"2018-10-25T11:12:22","modified_gmt":"2018-10-25T14:12:22","slug":"fale-conosco","status":"publish","type":"page","link":"https:\/\/bbn1.bbnradio.org\/portuguese\/fale-conosco\/","title":{"rendered":"Fale Conosco"},"content":{"rendered":"\n<style type=\"text\/css\" data-created_by=\"avia_inline_auto\" id=\"style-css-av-r8dpmr-de362300621f24cf059bdc6da61cccf2\">\n.avia-section.av-r8dpmr-de362300621f24cf059bdc6da61cccf2{\nbackground-repeat:no-repeat;\nbackground-image:url(https:\/\/bbn1.bbnradio.org\/portuguese\/wp-content\/uploads\/sites\/6\/2015\/04\/Contact-BBN.jpg);\nbackground-position:50% 50%;\nbackground-attachment:scroll;\n}\n<\/style>\n<div id='av_section_1'  class='avia-section av-r8dpmr-de362300621f24cf059bdc6da61cccf2 main_color avia-section-default avia-no-shadow  avia-builder-el-0  el_before_av_heading  avia-builder-el-first  avia-full-stretch avia-bg-style-scroll av-minimum-height av-minimum-height-custom av-height-custom  container_wrap sidebar_right'  data-section-bg-repeat='stretch' data-av_minimum_height_px='250'><div class='container av-section-cont-open' style='height:250px'><main  role=\"main\" itemprop=\"mainContentOfPage\"  class='template-page content  av-content-small alpha units'><div class='post-entry post-entry-type-page post-entry-3427'><div class='entry-content-wrapper clearfix'><\/div><\/div><\/main><!-- close content main element --><\/div><\/div><div id='after_section_1'  class='main_color av_default_container_wrap container_wrap sidebar_right'  ><div class='container av-section-cont-open' ><div class='template-page content  av-content-small alpha units'><div class='post-entry post-entry-type-page post-entry-3427'><div class='entry-content-wrapper clearfix'>\n\n<style type=\"text\/css\" data-created_by=\"avia_inline_auto\" id=\"style-css-av-jnoo2s94-0f342f48d6c7419dc808db8cc6494a1c\">\n#top .av-special-heading.av-jnoo2s94-0f342f48d6c7419dc808db8cc6494a1c{\npadding-bottom:10px;\n}\nbody .av-special-heading.av-jnoo2s94-0f342f48d6c7419dc808db8cc6494a1c .av-special-heading-tag .heading-char{\nfont-size:25px;\n}\n.av-special-heading.av-jnoo2s94-0f342f48d6c7419dc808db8cc6494a1c .av-subheading{\nfont-size:15px;\n}\n<\/style>\n<div  class='av-special-heading av-jnoo2s94-0f342f48d6c7419dc808db8cc6494a1c av-special-heading-h3  avia-builder-el-1  el_after_av_section  el_before_av_one_half  avia-builder-el-first '><h3 class='av-special-heading-tag '  itemprop=\"headline\"  >Maneiras de Entrar em Contato com a BBN<\/h3><div class=\"special-heading-border\"><div class=\"special-heading-inner-border\"><\/div><\/div><\/div>\n\n<style type=\"text\/css\" data-created_by=\"avia_inline_auto\" id=\"style-css-av-oqqwib-70004c607594efec0e2aa4f15b517527\">\n.flex_column.av-oqqwib-70004c607594efec0e2aa4f15b517527{\nborder-radius:0px 0px 0px 0px;\npadding:0px 0px 0px 0px;\n}\n<\/style>\n<div  class='flex_column av-oqqwib-70004c607594efec0e2aa4f15b517527 av_one_half  avia-builder-el-2  el_after_av_heading  el_before_av_one_half  first flex_column_div av-zero-column-padding  '     ><style type=\"text\/css\" data-created_by=\"avia_inline_auto\" id=\"style-css-av-mp830j-e02a60fe7c300d9052c305c896d87e70\">\n#top .avia-icon-list-container.av-mp830j-e02a60fe7c300d9052c305c896d87e70 .iconlist_icon{\ncolor:#0e80f7;\nbackground-color:#ffffff;\nborder:1px solid #0e80f7;\n}\n#top .avia-icon-list-container.av-mp830j-e02a60fe7c300d9052c305c896d87e70 .iconlist_icon svg:first-child{\nstroke:#0e80f7;\nfill:#0e80f7;\n}\n<\/style>\n<div  class='avia-icon-list-container av-mp830j-e02a60fe7c300d9052c305c896d87e70  avia-builder-el-3  avia-builder-el-no-sibling '><ul class='avia-icon-list avia_animate_when_almost_visible avia-icon-list-left av-iconlist-big av-mp830j-e02a60fe7c300d9052c305c896d87e70 avia-iconlist-animate'>\n<li><a href='https://\/\/bbn1.bbnradio.org\/portuguese\/fale-conosco\/endereco-postal-e-telefones\/?PHPSESSID=wMUq-83eGwS2EMc4ZMuFAeK-TfUU-YX9' title='Endere\u00e7os e N\u00fameros de Telefone'  class='iconlist_icon av-l3q94j-2b792ee4a55b77b720119e3e1982779b avia-font-entypo-fontello avia-iconfont avia-font-entypo-fontello'><span class='av-icon-char' data-av_icon='\ue805' data-av_iconfont='entypo-fontello' aria-hidden=\"true\"><\/span><\/a><article class=\"article-icon-entry av-iconlist-empty\"  itemscope=\"itemscope\" itemtype=\"https:\/\/schema.org\/CreativeWork\" ><div class=\"iconlist_content_wrap\"><header class=\"entry-content-header\" aria-label=\"Icon: &lt;a href=&#039;https:\/\/bbn1.bbnradio.org\/portuguese\/fale-conosco\/endereco-postal-e-telefones\/&#039; title=&#039;Endere\u00e7os e N\u00fameros de Telefone&#039;&gt;Endere\u00e7os e N\u00fameros de Telefone&lt;\/a&gt;\"><h4 class='av_iconlist_title iconlist_title  '  itemprop=\"headline\" ><a href='https://\/\/bbn1.bbnradio.org\/portuguese\/fale-conosco\/endereco-postal-e-telefones\/?PHPSESSID=wMUq-83eGwS2EMc4ZMuFAeK-TfUU-YX9' title='Endere\u00e7os e N\u00fameros de Telefone'>Endere\u00e7os e N\u00fameros de Telefone<\/a><\/h4><\/header><div class='iconlist_content '  itemprop=\"text\" ><\/div><\/div><footer class=\"entry-footer\"><\/footer><\/article><div class=\"iconlist-timeline\"><\/div><\/li>\n<li><a href='https://\/\/bbn1.bbnradio.org\/portuguese\/fale-conosco\/perguntas-sobre-temas-espirituais\/?PHPSESSID=wMUq-83eGwS2EMc4ZMuFAeK-TfUU-YX9' title='Fa\u00e7a uma pergunta sobre a B\u00edblia ou temas espirituais'  class='iconlist_icon av-ij2k8z-403375d35f5690848811dcceae35c565 avia-font-entypo-fontello avia-iconfont avia-font-entypo-fontello'><span class='av-icon-char' data-av_icon='\ue803' data-av_iconfont='entypo-fontello' aria-hidden=\"true\"><\/span><\/a><article class=\"article-icon-entry av-iconlist-empty\"  itemscope=\"itemscope\" itemtype=\"https:\/\/schema.org\/CreativeWork\" ><div class=\"iconlist_content_wrap\"><header class=\"entry-content-header\" aria-label=\"Icon: &lt;a href=&#039;https:\/\/bbn1.bbnradio.org\/portuguese\/fale-conosco\/perguntas-sobre-temas-espirituais\/&#039; title=&#039;Fa\u00e7a uma pergunta sobre a B\u00edblia ou temas espirituais&#039;&gt;Fa\u00e7a uma pergunta sobre a B\u00edblia ou temas espirituais&lt;\/a&gt;\"><h4 class='av_iconlist_title iconlist_title  '  itemprop=\"headline\" ><a href='https://\/\/bbn1.bbnradio.org\/portuguese\/fale-conosco\/perguntas-sobre-temas-espirituais\/?PHPSESSID=wMUq-83eGwS2EMc4ZMuFAeK-TfUU-YX9' title='Fa\u00e7a uma pergunta sobre a B\u00edblia ou temas espirituais'>Fa\u00e7a uma pergunta sobre a B\u00edblia ou temas espirituais<\/a><\/h4><\/header><div class='iconlist_content '  itemprop=\"text\" ><\/div><\/div><footer class=\"entry-footer\"><\/footer><\/article><div class=\"iconlist-timeline\"><\/div><\/li>\n<li><a href='https://\/\/bbn1.bbnradio.org\/portuguese\/chat\/?PHPSESSID=wMUq-83eGwS2EMc4ZMuFAeK-TfUU-YX9' title='Chat ao Vivo para falar de assuntos espirituais'  class='iconlist_icon av-hy9183-04371a9fc2efd073f3e425550aeb7152 avia-font-entypo-fontello avia-iconfont avia-font-entypo-fontello'><span class='av-icon-char' data-av_icon='\ue83c' data-av_iconfont='entypo-fontello' aria-hidden=\"true\"><\/span><\/a><article class=\"article-icon-entry av-iconlist-empty\"  itemscope=\"itemscope\" itemtype=\"https:\/\/schema.org\/CreativeWork\" ><div class=\"iconlist_content_wrap\"><header class=\"entry-content-header\" aria-label=\"Icon: &lt;a href=&#039;https:\/\/bbn1.bbnradio.org\/portuguese\/chat\/&#039; title=&#039;Chat ao Vivo para falar de assuntos espirituais&#039;&gt;Chat ao Vivo para falar de assuntos espirituais&lt;\/a&gt;\"><h4 class='av_iconlist_title iconlist_title  '  itemprop=\"headline\" ><a href='https://\/\/bbn1.bbnradio.org\/portuguese\/chat\/?PHPSESSID=wMUq-83eGwS2EMc4ZMuFAeK-TfUU-YX9' title='Chat ao Vivo para falar de assuntos espirituais'>Chat ao Vivo para falar de assuntos espirituais<\/a><\/h4><\/header><div class='iconlist_content '  itemprop=\"text\" ><\/div><\/div><footer class=\"entry-footer\"><\/footer><\/article><div class=\"iconlist-timeline\"><\/div><\/li>\n<li><a href='https://\/\/bbn1.bbnradio.org\/portuguese\/fale-conosco\/perguntas-sobre-doacao\/?PHPSESSID=wMUq-83eGwS2EMc4ZMuFAeK-TfUU-YX9' title='Informa\u00e7\u00e3o sobre Doa\u00e7\u00e3o'  class='iconlist_icon av-fxyd8j-90adaaa2a763421685719b3554ddb1f6 avia-font-bank avia-iconfont avia-font-bank'><span class='av-icon-char' data-av_icon='\ue800' data-av_iconfont='bank' aria-hidden=\"true\"><\/span><\/a><article class=\"article-icon-entry av-iconlist-empty\"  itemscope=\"itemscope\" itemtype=\"https:\/\/schema.org\/CreativeWork\" ><div class=\"iconlist_content_wrap\"><header class=\"entry-content-header\" aria-label=\"Icon: &lt;a href=&#039;https:\/\/bbn1.bbnradio.org\/portuguese\/fale-conosco\/perguntas-sobre-doacao\/&#039; title=&#039;Informa\u00e7\u00e3o sobre Doa\u00e7\u00e3o&#039;&gt;Informa\u00e7\u00e3o sobre Doa\u00e7\u00e3o&lt;\/a&gt;\"><h4 class='av_iconlist_title iconlist_title  '  itemprop=\"headline\" ><a href='https://\/\/bbn1.bbnradio.org\/portuguese\/fale-conosco\/perguntas-sobre-doacao\/?PHPSESSID=wMUq-83eGwS2EMc4ZMuFAeK-TfUU-YX9' title='Informa\u00e7\u00e3o sobre Doa\u00e7\u00e3o'>Informa\u00e7\u00e3o sobre Doa\u00e7\u00e3o<\/a><\/h4><\/header><div class='iconlist_content '  itemprop=\"text\" ><\/div><\/div><footer class=\"entry-footer\"><\/footer><\/article><div class=\"iconlist-timeline\"><\/div><\/li>\n<li><a href='https://\/\/bbn1.bbnradio.org\/portuguese\/fale-conosco\/perguntas-comentarios-ou-sugestoes-relacionados-ao-programa\/?PHPSESSID=wMUq-83eGwS2EMc4ZMuFAeK-TfUU-YX9' title='Pergunta sobre a programa\u00e7\u00e3o, coment\u00e1rio ou sugest\u00e3o'  class='iconlist_icon av-ekiqvn-b59785c89b9c33ee568fad7900f54d0f avia-font-entypo-fontello avia-iconfont avia-font-entypo-fontello'><span class='av-icon-char' data-av_icon='\ue85e' data-av_iconfont='entypo-fontello' aria-hidden=\"true\"><\/span><\/a><article class=\"article-icon-entry av-iconlist-empty\"  itemscope=\"itemscope\" itemtype=\"https:\/\/schema.org\/CreativeWork\" ><div class=\"iconlist_content_wrap\"><header class=\"entry-content-header\" aria-label=\"Icon: &lt;a href=&#039;https:\/\/bbn1.bbnradio.org\/portuguese\/fale-conosco\/perguntas-comentarios-ou-sugestoes-relacionados-ao-programa\/&#039; title=&#039;Pergunta sobre a programa\u00e7\u00e3o, coment\u00e1rio ou sugest\u00e3o&#039;&gt;Pergunta sobre a programa\u00e7\u00e3o, coment\u00e1rio ou sugest\u00e3o&lt;\/a&gt;\"><h4 class='av_iconlist_title iconlist_title  '  itemprop=\"headline\" ><a href='https://\/\/bbn1.bbnradio.org\/portuguese\/fale-conosco\/perguntas-comentarios-ou-sugestoes-relacionados-ao-programa\/?PHPSESSID=wMUq-83eGwS2EMc4ZMuFAeK-TfUU-YX9' title='Pergunta sobre a programa\u00e7\u00e3o, coment\u00e1rio ou sugest\u00e3o'>Pergunta sobre a programa\u00e7\u00e3o, coment\u00e1rio ou sugest\u00e3o<\/a><\/h4><\/header><div class='iconlist_content '  itemprop=\"text\" ><\/div><\/div><footer class=\"entry-footer\"><\/footer><\/article><div class=\"iconlist-timeline\"><\/div><\/li>\n<\/ul><\/div><\/div>\n\n<style type=\"text\/css\" data-created_by=\"avia_inline_auto\" id=\"style-css-av-ciczrn-36bfef5df8e33b1bf7bc38393ed63c62\">\n.flex_column.av-ciczrn-36bfef5df8e33b1bf7bc38393ed63c62{\nborder-radius:0px 0px 0px 0px;\npadding:0px 0px 0px 0px;\n}\n<\/style>\n<div  class='flex_column av-ciczrn-36bfef5df8e33b1bf7bc38393ed63c62 av_one_half  avia-builder-el-4  el_after_av_one_half  avia-builder-el-last  flex_column_div av-zero-column-padding  '     ><style type=\"text\/css\" data-created_by=\"avia_inline_auto\" id=\"style-css-av-10wipv-4bbcfc77cd001593b3c7b43f7f8caea6\">\n#top .avia-icon-list-container.av-10wipv-4bbcfc77cd001593b3c7b43f7f8caea6 .iconlist_icon{\ncolor:#0e80f7;\nbackground-color:#ffffff;\nborder:1px solid #0e80f7;\n}\n#top .avia-icon-list-container.av-10wipv-4bbcfc77cd001593b3c7b43f7f8caea6 .iconlist_icon svg:first-child{\nstroke:#0e80f7;\nfill:#0e80f7;\n}\n<\/style>\n<div  class='avia-icon-list-container av-10wipv-4bbcfc77cd001593b3c7b43f7f8caea6  avia-builder-el-5  avia-builder-el-no-sibling '><ul class='avia-icon-list avia_animate_when_almost_visible avia-icon-list-left av-iconlist-big av-10wipv-4bbcfc77cd001593b3c7b43f7f8caea6 avia-iconlist-animate'>\n<li><a href='https://\/\/bbn1.bbnradio.org\/portuguese\/fale-conosco\/perguntas-comentarios-ou-sugestoes\/?PHPSESSID=wMUq-83eGwS2EMc4ZMuFAeK-TfUU-YX9' title='Perguntas, coment\u00e1rios ou sugest\u00f5es'  class='iconlist_icon av-99k6b7-27b397650238d0851bb35a0d852f60bc avia-font-entypo-fontello avia-iconfont avia-font-entypo-fontello'><span class='av-icon-char' data-av_icon='\ue81c' data-av_iconfont='entypo-fontello' aria-hidden=\"true\"><\/span><\/a><article class=\"article-icon-entry av-iconlist-empty\"  itemscope=\"itemscope\" itemtype=\"https:\/\/schema.org\/CreativeWork\" ><div class=\"iconlist_content_wrap\"><header class=\"entry-content-header\" aria-label=\"Icon: &lt;a href=&#039;https:\/\/bbn1.bbnradio.org\/portuguese\/fale-conosco\/perguntas-comentarios-ou-sugestoes\/&#039; title=&#039;Perguntas, coment\u00e1rios ou sugest\u00f5es&#039;&gt;Perguntas, coment\u00e1rios ou sugest\u00f5es&lt;\/a&gt;\"><h4 class='av_iconlist_title iconlist_title  '  itemprop=\"headline\" ><a href='https://\/\/bbn1.bbnradio.org\/portuguese\/fale-conosco\/perguntas-comentarios-ou-sugestoes\/?PHPSESSID=wMUq-83eGwS2EMc4ZMuFAeK-TfUU-YX9' title='Perguntas, coment\u00e1rios ou sugest\u00f5es'>Perguntas, coment\u00e1rios ou sugest\u00f5es<\/a><\/h4><\/header><div class='iconlist_content '  itemprop=\"text\" ><\/div><\/div><footer class=\"entry-footer\"><\/footer><\/article><div class=\"iconlist-timeline\"><\/div><\/li>\n<li><a href='https://\/\/bbn1.bbnradio.org\/portuguese\/fale-conosco\/compartilhe-seu-testemunho\/?PHPSESSID=wMUq-83eGwS2EMc4ZMuFAeK-TfUU-YX9' title='Deixe um Testemunho'  class='iconlist_icon av-6zx04j-6f27c819030753357edbf620b4b8043b avia-font-entypo-fontello avia-iconfont avia-font-entypo-fontello'><span class='av-icon-char' data-av_icon='\ue80a' data-av_iconfont='entypo-fontello' aria-hidden=\"true\"><\/span><\/a><article class=\"article-icon-entry av-iconlist-empty\"  itemscope=\"itemscope\" itemtype=\"https:\/\/schema.org\/CreativeWork\" ><div class=\"iconlist_content_wrap\"><header class=\"entry-content-header\" aria-label=\"Icon: &lt;a href=&#039;https:\/\/bbn1.bbnradio.org\/portuguese\/fale-conosco\/compartilhe-seu-testemunho\/&#039; title=&#039;Deixe um Testemunho&#039;&gt;Deixe um Testemunho&lt;\/a&gt;\"><h4 class='av_iconlist_title iconlist_title  '  itemprop=\"headline\" ><a href='https://\/\/bbn1.bbnradio.org\/portuguese\/fale-conosco\/compartilhe-seu-testemunho\/?PHPSESSID=wMUq-83eGwS2EMc4ZMuFAeK-TfUU-YX9' title='Deixe um Testemunho'>Deixe um Testemunho<\/a><\/h4><\/header><div class='iconlist_content '  itemprop=\"text\" ><\/div><\/div><footer class=\"entry-footer\"><\/footer><\/article><div class=\"iconlist-timeline\"><\/div><\/li>\n<li><a href='https://\/\/bbn1.bbnradio.org\/portuguese\/fale-conosco\/relate-um-problema\/?PHPSESSID=wMUq-83eGwS2EMc4ZMuFAeK-TfUU-YX9' title='Problemas T\u00e9cnicos'  class='iconlist_icon av-54xqkj-7d8278d4ffa422409bb57ba5462cb11e avia-font-entypo-fontello avia-iconfont avia-font-entypo-fontello'><span class='av-icon-char' data-av_icon='\ue83e' data-av_iconfont='entypo-fontello' aria-hidden=\"true\"><\/span><\/a><article class=\"article-icon-entry av-iconlist-empty\"  itemscope=\"itemscope\" itemtype=\"https:\/\/schema.org\/CreativeWork\" ><div class=\"iconlist_content_wrap\"><header class=\"entry-content-header\" aria-label=\"Icon: &lt;a href=&#039;https:\/\/bbn1.bbnradio.org\/portuguese\/fale-conosco\/relate-um-problema\/&#039; title=&#039;Problemas T\u00e9cnicos&#039;&gt;Problemas T\u00e9cnicos&lt;\/a&gt;\"><h4 class='av_iconlist_title iconlist_title  '  itemprop=\"headline\" ><a href='https://\/\/bbn1.bbnradio.org\/portuguese\/fale-conosco\/relate-um-problema\/?PHPSESSID=wMUq-83eGwS2EMc4ZMuFAeK-TfUU-YX9' title='Problemas T\u00e9cnicos'>Problemas T\u00e9cnicos<\/a><\/h4><\/header><div class='iconlist_content '  itemprop=\"text\" ><\/div><\/div><footer class=\"entry-footer\"><\/footer><\/article><div class=\"iconlist-timeline\"><\/div><\/li>\n<li><a href='https://\/\/bbn1.bbnradio.org\/portuguese\/fale-conosco\/pedidos-de-material\/?PHPSESSID=wMUq-83eGwS2EMc4ZMuFAeK-TfUU-YX9' title='Pedidos'  class='iconlist_icon av-4t7hyb-ad5c00b75a31b7a76ff9434ee07f739a avia-font-entypo-fontello avia-iconfont avia-font-entypo-fontello'><span class='av-icon-char' data-av_icon='\ue82d' data-av_iconfont='entypo-fontello' aria-hidden=\"true\"><\/span><\/a><article class=\"article-icon-entry av-iconlist-empty\"  itemscope=\"itemscope\" itemtype=\"https:\/\/schema.org\/CreativeWork\" ><div class=\"iconlist_content_wrap\"><header class=\"entry-content-header\" aria-label=\"Icon: &lt;a href=&#039;https:\/\/bbn1.bbnradio.org\/portuguese\/fale-conosco\/pedidos-de-material\/&#039; title=&#039;Pedidos&#039;&gt;Pedidos&lt;\/a&gt;\"><h4 class='av_iconlist_title iconlist_title  '  itemprop=\"headline\" ><a href='https://\/\/bbn1.bbnradio.org\/portuguese\/fale-conosco\/pedidos-de-material\/?PHPSESSID=wMUq-83eGwS2EMc4ZMuFAeK-TfUU-YX9' title='Pedidos'>Pedidos<\/a><\/h4><\/header><div class='iconlist_content '  itemprop=\"text\" ><\/div><\/div><footer class=\"entry-footer\"><\/footer><\/article><div class=\"iconlist-timeline\"><\/div><\/li>\n<li><a href='https://\/\/bbn1.bbnradio.org\/portuguese\/fale-conosco\/como-podemos-ministrar-a-voce\/?PHPSESSID=wMUq-83eGwS2EMc4ZMuFAeK-TfUU-YX9' title='Como podemos tornar a sua experi\u00eancia ainda melhor?'  class='iconlist_icon av-30ibn7-7be091b9baa4c8278183bb01b1c4f523 avia-font-entypo-fontello avia-iconfont avia-font-entypo-fontello'><span class='av-icon-char' data-av_icon='\ue803' data-av_iconfont='entypo-fontello' aria-hidden=\"true\"><\/span><\/a><article class=\"article-icon-entry av-iconlist-empty\"  itemscope=\"itemscope\" itemtype=\"https:\/\/schema.org\/CreativeWork\" ><div class=\"iconlist_content_wrap\"><header class=\"entry-content-header\" aria-label=\"Icon: &lt;a href=&#039;https:\/\/bbn1.bbnradio.org\/portuguese\/fale-conosco\/como-podemos-ministrar-a-voce\/&#039; title=&#039;Como podemos tornar a sua experi\u00eancia ainda melhor?&#039;&gt;Como podemos tornar a sua experi\u00eancia ainda melhor?&lt;\/a&gt;\"><h4 class='av_iconlist_title iconlist_title  '  itemprop=\"headline\" ><a href='https://\/\/bbn1.bbnradio.org\/portuguese\/fale-conosco\/como-podemos-ministrar-a-voce\/?PHPSESSID=wMUq-83eGwS2EMc4ZMuFAeK-TfUU-YX9' title='Como podemos tornar a sua experi\u00eancia ainda melhor?'>Como podemos tornar a sua experi\u00eancia ainda melhor?<\/a><\/h4><\/header><div class='iconlist_content '  itemprop=\"text\" ><\/div><\/div><footer class=\"entry-footer\"><\/footer><\/article><div class=\"iconlist-timeline\"><\/div><\/li>\n<\/ul><\/div><\/div>\n<!-- AddThis Advanced Settings generic via filter on the_content --><!-- AddThis Share Buttons generic via filter on the_content -->","protected":false},"excerpt":{"rendered":"<p><!-- AddThis Advanced Settings generic via filter on get_the_excerpt --><!-- AddThis Share Buttons generic via filter on get_the_excerpt --><\/p>\n","protected":false},"author":22,"featured_media":0,"parent":0,"menu_order":0,"comment_status":"open","ping_status":"open","template":"","meta":{"jetpack_post_was_ever_published":false,"footnotes":""},"categories":[],"tags":[],"class_list":["post-3427","page","type-page","status-publish","hentry"],"yoast_head":"<!-- This site is optimized with the Yoast SEO Premium plugin v24.8 (Yoast SEO v24.8.1) - https:\/\/yoast.com\/wordpress\/plugins\/seo\/ -->\n<title>Fale Conosco - BBN<\/title>\n<meta name=\"robots\" content=\"index, follow, max-snippet:-1, max-image-preview:large, max-video-preview:-1\" \/>\n<link rel=\"canonical\" href=\"https:\/\/bbn1.bbnradio.org\/portuguese\/fale-conosco\/\" \/>\n<meta property=\"og:locale\" content=\"pt_BR\" \/>\n<meta property=\"og:type\" content=\"article\" \/>\n<meta property=\"og:title\" content=\"Fale Conosco\" \/>\n<meta property=\"og:description\" content=\"Maneiras de Entrar em Contato a BBN. Endere\u00e7os e telefones. Fa\u00e7a uma pergunta B\u00edblica.\" \/>\n<meta property=\"og:url\" content=\"https:\/\/bbn1.bbnradio.org\/portuguese\/fale-conosco\/\" \/>\n<meta property=\"og:site_name\" content=\"BBN\" \/>\n<meta property=\"article:publisher\" content=\"https:\/\/www.facebook.com\/BBNPortugues\" \/>\n<meta property=\"article:modified_time\" content=\"2018-10-25T14:12:22+00:00\" \/>\n<meta name=\"twitter:card\" content=\"summary_large_image\" \/>\n<meta name=\"twitter:title\" content=\"Fale Conosco\" \/>\n<meta name=\"twitter:description\" content=\"Maneiras de Entrar em Contato a BBN. Endere\u00e7os e telefones. Fa\u00e7a uma pergunta B\u00edblica.\" \/>\n<meta name=\"twitter:site\" content=\"@BBNPortugues\" \/>\n<meta name=\"twitter:label1\" content=\"Est. tempo de leitura\" \/>\n\t<meta name=\"twitter:data1\" content=\"3 minutos\" \/>\n<script type=\"application\/ld+json\" class=\"yoast-schema-graph\">{\"@context\":\"https:\/\/schema.org\",\"@graph\":[{\"@type\":\"WebPage\",\"@id\":\"https:\/\/bbn1.bbnradio.org\/portuguese\/fale-conosco\/\",\"url\":\"https:\/\/bbn1.bbnradio.org\/portuguese\/fale-conosco\/\",\"name\":\"Fale Conosco - BBN\",\"isPartOf\":{\"@id\":\"https:\/\/bbn1.bbnradio.org\/portuguese\/#website\"},\"datePublished\":\"2015-04-28T16:21:27+00:00\",\"dateModified\":\"2018-10-25T14:12:22+00:00\",\"breadcrumb\":{\"@id\":\"https:\/\/bbn1.bbnradio.org\/portuguese\/fale-conosco\/#breadcrumb\"},\"inLanguage\":\"pt-BR\",\"potentialAction\":[{\"@type\":\"ReadAction\",\"target\":[\"https:\/\/bbn1.bbnradio.org\/portuguese\/fale-conosco\/\"]}]},{\"@type\":\"BreadcrumbList\",\"@id\":\"https:\/\/bbn1.bbnradio.org\/portuguese\/fale-conosco\/#breadcrumb\",\"itemListElement\":[{\"@type\":\"ListItem\",\"position\":1,\"name\":\"Home\",\"item\":\"https:\/\/bbn1.bbnradio.org\/portuguese\/inicio\/\"},{\"@type\":\"ListItem\",\"position\":2,\"name\":\"Fale Conosco\"}]},{\"@type\":\"WebSite\",\"@id\":\"https:\/\/bbn1.bbnradio.org\/portuguese\/#website\",\"url\":\"https:\/\/bbn1.bbnradio.org\/portuguese\/\",\"name\":\"BBN Portuguese\",\"description\":\"BBN\",\"potentialAction\":[{\"@type\":\"SearchAction\",\"target\":{\"@type\":\"EntryPoint\",\"urlTemplate\":\"https:\/\/bbn1.bbnradio.org\/portuguese\/?s={search_term_string}\"},\"query-input\":{\"@type\":\"PropertyValueSpecification\",\"valueRequired\":true,\"valueName\":\"search_term_string\"}}],\"inLanguage\":\"pt-BR\"}]}<\/script>\n<!-- \/ Yoast SEO Premium plugin. -->","yoast_head_json":{"title":"Fale Conosco - BBN","robots":{"index":"index","follow":"follow","max-snippet":"max-snippet:-1","max-image-preview":"max-image-preview:large","max-video-preview":"max-video-preview:-1"},"canonical":"https:\/\/bbn1.bbnradio.org\/portuguese\/fale-conosco\/","og_locale":"pt_BR","og_type":"article","og_title":"Fale Conosco","og_description":"Maneiras de Entrar em Contato a BBN. Endere\u00e7os e telefones. Fa\u00e7a uma pergunta B\u00edblica.","og_url":"https:\/\/bbn1.bbnradio.org\/portuguese\/fale-conosco\/","og_site_name":"BBN","article_publisher":"https:\/\/www.facebook.com\/BBNPortugues","article_modified_time":"2018-10-25T14:12:22+00:00","twitter_card":"summary_large_image","twitter_title":"Fale Conosco","twitter_description":"Maneiras de Entrar em Contato a BBN. Endere\u00e7os e telefones. Fa\u00e7a uma pergunta B\u00edblica.","twitter_site":"@BBNPortugues","twitter_misc":{"Est. tempo de leitura":"3 minutos"},"schema":{"@context":"https:\/\/schema.org","@graph":[{"@type":"WebPage","@id":"https:\/\/bbn1.bbnradio.org\/portuguese\/fale-conosco\/","url":"https:\/\/bbn1.bbnradio.org\/portuguese\/fale-conosco\/","name":"Fale Conosco - BBN","isPartOf":{"@id":"https:\/\/bbn1.bbnradio.org\/portuguese\/#website"},"datePublished":"2015-04-28T16:21:27+00:00","dateModified":"2018-10-25T14:12:22+00:00","breadcrumb":{"@id":"https:\/\/bbn1.bbnradio.org\/portuguese\/fale-conosco\/#breadcrumb"},"inLanguage":"pt-BR","potentialAction":[{"@type":"ReadAction","target":["https:\/\/bbn1.bbnradio.org\/portuguese\/fale-conosco\/"]}]},{"@type":"BreadcrumbList","@id":"https:\/\/bbn1.bbnradio.org\/portuguese\/fale-conosco\/#breadcrumb","itemListElement":[{"@type":"ListItem","position":1,"name":"Home","item":"https:\/\/bbn1.bbnradio.org\/portuguese\/inicio\/"},{"@type":"ListItem","position":2,"name":"Fale Conosco"}]},{"@type":"WebSite","@id":"https:\/\/bbn1.bbnradio.org\/portuguese\/#website","url":"https:\/\/bbn1.bbnradio.org\/portuguese\/","name":"BBN Portuguese","description":"BBN","potentialAction":[{"@type":"SearchAction","target":{"@type":"EntryPoint","urlTemplate":"https:\/\/bbn1.bbnradio.org\/portuguese\/?s={search_term_string}"},"query-input":{"@type":"PropertyValueSpecification","valueRequired":true,"valueName":"search_term_string"}}],"inLanguage":"pt-BR"}]}},"jetpack_sharing_enabled":true,"jetpack_shortlink":"https:\/\/wp.me\/P85nO0-Th","_links":{"self":[{"href":"https:\/\/bbn1.bbnradio.org\/portuguese\/wp-json\/wp\/v2\/pages\/3427","targetHints":{"allow":["GET"]}}],"collection":[{"href":"https:\/\/bbn1.bbnradio.org\/portuguese\/wp-json\/wp\/v2\/pages"}],"about":[{"href":"https:\/\/bbn1.bbnradio.org\/portuguese\/wp-json\/wp\/v2\/types\/page"}],"author":[{"embeddable":true,"href":"https:\/\/bbn1.bbnradio.org\/portuguese\/wp-json\/wp\/v2\/users\/22"}],"replies":[{"embeddable":true,"href":"https:\/\/bbn1.bbnradio.org\/portuguese\/wp-json\/wp\/v2\/comments?post=3427"}],"version-history":[{"count":3,"href":"https:\/\/bbn1.bbnradio.org\/portuguese\/wp-json\/wp\/v2\/pages\/3427\/revisions"}],"predecessor-version":[{"id":14052,"href":"https:\/\/bbn1.bbnradio.org\/portuguese\/wp-json\/wp\/v2\/pages\/3427\/revisions\/14052"}],"wp:attachment":[{"href":"https:\/\/bbn1.bbnradio.org\/portuguese\/wp-json\/wp\/v2\/media?parent=3427"}],"wp:term":[{"taxonomy":"category","embeddable":true,"href":"https:\/\/bbn1.bbnradio.org\/portuguese\/wp-json\/wp\/v2\/categories?post=3427"},{"taxonomy":"post_tag","embeddable":true,"href":"https:\/\/bbn1.bbnradio.org\/portuguese\/wp-json\/wp\/v2\/tags?post=3427"}],"curies":[{"name":"wp","href":"https:\/\/api.w.org\/{rel}","templated":true}]}}