{"id":4024,"date":"2015-06-26T12:51:18","date_gmt":"2015-06-26T16:51:18","guid":{"rendered":"https:\/\/bbn1.bbnradio.org\/english\/?page_id=4024"},"modified":"2018-07-06T14:51:03","modified_gmt":"2018-07-06T19:51:03","slug":"relate-um-problema","status":"publish","type":"page","link":"https:\/\/bbn1.bbnradio.org\/portuguese\/fale-conosco\/relate-um-problema\/","title":{"rendered":"Relate um Problema"},"content":{"rendered":"\n<style type=\"text\/css\" data-created_by=\"avia_inline_auto\" id=\"style-css-av-av_image-0f11d5132b8a3000e8c682f2372f8751\">\n.avia-image-container.av-av_image-0f11d5132b8a3000e8c682f2372f8751 img.avia_image{\nbox-shadow:none;\n}\n.avia-image-container.av-av_image-0f11d5132b8a3000e8c682f2372f8751 .av-image-caption-overlay-center{\ncolor:#ffffff;\n}\n<\/style>\n<div  class='avia-image-container av-av_image-0f11d5132b8a3000e8c682f2372f8751 av-styling- avia-align-center  avia-builder-el-0  el_before_av_heading  avia-builder-el-first '   itemprop=\"image\" itemscope=\"itemscope\" itemtype=\"https:\/\/schema.org\/ImageObject\" ><div class=\"avia-image-container-inner\"><div class=\"avia-image-overlay-wrap\"><img decoding=\"async\" fetchpriority=\"high\" class='wp-image-8375 avia-img-lazy-loading-not-8375 avia_image ' src=\"https:\/\/bbn1.bbnradio.org\/portuguese\/wp-content\/uploads\/sites\/6\/2016\/08\/Report-a-problem.jpg\" alt='Report a problem' title='Report a problem'  height=\"321\" width=\"613\"  itemprop=\"thumbnailUrl\"  \/><\/div><\/div><\/div>\n\n<style type=\"text\/css\" data-created_by=\"avia_inline_auto\" id=\"style-css-av-av_heading-e4a4c2045cdf9a3ab890eb2b70b96e3a\">\n#top .av-special-heading.av-av_heading-e4a4c2045cdf9a3ab890eb2b70b96e3a{\npadding-bottom:10px;\n}\nbody .av-special-heading.av-av_heading-e4a4c2045cdf9a3ab890eb2b70b96e3a .av-special-heading-tag .heading-char{\nfont-size:25px;\n}\n.av-special-heading.av-av_heading-e4a4c2045cdf9a3ab890eb2b70b96e3a .av-subheading{\nfont-size:15px;\n}\n<\/style>\n<div  class='av-special-heading av-av_heading-e4a4c2045cdf9a3ab890eb2b70b96e3a av-special-heading-h3  avia-builder-el-1  el_after_av_image  el_before_av_iconlist '><h3 class='av-special-heading-tag '  itemprop=\"headline\"  >Obrigado por relatar o problema!<\/h3><div class=\"special-heading-border\"><div class=\"special-heading-inner-border\"><\/div><\/div><\/div>\n\n<style type=\"text\/css\" data-created_by=\"avia_inline_auto\" id=\"style-css-av-av_iconlist-01167bbe2a07bb0b06f67f9beddcfb04\">\n#top .avia-icon-list-container.av-av_iconlist-01167bbe2a07bb0b06f67f9beddcfb04 .iconlist_icon{\ncolor:#0e80f7;\nbackground-color:#ffffff;\nborder:1px solid #0e80f7;\n}\n#top .avia-icon-list-container.av-av_iconlist-01167bbe2a07bb0b06f67f9beddcfb04 .iconlist_icon svg:first-child{\nstroke:#0e80f7;\nfill:#0e80f7;\n}\n<\/style>\n<div  class='avia-icon-list-container av-av_iconlist-01167bbe2a07bb0b06f67f9beddcfb04  avia-builder-el-2  el_after_av_heading  avia-builder-el-last '><ul class='avia-icon-list avia_animate_when_almost_visible avia-icon-list-left av-iconlist-big av-av_iconlist-01167bbe2a07bb0b06f67f9beddcfb04 avia-iconlist-animate'>\n<li><a href='https://\/\/bbn1.bbnradio.org\/portuguese\/fale-conosco\/relate-um-problema\/emissoras-fora-do-ar-ou-com-problemas-tecnicos\/?PHPSESSID=cKQxzsTFtdYEnmmGn5sAA7gr3cPVsNKk' title='Emissora Fora do Ar'  class='iconlist_icon av-av_iconlist_item-1c4c7d62bed147970bf51019091aebb3 avia-font-entypo-fontello avia-iconfont avia-font-entypo-fontello'><span class='av-icon-char' data-av_icon='\ue83e' data-av_iconfont='entypo-fontello' aria-hidden=\"true\"><\/span><\/a><article class=\"article-icon-entry \"  itemscope=\"itemscope\" itemtype=\"https:\/\/schema.org\/CreativeWork\" ><div class=\"iconlist_content_wrap\"><header class=\"entry-content-header\" aria-label=\"Icon: &lt;a href=&#039;https:\/\/bbn1.bbnradio.org\/portuguese\/fale-conosco\/relate-um-problema\/emissoras-fora-do-ar-ou-com-problemas-tecnicos\/&#039; title=&#039;Emissora Fora do Ar&#039;&gt;Emissora Fora do Ar&lt;\/a&gt;\"><h4 class='av_iconlist_title iconlist_title  '  itemprop=\"headline\" ><a href='https://\/\/bbn1.bbnradio.org\/portuguese\/fale-conosco\/relate-um-problema\/emissoras-fora-do-ar-ou-com-problemas-tecnicos\/?PHPSESSID=cKQxzsTFtdYEnmmGn5sAA7gr3cPVsNKk' title='Emissora Fora do Ar'>Emissora Fora do Ar<\/a><\/h4><\/header><div class='iconlist_content '  itemprop=\"text\" ><p>Se houver algum problema com o sinal ou com a qualidade do \u00e1udio, precisamos saber!<\/p>\n<\/div><\/div><footer class=\"entry-footer\"><\/footer><\/article><div class=\"iconlist-timeline\"><\/div><\/li>\n<li><a href='https://\/\/bbn1.bbnradio.org\/portuguese\/fale-conosco\/relate-um-problema\/problemas-com-a-transmissao-ao-vivo\/?PHPSESSID=cKQxzsTFtdYEnmmGn5sAA7gr3cPVsNKk' title='Problemas com a transmiss\u00e3o via internet'  class='iconlist_icon av-av_iconlist_item-635d3f1af20d7f2a2ed41602e63e74b7 avia-font-entypo-fontello avia-iconfont avia-font-entypo-fontello'><span class='av-icon-char' data-av_icon='\ue8ce' data-av_iconfont='entypo-fontello' aria-hidden=\"true\"><\/span><\/a><article class=\"article-icon-entry \"  itemscope=\"itemscope\" itemtype=\"https:\/\/schema.org\/CreativeWork\" ><div class=\"iconlist_content_wrap\"><header class=\"entry-content-header\" aria-label=\"Icon: &lt;a href=&#039;https:\/\/bbn1.bbnradio.org\/portuguese\/fale-conosco\/relate-um-problema\/problemas-com-a-transmissao-ao-vivo\/&#039; title=&#039;Problemas com a transmiss\u00e3o via internet&#039;&gt;Problemas com a transmiss\u00e3o via internet&lt;\/a&gt;\"><h4 class='av_iconlist_title iconlist_title  '  itemprop=\"headline\" ><a href='https://\/\/bbn1.bbnradio.org\/portuguese\/fale-conosco\/relate-um-problema\/problemas-com-a-transmissao-ao-vivo\/?PHPSESSID=cKQxzsTFtdYEnmmGn5sAA7gr3cPVsNKk' title='Problemas com a transmiss\u00e3o via internet'>Problemas com a transmiss\u00e3o via internet<\/a><\/h4><\/header><div class='iconlist_content '  itemprop=\"text\" ><p>Fa\u00e7a aqui qualquer pergunta relacionada \u00e0 transmiss\u00e3o via internet da BBN.<\/p>\n<\/div><\/div><footer class=\"entry-footer\"><\/footer><\/article><div class=\"iconlist-timeline\"><\/div><\/li>\n<li><a href='https://\/\/bbn1.bbnradio.org\/portuguese\/fale-conosco\/relate-um-problema\/problemas-com-o-bbn-sob-demanda\/?PHPSESSID=cKQxzsTFtdYEnmmGn5sAA7gr3cPVsNKk' title='Problemas com o \u00c1udio Sob Demanda'  class='iconlist_icon av-av_iconlist_item-3948c9e4a5919bf44b7eba0042469e15 avia-font-entypo-fontello avia-iconfont avia-font-entypo-fontello'><span class='av-icon-char' data-av_icon='\ue86f' data-av_iconfont='entypo-fontello' aria-hidden=\"true\"><\/span><\/a><article class=\"article-icon-entry \"  itemscope=\"itemscope\" itemtype=\"https:\/\/schema.org\/CreativeWork\" ><div class=\"iconlist_content_wrap\"><header class=\"entry-content-header\" aria-label=\"Icon: &lt;a href=&#039;https:\/\/bbn1.bbnradio.org\/portuguese\/fale-conosco\/relate-um-problema\/problemas-com-o-bbn-sob-demanda\/&#039; title=&#039;Problemas com o \u00c1udio Sob Demanda&#039;&gt;Problemas com o \u00c1udio Sob Demanda&lt;\/a&gt;\"><h4 class='av_iconlist_title iconlist_title  '  itemprop=\"headline\" ><a href='https://\/\/bbn1.bbnradio.org\/portuguese\/fale-conosco\/relate-um-problema\/problemas-com-o-bbn-sob-demanda\/?PHPSESSID=cKQxzsTFtdYEnmmGn5sAA7gr3cPVsNKk' title='Problemas com o \u00c1udio Sob Demanda'>Problemas com o \u00c1udio Sob Demanda<\/a><\/h4><\/header><div class='iconlist_content '  itemprop=\"text\" ><p>Fa\u00e7a aqui a sua pergunta sobre o \u00c1udio Sob Demanda.<\/p>\n<\/div><\/div><footer class=\"entry-footer\"><\/footer><\/article><div class=\"iconlist-timeline\"><\/div><\/li>\n<li><a href='https://\/\/bbn1.bbnradio.org\/portuguese\/fale-conosco\/relate-um-problema\/problemas-com-a-pagina\/?PHPSESSID=cKQxzsTFtdYEnmmGn5sAA7gr3cPVsNKk' title='Problemas com a p\u00e1gina'  class='iconlist_icon av-av_iconlist_item-bf20b975c585c3b318645bf32b89e1f4 avia-font-entypo-fontello avia-iconfont avia-font-entypo-fontello'><span class='av-icon-char' data-av_icon='\ue84d' data-av_iconfont='entypo-fontello' aria-hidden=\"true\"><\/span><\/a><article class=\"article-icon-entry \"  itemscope=\"itemscope\" itemtype=\"https:\/\/schema.org\/CreativeWork\" ><div class=\"iconlist_content_wrap\"><header class=\"entry-content-header\" aria-label=\"Icon: &lt;a href=&#039;https:\/\/bbn1.bbnradio.org\/portuguese\/fale-conosco\/relate-um-problema\/problemas-com-a-pagina\/&#039; title=&#039;Problemas com a p\u00e1gina&#039;&gt;Problemas com a p\u00e1gina&lt;\/a&gt;\"><h4 class='av_iconlist_title iconlist_title  '  itemprop=\"headline\" ><a href='https://\/\/bbn1.bbnradio.org\/portuguese\/fale-conosco\/relate-um-problema\/problemas-com-a-pagina\/?PHPSESSID=cKQxzsTFtdYEnmmGn5sAA7gr3cPVsNKk' title='Problemas com a p\u00e1gina'>Problemas com a p\u00e1gina<\/a><\/h4><\/header><div class='iconlist_content '  itemprop=\"text\" ><p>Problemas com um link or algum erro de portugu\u00eas? Por favor, nos diga!<\/p>\n<\/div><\/div><footer class=\"entry-footer\"><\/footer><\/article><div class=\"iconlist-timeline\"><\/div><\/li>\n<\/ul><\/div>\n<!-- AddThis Advanced Settings generic via filter on the_content --><!-- AddThis Share Buttons generic via filter on the_content -->","protected":false},"excerpt":{"rendered":"<p><!-- AddThis Advanced Settings generic via filter on get_the_excerpt --><!-- AddThis Share Buttons generic via filter on get_the_excerpt --><\/p>\n","protected":false},"author":22,"featured_media":8375,"parent":3427,"menu_order":0,"comment_status":"open","ping_status":"open","template":"","meta":{"jetpack_post_was_ever_published":false,"footnotes":""},"categories":[],"tags":[],"class_list":["post-4024","page","type-page","status-publish","has-post-thumbnail","hentry"],"yoast_head":"<!-- This site is optimized with the Yoast SEO Premium plugin v24.8 (Yoast SEO v24.8.1) - https:\/\/yoast.com\/wordpress\/plugins\/seo\/ -->\n<title>Relate um Problema - BBN<\/title>\n<meta name=\"description\" content=\"Relate aqui qualquer problema com o site ou com a transmiss\u00e3o\" \/>\n<meta name=\"robots\" content=\"index, follow, max-snippet:-1, max-image-preview:large, max-video-preview:-1\" \/>\n<link rel=\"canonical\" href=\"https:\/\/bbn1.bbnradio.org\/portuguese\/fale-conosco\/relate-um-problema\/\" \/>\n<meta property=\"og:locale\" content=\"pt_BR\" \/>\n<meta property=\"og:type\" content=\"article\" \/>\n<meta property=\"og:title\" content=\"Relate um Problema\" \/>\n<meta property=\"og:description\" content=\"Relate aqui qualquer problema com o site ou com a transmiss\u00e3o\" \/>\n<meta property=\"og:url\" content=\"https:\/\/bbn1.bbnradio.org\/portuguese\/fale-conosco\/relate-um-problema\/\" \/>\n<meta property=\"og:site_name\" content=\"BBN\" \/>\n<meta property=\"article:publisher\" content=\"https:\/\/www.facebook.com\/BBNPortugues\" \/>\n<meta property=\"article:modified_time\" content=\"2018-07-06T19:51:03+00:00\" \/>\n<meta name=\"twitter:card\" content=\"summary_large_image\" \/>\n<meta name=\"twitter:image\" content=\"https:\/\/bbn1.bbnradio.org\/english\/wp-content\/uploads\/sites\/2\/2016\/08\/Report-a-problem.jpg\" \/>\n<meta name=\"twitter:site\" content=\"@BBNPortugues\" \/>\n<meta name=\"twitter:label1\" content=\"Est. tempo de leitura\" \/>\n\t<meta name=\"twitter:data1\" content=\"2 minutos\" \/>\n<script type=\"application\/ld+json\" class=\"yoast-schema-graph\">{\"@context\":\"https:\/\/schema.org\",\"@graph\":[{\"@type\":\"WebPage\",\"@id\":\"https:\/\/bbn1.bbnradio.org\/portuguese\/fale-conosco\/relate-um-problema\/\",\"url\":\"https:\/\/bbn1.bbnradio.org\/portuguese\/fale-conosco\/relate-um-problema\/\",\"name\":\"Relate um Problema - BBN\",\"isPartOf\":{\"@id\":\"https:\/\/bbn1.bbnradio.org\/portuguese\/#website\"},\"primaryImageOfPage\":{\"@id\":\"https:\/\/bbn1.bbnradio.org\/portuguese\/fale-conosco\/relate-um-problema\/#primaryimage\"},\"image\":{\"@id\":\"https:\/\/bbn1.bbnradio.org\/portuguese\/fale-conosco\/relate-um-problema\/#primaryimage\"},\"thumbnailUrl\":\"https:\/\/bbn1.bbnradio.org\/portuguese\/wp-content\/uploads\/sites\/6\/2016\/08\/Report-a-problem.jpg\",\"datePublished\":\"2015-06-26T16:51:18+00:00\",\"dateModified\":\"2018-07-06T19:51:03+00:00\",\"description\":\"Relate aqui qualquer problema com o site ou com a transmiss\u00e3o\",\"breadcrumb\":{\"@id\":\"https:\/\/bbn1.bbnradio.org\/portuguese\/fale-conosco\/relate-um-problema\/#breadcrumb\"},\"inLanguage\":\"pt-BR\",\"potentialAction\":[{\"@type\":\"ReadAction\",\"target\":[\"https:\/\/bbn1.bbnradio.org\/portuguese\/fale-conosco\/relate-um-problema\/\"]}]},{\"@type\":\"ImageObject\",\"inLanguage\":\"pt-BR\",\"@id\":\"https:\/\/bbn1.bbnradio.org\/portuguese\/fale-conosco\/relate-um-problema\/#primaryimage\",\"url\":\"https:\/\/bbn1.bbnradio.org\/portuguese\/wp-content\/uploads\/sites\/6\/2016\/08\/Report-a-problem.jpg\",\"contentUrl\":\"https:\/\/bbn1.bbnradio.org\/portuguese\/wp-content\/uploads\/sites\/6\/2016\/08\/Report-a-problem.jpg\",\"width\":1200,\"height\":628,\"caption\":\"Report a problem\"},{\"@type\":\"BreadcrumbList\",\"@id\":\"https:\/\/bbn1.bbnradio.org\/portuguese\/fale-conosco\/relate-um-problema\/#breadcrumb\",\"itemListElement\":[{\"@type\":\"ListItem\",\"position\":1,\"name\":\"Home\",\"item\":\"https:\/\/bbn1.bbnradio.org\/portuguese\/inicio\/\"},{\"@type\":\"ListItem\",\"position\":2,\"name\":\"Fale Conosco\",\"item\":\"https:\/\/bbn1.bbnradio.org\/portuguese\/fale-conosco\/\"},{\"@type\":\"ListItem\",\"position\":3,\"name\":\"Relate um Problema\"}]},{\"@type\":\"WebSite\",\"@id\":\"https:\/\/bbn1.bbnradio.org\/portuguese\/#website\",\"url\":\"https:\/\/bbn1.bbnradio.org\/portuguese\/\",\"name\":\"BBN Portuguese\",\"description\":\"BBN\",\"potentialAction\":[{\"@type\":\"SearchAction\",\"target\":{\"@type\":\"EntryPoint\",\"urlTemplate\":\"https:\/\/bbn1.bbnradio.org\/portuguese\/?s={search_term_string}\"},\"query-input\":{\"@type\":\"PropertyValueSpecification\",\"valueRequired\":true,\"valueName\":\"search_term_string\"}}],\"inLanguage\":\"pt-BR\"}]}<\/script>\n<!-- \/ Yoast SEO Premium plugin. -->","yoast_head_json":{"title":"Relate um Problema - BBN","description":"Relate aqui qualquer problema com o site ou com a transmiss\u00e3o","robots":{"index":"index","follow":"follow","max-snippet":"max-snippet:-1","max-image-preview":"max-image-preview:large","max-video-preview":"max-video-preview:-1"},"canonical":"https:\/\/bbn1.bbnradio.org\/portuguese\/fale-conosco\/relate-um-problema\/","og_locale":"pt_BR","og_type":"article","og_title":"Relate um Problema","og_description":"Relate aqui qualquer problema com o site ou com a transmiss\u00e3o","og_url":"https:\/\/bbn1.bbnradio.org\/portuguese\/fale-conosco\/relate-um-problema\/","og_site_name":"BBN","article_publisher":"https:\/\/www.facebook.com\/BBNPortugues","article_modified_time":"2018-07-06T19:51:03+00:00","twitter_card":"summary_large_image","twitter_image":"https:\/\/bbn1.bbnradio.org\/english\/wp-content\/uploads\/sites\/2\/2016\/08\/Report-a-problem.jpg","twitter_site":"@BBNPortugues","twitter_misc":{"Est. tempo de leitura":"2 minutos"},"schema":{"@context":"https:\/\/schema.org","@graph":[{"@type":"WebPage","@id":"https:\/\/bbn1.bbnradio.org\/portuguese\/fale-conosco\/relate-um-problema\/","url":"https:\/\/bbn1.bbnradio.org\/portuguese\/fale-conosco\/relate-um-problema\/","name":"Relate um Problema - BBN","isPartOf":{"@id":"https:\/\/bbn1.bbnradio.org\/portuguese\/#website"},"primaryImageOfPage":{"@id":"https:\/\/bbn1.bbnradio.org\/portuguese\/fale-conosco\/relate-um-problema\/#primaryimage"},"image":{"@id":"https:\/\/bbn1.bbnradio.org\/portuguese\/fale-conosco\/relate-um-problema\/#primaryimage"},"thumbnailUrl":"https:\/\/bbn1.bbnradio.org\/portuguese\/wp-content\/uploads\/sites\/6\/2016\/08\/Report-a-problem.jpg","datePublished":"2015-06-26T16:51:18+00:00","dateModified":"2018-07-06T19:51:03+00:00","description":"Relate aqui qualquer problema com o site ou com a transmiss\u00e3o","breadcrumb":{"@id":"https:\/\/bbn1.bbnradio.org\/portuguese\/fale-conosco\/relate-um-problema\/#breadcrumb"},"inLanguage":"pt-BR","potentialAction":[{"@type":"ReadAction","target":["https:\/\/bbn1.bbnradio.org\/portuguese\/fale-conosco\/relate-um-problema\/"]}]},{"@type":"ImageObject","inLanguage":"pt-BR","@id":"https:\/\/bbn1.bbnradio.org\/portuguese\/fale-conosco\/relate-um-problema\/#primaryimage","url":"https:\/\/bbn1.bbnradio.org\/portuguese\/wp-content\/uploads\/sites\/6\/2016\/08\/Report-a-problem.jpg","contentUrl":"https:\/\/bbn1.bbnradio.org\/portuguese\/wp-content\/uploads\/sites\/6\/2016\/08\/Report-a-problem.jpg","width":1200,"height":628,"caption":"Report a problem"},{"@type":"BreadcrumbList","@id":"https:\/\/bbn1.bbnradio.org\/portuguese\/fale-conosco\/relate-um-problema\/#breadcrumb","itemListElement":[{"@type":"ListItem","position":1,"name":"Home","item":"https:\/\/bbn1.bbnradio.org\/portuguese\/inicio\/"},{"@type":"ListItem","position":2,"name":"Fale Conosco","item":"https:\/\/bbn1.bbnradio.org\/portuguese\/fale-conosco\/"},{"@type":"ListItem","position":3,"name":"Relate um Problema"}]},{"@type":"WebSite","@id":"https:\/\/bbn1.bbnradio.org\/portuguese\/#website","url":"https:\/\/bbn1.bbnradio.org\/portuguese\/","name":"BBN Portuguese","description":"BBN","potentialAction":[{"@type":"SearchAction","target":{"@type":"EntryPoint","urlTemplate":"https:\/\/bbn1.bbnradio.org\/portuguese\/?s={search_term_string}"},"query-input":{"@type":"PropertyValueSpecification","valueRequired":true,"valueName":"search_term_string"}}],"inLanguage":"pt-BR"}]}},"jetpack_sharing_enabled":true,"jetpack_shortlink":"https:\/\/wp.me\/P85nO0-12U","_links":{"self":[{"href":"https:\/\/bbn1.bbnradio.org\/portuguese\/wp-json\/wp\/v2\/pages\/4024","targetHints":{"allow":["GET"]}}],"collection":[{"href":"https:\/\/bbn1.bbnradio.org\/portuguese\/wp-json\/wp\/v2\/pages"}],"about":[{"href":"https:\/\/bbn1.bbnradio.org\/portuguese\/wp-json\/wp\/v2\/types\/page"}],"author":[{"embeddable":true,"href":"https:\/\/bbn1.bbnradio.org\/portuguese\/wp-json\/wp\/v2\/users\/22"}],"replies":[{"embeddable":true,"href":"https:\/\/bbn1.bbnradio.org\/portuguese\/wp-json\/wp\/v2\/comments?post=4024"}],"version-history":[{"count":3,"href":"https:\/\/bbn1.bbnradio.org\/portuguese\/wp-json\/wp\/v2\/pages\/4024\/revisions"}],"predecessor-version":[{"id":13028,"href":"https:\/\/bbn1.bbnradio.org\/portuguese\/wp-json\/wp\/v2\/pages\/4024\/revisions\/13028"}],"up":[{"embeddable":true,"href":"https:\/\/bbn1.bbnradio.org\/portuguese\/wp-json\/wp\/v2\/pages\/3427"}],"wp:featuredmedia":[{"embeddable":true,"href":"https:\/\/bbn1.bbnradio.org\/portuguese\/wp-json\/wp\/v2\/media\/8375"}],"wp:attachment":[{"href":"https:\/\/bbn1.bbnradio.org\/portuguese\/wp-json\/wp\/v2\/media?parent=4024"}],"wp:term":[{"taxonomy":"category","embeddable":true,"href":"https:\/\/bbn1.bbnradio.org\/portuguese\/wp-json\/wp\/v2\/categories?post=4024"},{"taxonomy":"post_tag","embeddable":true,"href":"https:\/\/bbn1.bbnradio.org\/portuguese\/wp-json\/wp\/v2\/tags?post=4024"}],"curies":[{"name":"wp","href":"https:\/\/api.w.org\/{rel}","templated":true}]}}