{"id":6597,"date":"2016-02-19T14:34:53","date_gmt":"2016-02-19T19:34:53","guid":{"rendered":"https:\/\/bbn1.bbnradio.org\/english\/?page_id=6597"},"modified":"2018-08-02T14:32:02","modified_gmt":"2018-08-02T17:32:02","slug":"marco-andre","status":"publish","type":"page","link":"https:\/\/bbn1.bbnradio.org\/portuguese\/sobre-bbn\/locutores-da-bbn-2\/marco-andre\/","title":{"rendered":"Marco Andr\u00e9"},"content":{"rendered":"\n<style type=\"text\/css\" data-created_by=\"avia_inline_auto\" id=\"style-css-av-uwr3p-d3407b91c04aa18372522e9149f621a0\">\n.flex_column.av-uwr3p-d3407b91c04aa18372522e9149f621a0{\nborder-radius:0px 0px 0px 0px;\npadding:0px 0px 0px 0px;\n}\n<\/style>\n<div  class='flex_column av-uwr3p-d3407b91c04aa18372522e9149f621a0 av_one_fourth  avia-builder-el-0  el_before_av_three_fourth  avia-builder-el-first  first flex_column_div av-zero-column-padding  '     ><p>\n<style type=\"text\/css\" data-created_by=\"avia_inline_auto\" id=\"style-css-av-861hmd-6a5665e88dcc275f17844cb77cf3b16d\">\n#top .hr.hr-invisible.av-861hmd-6a5665e88dcc275f17844cb77cf3b16d{\nheight:1px;\n}\n<\/style>\n<div  class='hr av-861hmd-6a5665e88dcc275f17844cb77cf3b16d hr-invisible  avia-builder-el-1  el_before_av_team_member  avia-builder-el-first '><span class='hr-inner '><span class=\"hr-inner-style\"><\/span><\/span><\/div><br \/>\n<section  class='avia-team-member av-5n8105-19311cb158302762b54678560a4d338d  avia-builder-el-2  el_after_av_hr  avia-builder-el-last '  itemscope=\"itemscope\" itemtype=\"https:\/\/schema.org\/Person\" ><div class=\"team-img-container\"><img decoding=\"async\" fetchpriority=\"high\" class='wp-image-12188 avia-img-lazy-loading-not-12188 avia_image avia_image_team' src=\"https:\/\/bbn1.bbnradio.org\/portuguese\/wp-content\/uploads\/sites\/6\/2018\/02\/Marco-Siegel.jpg\" alt='Marco Andr\u00e9'  itemprop=\"image\"   height=\"1800\" width=\"1200\" \/><\/div><h3 class='team-member-name '  itemprop=\"name\" >Marco Andr\u00e9<\/h3><div class='team-member-job-title '  itemprop=\"jobTitle\" >Locutor<\/div><span class='hidden team-member-affiliation'  itemprop=\"affiliation\" >BBN<\/span><\/section><\/p><\/div>\n<style type=\"text\/css\" data-created_by=\"avia_inline_auto\" id=\"style-css-av-4ygto5-2f41bd5bf8db235f776d1cb985022cf0\">\n.flex_column.av-4ygto5-2f41bd5bf8db235f776d1cb985022cf0{\nborder-radius:0px 0px 0px 0px;\npadding:0px 0px 0px 0px;\n}\n<\/style>\n<div  class='flex_column av-4ygto5-2f41bd5bf8db235f776d1cb985022cf0 av_three_fourth  avia-builder-el-3  el_after_av_one_fourth  avia-builder-el-last  flex_column_div av-zero-column-padding  '     ><section  class='av_textblock_section av-229yt1-4cd6d532c6157ba2465f1c16eb6138e7 '   itemscope=\"itemscope\" itemtype=\"https:\/\/schema.org\/CreativeWork\" ><div class='avia_textblock'  itemprop=\"text\" ><p>Meu nome \u00e9 Marco Andr\u00e9. Eu cresci em um lar crist\u00e3o, sendo exposto \u00e0 Palavra de Deus desde cedo. Minha vida era religiosa, mas eu n\u00e3o tinha a f\u00e9 em Cristo. Eu conhecia hist\u00f3rias, participava das programa\u00e7\u00f5es, eventos e grupos da igreja local, professava crer em Jesus, mas vivia firmado em minha pr\u00f3pria justi\u00e7a e n\u00e3o no Senhor Jesus Cristo.<\/p>\n<p>Contudo, aos 25 anos de idade, depois de viver v\u00e1rios anos em rebeldia declarada a Deus e \u00e0 Sua Palavra, num momento de crise pessoal, o Senhor me atraiu a Cristo. Enquanto eu lia a B\u00edblia, senti Deus falando comigo, me convencendo de minha pecaminosidade, de minha condena\u00e7\u00e3o e de minha necessidade de salva\u00e7\u00e3o. Foi quando, compreendendo o sacrif\u00edcio de Cristo por mim, eu me arrependi de meus pecados e coloquei minha confian\u00e7a no Senhor Jesus Cristo.<\/p>\n<p>Desde ent\u00e3o, meu desejo passou a ser \u201cviver pela f\u00e9 em Cristo, para o Senhor\u201d. Assim, decidi ingressar no semin\u00e1rio, para conhecer melhor a Deus e Sua vontade para minha vida. Ali conheci Suzana, com quem me casei anos depois. Completei o curso em teologia e continuei servindo numa igreja local durante alguns anos.<\/p>\n<p>Ent\u00e3o, j\u00e1 casados, depois de v\u00e1rias mudan\u00e7as em nossas vidas, viemos a conhecer a BBN. Pela provid\u00eancia de Deus, estou servindo ao Senhor atrav\u00e9s do minist\u00e9rio da BBN desde 2013, e desde 2016 fa\u00e7o parte da equipe de locutores.<\/p>\n<p>Sou grato ao Senhor pela Sua provis\u00e3o e gra\u00e7a. Pe\u00e7o a Deus que Ele nos aben\u00e7oe, \u201cpara que se conhe\u00e7a na terra o teu caminho, e entre todas as na\u00e7\u00f5es a tua salva\u00e7\u00e3o.\u201d (Salmos 67:2)<\/p>\n<\/div><\/section><\/div>\n<!-- AddThis Advanced Settings generic via filter on the_content --><!-- AddThis Share Buttons generic via filter on the_content -->","protected":false},"excerpt":{"rendered":"<p><!-- AddThis Advanced Settings generic via filter on get_the_excerpt --><!-- AddThis Share Buttons generic via filter on get_the_excerpt --><\/p>\n","protected":false},"author":22,"featured_media":0,"parent":6263,"menu_order":0,"comment_status":"closed","ping_status":"closed","template":"","meta":{"jetpack_post_was_ever_published":false,"footnotes":""},"categories":[],"tags":[],"class_list":["post-6597","page","type-page","status-publish","hentry"],"yoast_head":"<!-- This site is optimized with the Yoast SEO Premium plugin v24.8 (Yoast SEO v24.8.1) - https:\/\/yoast.com\/wordpress\/plugins\/seo\/ -->\n<title>Marco Andr\u00e9<\/title>\n<meta name=\"description\" content=\"Meu nome \u00e9 Marco Andr\u00e9. Estou servindo ao Senhor atrav\u00e9s do minist\u00e9rio da BBN desde 2013, e desde 2016 fa\u00e7o parte da equipe de locutores.\" \/>\n<meta name=\"robots\" content=\"index, follow, max-snippet:-1, max-image-preview:large, max-video-preview:-1\" \/>\n<link rel=\"canonical\" href=\"https:\/\/bbn1.bbnradio.org\/portuguese\/sobre-bbn\/locutores-da-bbn-2\/marco-andre\/\" \/>\n<meta property=\"og:locale\" content=\"pt_BR\" \/>\n<meta property=\"og:type\" content=\"article\" \/>\n<meta property=\"og:title\" content=\"Marco Andr\u00e9\" \/>\n<meta property=\"og:description\" content=\"Marco Andr\u00e9 faz parte da equipe de locutores da R\u00e1dio BBN!\" \/>\n<meta property=\"og:url\" content=\"https:\/\/bbn1.bbnradio.org\/portuguese\/sobre-bbn\/locutores-da-bbn-2\/marco-andre\/\" \/>\n<meta property=\"og:site_name\" content=\"BBN\" \/>\n<meta property=\"article:publisher\" content=\"https:\/\/www.facebook.com\/BBNPortugues\" \/>\n<meta property=\"article:modified_time\" content=\"2018-08-02T17:32:02+00:00\" \/>\n<meta name=\"twitter:card\" content=\"summary_large_image\" \/>\n<meta name=\"twitter:title\" content=\"Marco Andr\u00e9\" \/>\n<meta name=\"twitter:description\" content=\"Marco Andr\u00e9 faz parte da equipe de locutores da R\u00e1dio BBN!\" \/>\n<meta name=\"twitter:site\" content=\"@BBNPortugues\" \/>\n<meta name=\"twitter:label1\" content=\"Est. tempo de leitura\" \/>\n\t<meta name=\"twitter:data1\" content=\"3 minutos\" \/>\n<script type=\"application\/ld+json\" class=\"yoast-schema-graph\">{\"@context\":\"https:\/\/schema.org\",\"@graph\":[{\"@type\":\"WebPage\",\"@id\":\"https:\/\/bbn1.bbnradio.org\/portuguese\/sobre-bbn\/locutores-da-bbn-2\/marco-andre\/\",\"url\":\"https:\/\/bbn1.bbnradio.org\/portuguese\/sobre-bbn\/locutores-da-bbn-2\/marco-andre\/\",\"name\":\"Marco Andr\u00e9\",\"isPartOf\":{\"@id\":\"https:\/\/bbn1.bbnradio.org\/portuguese\/#website\"},\"datePublished\":\"2016-02-19T19:34:53+00:00\",\"dateModified\":\"2018-08-02T17:32:02+00:00\",\"description\":\"Meu nome \u00e9 Marco Andr\u00e9. Estou servindo ao Senhor atrav\u00e9s do minist\u00e9rio da BBN desde 2013, e desde 2016 fa\u00e7o parte da equipe de locutores.\",\"breadcrumb\":{\"@id\":\"https:\/\/bbn1.bbnradio.org\/portuguese\/sobre-bbn\/locutores-da-bbn-2\/marco-andre\/#breadcrumb\"},\"inLanguage\":\"pt-BR\",\"potentialAction\":[{\"@type\":\"ReadAction\",\"target\":[\"https:\/\/bbn1.bbnradio.org\/portuguese\/sobre-bbn\/locutores-da-bbn-2\/marco-andre\/\"]}]},{\"@type\":\"BreadcrumbList\",\"@id\":\"https:\/\/bbn1.bbnradio.org\/portuguese\/sobre-bbn\/locutores-da-bbn-2\/marco-andre\/#breadcrumb\",\"itemListElement\":[{\"@type\":\"ListItem\",\"position\":1,\"name\":\"Home\",\"item\":\"https:\/\/bbn1.bbnradio.org\/portuguese\/inicio\/\"},{\"@type\":\"ListItem\",\"position\":2,\"name\":\"Sobre a BBN\",\"item\":\"https:\/\/bbn1.bbnradio.org\/portuguese\/sobre-bbn\/\"},{\"@type\":\"ListItem\",\"position\":3,\"name\":\"Locutores da BBN\",\"item\":\"https:\/\/bbn1.bbnradio.org\/portuguese\/sobre-bbn\/locutores-da-bbn-2\/\"},{\"@type\":\"ListItem\",\"position\":4,\"name\":\"Marco Andr\u00e9\"}]},{\"@type\":\"WebSite\",\"@id\":\"https:\/\/bbn1.bbnradio.org\/portuguese\/#website\",\"url\":\"https:\/\/bbn1.bbnradio.org\/portuguese\/\",\"name\":\"BBN Portuguese\",\"description\":\"BBN\",\"potentialAction\":[{\"@type\":\"SearchAction\",\"target\":{\"@type\":\"EntryPoint\",\"urlTemplate\":\"https:\/\/bbn1.bbnradio.org\/portuguese\/?s={search_term_string}\"},\"query-input\":{\"@type\":\"PropertyValueSpecification\",\"valueRequired\":true,\"valueName\":\"search_term_string\"}}],\"inLanguage\":\"pt-BR\"}]}<\/script>\n<!-- \/ Yoast SEO Premium plugin. -->","yoast_head_json":{"title":"Marco Andr\u00e9","description":"Meu nome \u00e9 Marco Andr\u00e9. Estou servindo ao Senhor atrav\u00e9s do minist\u00e9rio da BBN desde 2013, e desde 2016 fa\u00e7o parte da equipe de locutores.","robots":{"index":"index","follow":"follow","max-snippet":"max-snippet:-1","max-image-preview":"max-image-preview:large","max-video-preview":"max-video-preview:-1"},"canonical":"https:\/\/bbn1.bbnradio.org\/portuguese\/sobre-bbn\/locutores-da-bbn-2\/marco-andre\/","og_locale":"pt_BR","og_type":"article","og_title":"Marco Andr\u00e9","og_description":"Marco Andr\u00e9 faz parte da equipe de locutores da R\u00e1dio BBN!","og_url":"https:\/\/bbn1.bbnradio.org\/portuguese\/sobre-bbn\/locutores-da-bbn-2\/marco-andre\/","og_site_name":"BBN","article_publisher":"https:\/\/www.facebook.com\/BBNPortugues","article_modified_time":"2018-08-02T17:32:02+00:00","twitter_card":"summary_large_image","twitter_title":"Marco Andr\u00e9","twitter_description":"Marco Andr\u00e9 faz parte da equipe de locutores da R\u00e1dio BBN!","twitter_site":"@BBNPortugues","twitter_misc":{"Est. tempo de leitura":"3 minutos"},"schema":{"@context":"https:\/\/schema.org","@graph":[{"@type":"WebPage","@id":"https:\/\/bbn1.bbnradio.org\/portuguese\/sobre-bbn\/locutores-da-bbn-2\/marco-andre\/","url":"https:\/\/bbn1.bbnradio.org\/portuguese\/sobre-bbn\/locutores-da-bbn-2\/marco-andre\/","name":"Marco Andr\u00e9","isPartOf":{"@id":"https:\/\/bbn1.bbnradio.org\/portuguese\/#website"},"datePublished":"2016-02-19T19:34:53+00:00","dateModified":"2018-08-02T17:32:02+00:00","description":"Meu nome \u00e9 Marco Andr\u00e9. Estou servindo ao Senhor atrav\u00e9s do minist\u00e9rio da BBN desde 2013, e desde 2016 fa\u00e7o parte da equipe de locutores.","breadcrumb":{"@id":"https:\/\/bbn1.bbnradio.org\/portuguese\/sobre-bbn\/locutores-da-bbn-2\/marco-andre\/#breadcrumb"},"inLanguage":"pt-BR","potentialAction":[{"@type":"ReadAction","target":["https:\/\/bbn1.bbnradio.org\/portuguese\/sobre-bbn\/locutores-da-bbn-2\/marco-andre\/"]}]},{"@type":"BreadcrumbList","@id":"https:\/\/bbn1.bbnradio.org\/portuguese\/sobre-bbn\/locutores-da-bbn-2\/marco-andre\/#breadcrumb","itemListElement":[{"@type":"ListItem","position":1,"name":"Home","item":"https:\/\/bbn1.bbnradio.org\/portuguese\/inicio\/"},{"@type":"ListItem","position":2,"name":"Sobre a BBN","item":"https:\/\/bbn1.bbnradio.org\/portuguese\/sobre-bbn\/"},{"@type":"ListItem","position":3,"name":"Locutores da BBN","item":"https:\/\/bbn1.bbnradio.org\/portuguese\/sobre-bbn\/locutores-da-bbn-2\/"},{"@type":"ListItem","position":4,"name":"Marco Andr\u00e9"}]},{"@type":"WebSite","@id":"https:\/\/bbn1.bbnradio.org\/portuguese\/#website","url":"https:\/\/bbn1.bbnradio.org\/portuguese\/","name":"BBN Portuguese","description":"BBN","potentialAction":[{"@type":"SearchAction","target":{"@type":"EntryPoint","urlTemplate":"https:\/\/bbn1.bbnradio.org\/portuguese\/?s={search_term_string}"},"query-input":{"@type":"PropertyValueSpecification","valueRequired":true,"valueName":"search_term_string"}}],"inLanguage":"pt-BR"}]}},"jetpack_sharing_enabled":true,"jetpack_shortlink":"https:\/\/wp.me\/P85nO0-1Ip","_links":{"self":[{"href":"https:\/\/bbn1.bbnradio.org\/portuguese\/wp-json\/wp\/v2\/pages\/6597","targetHints":{"allow":["GET"]}}],"collection":[{"href":"https:\/\/bbn1.bbnradio.org\/portuguese\/wp-json\/wp\/v2\/pages"}],"about":[{"href":"https:\/\/bbn1.bbnradio.org\/portuguese\/wp-json\/wp\/v2\/types\/page"}],"author":[{"embeddable":true,"href":"https:\/\/bbn1.bbnradio.org\/portuguese\/wp-json\/wp\/v2\/users\/22"}],"replies":[{"embeddable":true,"href":"https:\/\/bbn1.bbnradio.org\/portuguese\/wp-json\/wp\/v2\/comments?post=6597"}],"version-history":[{"count":3,"href":"https:\/\/bbn1.bbnradio.org\/portuguese\/wp-json\/wp\/v2\/pages\/6597\/revisions"}],"predecessor-version":[{"id":13755,"href":"https:\/\/bbn1.bbnradio.org\/portuguese\/wp-json\/wp\/v2\/pages\/6597\/revisions\/13755"}],"up":[{"embeddable":true,"href":"https:\/\/bbn1.bbnradio.org\/portuguese\/wp-json\/wp\/v2\/pages\/6263"}],"wp:attachment":[{"href":"https:\/\/bbn1.bbnradio.org\/portuguese\/wp-json\/wp\/v2\/media?parent=6597"}],"wp:term":[{"taxonomy":"category","embeddable":true,"href":"https:\/\/bbn1.bbnradio.org\/portuguese\/wp-json\/wp\/v2\/categories?post=6597"},{"taxonomy":"post_tag","embeddable":true,"href":"https:\/\/bbn1.bbnradio.org\/portuguese\/wp-json\/wp\/v2\/tags?post=6597"}],"curies":[{"name":"wp","href":"https:\/\/api.w.org\/{rel}","templated":true}]}}

Marco André

<style type="text/css" data-created_by="avia_inline_auto" id="style-css-av-uwr3p-d3407b91c04aa18372522e9149f621a0">
.flex_column.av-uwr3p-d3407b91c04aa18372522e9149f621a0{
border-radius:0px 0px 0px 0px;
padding:0px 0px 0px 0px;
}
</style>
<div  class='flex_column av-uwr3p-d3407b91c04aa18372522e9149f621a0 av_one_fourth  avia-builder-el-0  el_before_av_three_fourth  avia-builder-el-first  first flex_column_div av-zero-column-padding  '     ><p>
<style type="text/css" data-created_by="avia_inline_auto" id="style-css-av-861hmd-6a5665e88dcc275f17844cb77cf3b16d">
#top .hr.hr-invisible.av-861hmd-6a5665e88dcc275f17844cb77cf3b16d{
height:1px;
}
</style>
<div  class='hr av-861hmd-6a5665e88dcc275f17844cb77cf3b16d hr-invisible  avia-builder-el-1  el_before_av_team_member  avia-builder-el-first '><span class='hr-inner '><span class="hr-inner-style"></span></span></div><br />
<section  class='avia-team-member av-5n8105-19311cb158302762b54678560a4d338d  avia-builder-el-2  el_after_av_hr  avia-builder-el-last '  itemscope="itemscope" itemtype="https://schema.org/Person" ><div class="team-img-container"><img decoding="async" fetchpriority="high" class='wp-image-12188 avia-img-lazy-loading-not-12188 avia_image avia_image_team' src="https://bbn1.bbnradio.org/portuguese/wp-content/uploads/sites/6/2018/02/Marco-Siegel.jpg" alt='Marco André'  itemprop="image"   height="1800" width="1200" /></div><h3 class='team-member-name '  itemprop="name" >Marco André</h3><div class='team-member-job-title '  itemprop="jobTitle" >Locutor</div><span class='hidden team-member-affiliation'  itemprop="affiliation" >BBN</span></section></p></div>
<style type="text/css" data-created_by="avia_inline_auto" id="style-css-av-4ygto5-2f41bd5bf8db235f776d1cb985022cf0">
.flex_column.av-4ygto5-2f41bd5bf8db235f776d1cb985022cf0{
border-radius:0px 0px 0px 0px;
padding:0px 0px 0px 0px;
}
</style>
<div  class='flex_column av-4ygto5-2f41bd5bf8db235f776d1cb985022cf0 av_three_fourth  avia-builder-el-3  el_after_av_one_fourth  avia-builder-el-last  flex_column_div av-zero-column-padding  '     ><section  class='av_textblock_section av-229yt1-4cd6d532c6157ba2465f1c16eb6138e7 '   itemscope="itemscope" itemtype="https://schema.org/CreativeWork" ><div class='avia_textblock'  itemprop="text" ><p>Meu nome é Marco André. Eu cresci em um lar cristão, sendo exposto à Palavra de Deus desde cedo. Minha vida era religiosa, mas eu não tinha a fé em Cristo. Eu conhecia histórias, participava das programações, eventos e grupos da igreja local, professava crer em Jesus, mas vivia firmado em minha própria justiça e não no Senhor Jesus Cristo.</p>
<p>Contudo, aos 25 anos de idade, depois de viver vários anos em rebeldia declarada a Deus e à Sua Palavra, num momento de crise pessoal, o Senhor me atraiu a Cristo. Enquanto eu lia a Bíblia, senti Deus falando comigo, me convencendo de minha pecaminosidade, de minha condenação e de minha necessidade de salvação. Foi quando, compreendendo o sacrifício de Cristo por mim, eu me arrependi de meus pecados e coloquei minha confiança no Senhor Jesus Cristo.</p>
<p>Desde então, meu desejo passou a ser “viver pela fé em Cristo, para o Senhor”. Assim, decidi ingressar no seminário, para conhecer melhor a Deus e Sua vontade para minha vida. Ali conheci Suzana, com quem me casei anos depois. Completei o curso em teologia e continuei servindo numa igreja local durante alguns anos.</p>
<p>Então, já casados, depois de várias mudanças em nossas vidas, viemos a conhecer a BBN. Pela providência de Deus, estou servindo ao Senhor através do ministério da BBN desde 2013, e desde 2016 faço parte da equipe de locutores.</p>
<p>Sou grato ao Senhor pela Sua provisão e graça. Peço a Deus que Ele nos abençoe, “para que se conheça na terra o teu caminho, e entre todas as nações a tua salvação.” (Salmos 67:2)</p>
</div></section></div>
<!-- AddThis Advanced Settings generic via filter on the_content --><!-- AddThis Share Buttons generic via filter on the_content -->

<!-- This site is optimized with the Yoast SEO Premium plugin v24.8 (Yoast SEO v24.8.1) - https://yoast.com/wordpress/plugins/seo/ -->
<title>Marco André</title>
<meta name="description" content="Meu nome é Marco André. Estou servindo ao Senhor através do ministério da BBN desde 2013, e desde 2016 faço parte da equipe de locutores." />
<meta name="robots" content="index, follow, max-snippet:-1, max-image-preview:large, max-video-preview:-1" />
<link rel="canonical" href="https://bbn1.bbnradio.org/portuguese/sobre-bbn/locutores-da-bbn-2/marco-andre/" />
<meta property="og:locale" content="pt_BR" />
<meta property="og:type" content="article" />
<meta property="og:title" content="Marco André" />
<meta property="og:description" content="Marco André faz parte da equipe de locutores da Rádio BBN!" />
<meta property="og:url" content="https://bbn1.bbnradio.org/portuguese/sobre-bbn/locutores-da-bbn-2/marco-andre/" />
<meta property="og:site_name" content="BBN" />
<meta property="article:publisher" content="https://www.facebook.com/BBNPortugues" />
<meta property="article:modified_time" content="2018-08-02T17:32:02+00:00" />
<meta name="twitter:card" content="summary_large_image" />
<meta name="twitter:title" content="Marco André" />
<meta name="twitter:description" content="Marco André faz parte da equipe de locutores da Rádio BBN!" />
<meta name="twitter:site" content="@BBNPortugues" />
<meta name="twitter:label1" content="Est. tempo de leitura" />
	<meta name="twitter:data1" content="3 minutos" />
<script type="application/ld+json" class="yoast-schema-graph">{"@context":"https://schema.org","@graph":[{"@type":"WebPage","@id":"https://bbn1.bbnradio.org/portuguese/sobre-bbn/locutores-da-bbn-2/marco-andre/","url":"https://bbn1.bbnradio.org/portuguese/sobre-bbn/locutores-da-bbn-2/marco-andre/","name":"Marco André","isPartOf":{"@id":"https://bbn1.bbnradio.org/portuguese/#website"},"datePublished":"2016-02-19T19:34:53+00:00","dateModified":"2018-08-02T17:32:02+00:00","description":"Meu nome é Marco André. Estou servindo ao Senhor através do ministério da BBN desde 2013, e desde 2016 faço parte da equipe de locutores.","breadcrumb":{"@id":"https://bbn1.bbnradio.org/portuguese/sobre-bbn/locutores-da-bbn-2/marco-andre/#breadcrumb"},"inLanguage":"pt-BR","potentialAction":[{"@type":"ReadAction","target":["https://bbn1.bbnradio.org/portuguese/sobre-bbn/locutores-da-bbn-2/marco-andre/"]}]},{"@type":"BreadcrumbList","@id":"https://bbn1.bbnradio.org/portuguese/sobre-bbn/locutores-da-bbn-2/marco-andre/#breadcrumb","itemListElement":[{"@type":"ListItem","position":1,"name":"Home","item":"https://bbn1.bbnradio.org/portuguese/inicio/"},{"@type":"ListItem","position":2,"name":"Sobre a BBN","item":"https://bbn1.bbnradio.org/portuguese/sobre-bbn/"},{"@type":"ListItem","position":3,"name":"Locutores da BBN","item":"https://bbn1.bbnradio.org/portuguese/sobre-bbn/locutores-da-bbn-2/"},{"@type":"ListItem","position":4,"name":"Marco André"}]},{"@type":"WebSite","@id":"https://bbn1.bbnradio.org/portuguese/#website","url":"https://bbn1.bbnradio.org/portuguese/","name":"BBN Portuguese","description":"BBN","potentialAction":[{"@type":"SearchAction","target":{"@type":"EntryPoint","urlTemplate":"https://bbn1.bbnradio.org/portuguese/?s={search_term_string}"},"query-input":{"@type":"PropertyValueSpecification","valueRequired":true,"valueName":"search_term_string"}}],"inLanguage":"pt-BR"}]}</script>
<!-- / Yoast SEO Premium plugin. -->

Meu nome é Marco André. Estou servindo ao Senhor através do ministério da BBN desde 2013, e desde 2016 faço parte da equipe de locutores.

Marco André faz parte da equipe de locutores da Rádio BBN!
