{"id":7588,"date":"2016-04-04T15:55:27","date_gmt":"2016-04-04T19:55:27","guid":{"rendered":"https:\/\/bbn1.bbnradio.org\/english\/?page_id=7588"},"modified":"2018-06-22T15:27:10","modified_gmt":"2018-06-22T20:27:10","slug":"bible-teaches-salvation","status":"publish","type":"page","link":"https:\/\/bbn1.bbnradio.org\/portuguese\/ferramentas-inicial\/o-que-a-biblia-ensina\/bible-teaches-salvation\/","title":{"rendered":"O Que a B\u00edblia Ensina &#8211; Salva\u00e7\u00e3o"},"content":{"rendered":"<p>SALVA\u00c7\u00c3O<\/p>\n<p>Vamos olhar algumas coisas relacionadas \u00e0 salva\u00e7\u00e3o. A necessidade de ser salvo \u00e9 claramente ensinada na B\u00edblia. Espiritualmente, Deus olha o mundo dividido em duas fam\u00edlias; uma consiste dos filhos do diabo, \u201cV\u00f3s tendes por pai ao diabo, e quereis satisfazer os desejos de vosso pai. Ele foi homicida desde o princ\u00edpio, e n\u00e3o se firmou na verdade, porque n\u00e3o h\u00e1 verdade nele.\u201d Jo\u00e3o 8:44. A outra fam\u00edlia consiste dos filhos de Deus- \u201cMas, a todos quantos o receberam, deu-lhes o poder de serem feitos filhos de Deus.\u201d Jo\u00e3o 1:12. <\/p>\n<p>Voc\u00ea nesse momento, pertence a uma fam\u00edlia ou outra. Se voc\u00ea morresse hoje, sua fam\u00edlia determinaria seu destino eterno. Exatamente agora, voc\u00ea est\u00e1 na fam\u00edlia de Deus ou do diabo? Essa \u00e9 uma pergunta que s\u00f3 voc\u00ea pode responder. <\/p>\n<p>Aqui est\u00e1 a chave. A raz\u00e3o pela qual Deus enviou seu Filho Jesus Cristo ao mundo foi para morrer pelos pecados do mundo e derrotar Satan\u00e1s, abrindo caminho para o novo nascimento \u201calgu\u00e9m que n\u00e3o nascer de novo, n\u00e3o pode ver o reino de Deus.\u201d Jo\u00e3o 3:3. Esse novo nascimento espiritual nos move para a fam\u00edlia de Deus. Isso tudo \u00e9 o que significa a salva\u00e7\u00e3o.<\/p>\n<p>ONZE COISAS QUE N\u00c3O S\u00c3O SALVA\u00c7\u00c3O NEM NOVO NASCIMENTO<\/p>\n<p>1.N\u00e3o depende de descend\u00eancia natural ou parentesco.- \u201cn\u00e3o do sangue\u201d. Embora algu\u00e9m possa nascer numa fam\u00edlia crist\u00e3, isso n\u00e3o faz dele um crist\u00e3o.<\/p>\n<p>2. N\u00e3o depende de auto-determina\u00e7\u00e3o- \u201cvontade da carne\u201d. Assim como uma crian\u00e7a n\u00e3o pode decidir sobre seu nascimento f\u00edsico, ningu\u00e9m pode produzir o novo nascimento pelos seus pr\u00f3prios esfor\u00e7os. <\/p>\n<p>3. N\u00e3o depende de medita\u00e7\u00e3o humana- \u201cn\u00e3o da vontade do homem, mas de Deus.\u201d Nenhum ser humano, seja padre, profeta, pastor, bispo ou l\u00edder espiritual, independentemente de sua posi\u00e7\u00e3o eclesi\u00e1stica, pode transmitir o novo nascimento ou vida espiritual \u00e0 algu\u00e9m. Todos os ritos e cerim\u00f4nias, sacrif\u00edcios e penit\u00eancia, confiss\u00f5es ou ora\u00e7\u00f5es repetitivas que qualquer religi\u00e3o organizada possa promover, jamais poder\u00e3o produzir o novo nascimento.<\/p>\n<p>4. Nenhuma mudan\u00e7a f\u00edsica. Cristo corrigiu o engano de Nicodemos com rela\u00e7\u00e3o a isso e mostrou a ele que era uma mudan\u00e7a espiritual. Jo\u00e3o 3:6.<\/p>\n<p>5. Nenhuma mudan\u00e7a geogr\u00e1fica. Quem nasce de novo n\u00e3o \u00e9 imediatamente trasladado ao c\u00e9u, mas continua a viver na terra, agora para agradar seu salvador.I Cor\u00edntios 7:20-24, Colossenses 3:22-24.<\/p>\n<p>6. N\u00e3o depende de nenhum conhecimento intelectual.Uma pessoa pode ser educada numa religi\u00e3o, ordenada ministro, e tornar-se pregador sem nascer de novo. E h\u00e1 muitos. Teoricamente podem at\u00e9 saber de sua necessidade, ainda assim nada saber por experi\u00eancia pr\u00f3pria. II Pedro 2:20-21. <\/p>\n<p>7. N\u00e3o \u00e9 um processo evolutivo. N\u00e3o se trata de um desenvolvimento gradual de algum germe espiritual depositado no interior. Ef\u00e9sios 2:1-2. Os pecadores s\u00e3o descritos como seres espiritualmente mortos. N\u00e3o \u00e9 um processo. O nascimento traz vida instantaneamente. A vida n\u00e3o poder\u00e1 se desenvolver sem o novo nascimento.<\/p>\n<p>8. N\u00e3o se trata de uma reforma interior pela qual os maus h\u00e1bitos ser\u00e3o eliminados. N\u00e3o \u00e9 uma mudan\u00e7a de maneiras ou h\u00e1bitos da pessoa. Ef\u00e9sios 2:8:9. O novo nascimento traz vida nova. \u201cDou-lhes a vida eterna\u201d disse Jesus. <\/p>\n<p>9. N\u00e3o depende do batismo. Toda a \u00e1gua do oceano n\u00e3o pode salvar ou limpar voc\u00ea. N\u00e3o h\u00e1 poder salv\u00edfico na \u00e1gua do batismo, n\u00e3o importa o que o qualquer um possa dizer. O batismo \u00e9 uma ordenan\u00e7a que representa a morte, sepultamento e ressurrei\u00e7\u00e3o de Jesus Cristo, nada mais. Quando somos batizados, damos um testemunho p\u00fablico do que Deus tem feito em nossa vida. I Pedro 3:21b.N\u00e3o somos salvos pela \u00e1gua mas pelo sangue de Jesus Cristo que foi derramado na cruz..<\/p>\n<p>10. N\u00e3o \u00e9 uma confirma\u00e7\u00e3o. Algumas igrejas realizam certos rituais que alegam salvar seus participantes, geralmente crian\u00e7as de 12-13 anos. \u00c0s vezes \u00e9 uma un\u00e7\u00e3o com \u00f3leo, que supostamente significa o recebimento do Esp\u00edrito Santo. Essa doutrina \u00e9 falsa. Voc\u00ea n\u00e3o recebe o Esp\u00edrito Santo por um ato humano, mas recebendo Jesus Cristo como Senhor e salvador. Jo\u00e3o 3:6.<\/p>\n<p>11. N\u00e3o \u00e9 uma cren\u00e7a religiosa ou ser membro de uma igreja. \u00c9 poss\u00edvel ser sincero com convic\u00e7\u00f5es religiosas, ser batizado, confirmado, unir-se \u00e0 igreja, tomar a comunh\u00e3o, ensinar na escola dominical, ocupar um cargo na igreja, ser um pregador ou padre ou realizar milagres de cura e profecia sem ser nascido de novo. Atos 8:22-23. A necessidade do novo nascimento foi revelada a um dos homens mais religiosos, sinceros e moralmente corretos de seu tempo. Jo\u00e3o 3:1-16.<\/p>\n<p>O novo nascimento \u00e9 uma transforma\u00e7\u00e3o espiritual, Jo\u00e3o 3:8, e somente pode ser trazido por Deus. Jo\u00e3o 1:13.<\/p>\n<p>A SALVA\u00c7\u00c3O EM SETE PONTOS<\/p>\n<p>I. SUA DEFINI\u00c7\u00c3O <\/p>\n<p>A palavra salva\u00e7\u00e3o simplesmente significa liberta\u00e7\u00e3o. Geralmente usamos uma imagem de algu\u00e9m que \u00e9 libertado de um perigo que o amea\u00e7a. Falamos de uma pessoa \u201csalva\u201d de afogamento, ou de um pr\u00e9dio em chamas, ou de um navio naufragando. Em cada caso tr\u00eas fatos s\u00e3o evidentes: (1) A pessoa salva estava em perigo de morte. (2) Algu\u00e9m viu esse perigo e foi salv\u00e1-la. (3) O salvador foi bem sucedido em sua miss\u00e3o e libertou-a de seu perigoso estado, e assim \u201csalvou-a.\u201d As palavras: \u201csalvar\u201d, \u201csalvou\u201d, \u201csalvador\u201d, e \u201csalva\u00e7\u00e3o\u201d ocorrem muitas vezes na B\u00edblia e t\u00eam exatamente o mesmo sentido espiritual.<\/p>\n<p>II. SUA NECESSIDADE<\/p>\n<p>A necessidade de salva\u00e7\u00e3o de Deus \u00e9 devida a dois fatos, que cada pessoa deve enfrentar. <\/p>\n<p>A .O fato do homem ser pecador. Romanos 3:23.<\/p>\n<p>J\u00e1 discutimos em nossa a li\u00e7\u00e3o anterior a condi\u00e7\u00e3o espiritual de cada homem. Por natureza, todos os homens s\u00e3o filhos do diabo. Mostramos que todo ser humano chega ao mundo tendo uma natureza pecaminosa que o torna pecador desde o in\u00edcio. Com o tempo, essa natureza se manifesta por pensamentos pecaminosos, palavras, atos e atitudes de inimizade contra Deus. A B\u00edblia deixa isso bem claro. Leia Romanos 5:12,18,19, 6:16, 8:5-8, G\u00eanesis 6:5, Ef\u00e9sios 2:1-3, II Cor\u00edntios 4:3-4, Isa\u00edas 53:6, Jeremias 17:9, Marcos 7: 20-23, Romanos 1:21-32, 3:19-23. Fica claro em todas as Escrituras que o homem \u00e9: <\/p>\n<p>(1) Um pecador, necessitado de perd\u00e3o.<\/p>\n<p>(2) Perdido, precisando ser encontrado.<\/p>\n<p>(3) Um filho do diabo que deve mover-se em um novo relacionamento com Deus.<\/p>\n<p>(4) Culpado, precisando de perd\u00e3o que s\u00f3 Deus pode dar.<\/p>\n<p>(5) Espiritualmente morto precisando da vida que Deus pode transmitir.<\/p>\n<p>(6) Cego, precisando de ilumina\u00e7\u00e3o que somente pode vir de Deus. <\/p>\n<p>(7) Um escravo, que precisa ser liberto de satan\u00e1s e do pecado que somente Deus pode dar. <\/p>\n<p>O homem \u00e9 extremamente incapaz de se salvar. <\/p>\n<p>B. O fato da Justi\u00e7a de Deus.<\/p>\n<p>Deus \u00e9 santo, e deve punir o pecado. Ele \u00e9 aquele que &#8220;n\u00e3o inocenta o pecado.\u201d \u00caxodo 34:6-7. Ele revelou seu \u00f3dio ao pecado, sua senten\u00e7a contra \u00e0queles que morrem em seus pecados. E isto \u00e9 o banimento eterno de sua presen\u00e7a. Veja Jo\u00e3o 8:21-24, Marcos 9:43-48, Lucas 16:22-31, Judas 11-13, Apocalipse 20:11-15. A conclus\u00e3o \u00f3bvia: sendo o homem pecador e Deus totalmente justo, o pecador precisa ser liberto ou completamente salvo de seus pecados. Seu clamor pode ser: \u201cQue devo fazer para ser salvo?\u201d A resposta \u00e9 \u201cCreia (coloque sua confian\u00e7a) no Senhor Jesus e ser\u00e1s salvo.\u201d Atos 16:30-31. Ningu\u00e9m pode se salvar sozinho. <\/p>\n<p>III. SUA PROVIS\u00c3O <\/p>\n<p>O Evangelho \u00e9 a Boa Nova de Deus e sua maravilhosa gra\u00e7a provendo salva\u00e7\u00e3o abundante atrav\u00e9s da Pessoa e da obra de seu amado Filho Jesus. Duas coisas s\u00e3o ensinadas com clareza:<\/p>\n<p>A. Cristo veio para ser Salvador dos pecadores. <\/p>\n<p>\u201cPorque o Filho do Homem veio buscar e salvar o que se havia perdido.\u201d Lucas 19:10. O Filho de Deus \u00e9 eterno, \u00e9 igual ao Pai e o Esp\u00edrito Santo, tornou-se carne para trazer a salva\u00e7\u00e3o. Jo\u00e3o 3:16-17, Marcos 10:45, Mateus 9:12-13, Jo\u00e3o 10:11, 15-18. <\/p>\n<p>B. Pela morte de Cristo e sua ressurrei\u00e7\u00e3o, essa salva\u00e7\u00e3o foi suprida, para a satisfa\u00e7\u00e3o completa de Deus. <\/p>\n<p>Quando Cristo voluntariamente foi pendurado na cruz, Ele assumiu a total responsabilidade de nossos pecados e culpa, levados em seu pr\u00f3prio corpo, e morreu como sacrif\u00edcio substituto em nome dos pecadores. Todo o ju\u00edzo de Deus contra o pecado estava nele e toda a justi\u00e7a de Deus contra o pecador foi satisfeita pela morte de Cristo em nosso lugar. Deus indicou que aceitou completamente o sacrif\u00edcio de Cristo, ressuscitando-o dos mortos e assentando-o \u00e0 sua m\u00e3o direita. Leia I Cor\u00edntios 15:1-4, II Cor\u00edntios 5:21, I Pedro 2:24, Isa\u00edas 53:5, Romanos 5:6-9, Atos 4:10-12, 5:31, 17:31.<\/p>\n<p>IV. SUA CONDI\u00c7\u00c3O<\/p>\n<p>Realizado o sacrif\u00edcio de Cristo, que era toda obra necess\u00e1ria para a salva\u00e7\u00e3o do pecador, o que deve ser feito para que se experimente essa salva\u00e7\u00e3o? <\/p>\n<p>A. Ele precisa se arrependimento<\/p>\n<p>O arrependimento consiste na mudan\u00e7a de mente, que resulta em mudan\u00e7a de atitude com rela\u00e7\u00e3o ao pecado, de si mesmo, do salvador e da salva\u00e7\u00e3o e por sua vez em mudan\u00e7a de a\u00e7\u00e3o. Leia Lucas 13:3, Atos 17:31, 20:21. A condena\u00e7\u00e3o do pecador dar\u00e1 lugar a um sincero desejo de salva\u00e7\u00e3o, seu orgulho dar\u00e1 lugar \u00e0 humildade, sua auto satisfa\u00e7\u00e3o \u00e0 uma confiss\u00e3o franca de sua incapacidade, condi\u00e7\u00e3o desesperan\u00e7ada e merecedora do inferno. <\/p>\n<p>B. Ele deve crer no evangelho, ou testemunhar de Deus e das coisas relacionadas com a pessoa e obra de Cristo. I Jo\u00e3o 5:9-10.<\/p>\n<p>Como pecador perdido e culpado ele deve crer que Cristo morreu por ele, individualmente, que Cristo levou seus pecados, e por sua morte, realizou toda a obra necess\u00e1ria para sua salva\u00e7\u00e3o. Romanos 4:5.<\/p>\n<p>C. Ele deve aceitar o Senhor Jesus Cristo, como ato definido de sua vontade, como seu salvador pessoal, pertencendo a Ele como supremo Senhor de sua vida. Jo\u00e3o 1:12, Romanos 10:9-10, Jo\u00e3o 3:16, 5: 24, 6:47, Ef\u00e9sios 1:13. <\/p>\n<p>Eis o ato crucial: Voc\u00ea do fundo de seu cora\u00e7\u00e3o, pode dizer: \u201cSenhor Jesus Cristo, eu admito que sou culpado (a), pecador (a) e perdido (a). Creio que Tu levaste meus pecados naquela cruz do calv\u00e1rio e morreste em meu lugar. Agora pe\u00e7o que Tu entres em meu cora\u00e7\u00e3o e me salves. Eu confio na obra realizada na cruz e o recebo como meu Salvador, de hoje em diante quero que sejas Senhor de minha vida.\u201d Isso \u00e9 o que significa \u201ccrer no Senhor Jesus.\u201d Atos 16:31. Se voc\u00ea nunca fez isso, por que n\u00e3o faz agora dando esse passo de f\u00e9 e pedindo a Ele para salv\u00e1-lo? <\/p>\n<p>V. SUA SEGURAN\u00c7A<\/p>\n<p>Como algu\u00e9m pode saber sem sombra de d\u00favida que est\u00e1 salvo? Respondemos sem hesitar: pela palavra de Deus. Deus declara cristalinamente que toda alma que confiar em seu Filho est\u00e1 perdoada, possuidora da vida eterna e salva para sempre. Leia Atos 13:38, I Jo\u00e3o 2:12, Ef\u00e9sios 2:8, I Cor\u00edntios 6:11, I Jo\u00e3o 5:13, Romanos 5:1, 8:1, Jo\u00e3o 10:27-30. <\/p>\n<p>Haver\u00e1 tamb\u00e9m evid\u00eancias como: uma nova paz interior, um desejo de conhecer a B\u00edblia e afastar-se do pecado. \u201cAssim que, se algu\u00e9m est\u00e1 em Cristo, nova criatura \u00e9; as coisas velhas j\u00e1 passaram, eis que tudo se fez novo.\u201d II Cor\u00edntios 5:17. <\/p>\n<p>VI. UMA VIS\u00c3O<\/p>\n<p>A salva\u00e7\u00e3o em tr\u00eas aspectos: passado, presente e futuro.<\/p>\n<p>A. Passado \u2013 Salva\u00e7\u00e3o da pena do pecado ou suas conseq\u00fc\u00eancias.<\/p>\n<p>Tendo Cristo pago toda a pena, que foi devida por nossos pecados, o crist\u00e3o est\u00e1 liberto de suas conseq\u00fc\u00eancias. Jo\u00e3o 5:24, Romanos 8:1.<\/p>\n<p>B. Presente &#8211; A salva\u00e7\u00e3o do poder ou controle do pecado. <\/p>\n<p>Devido \u00e0 morada do Esp\u00edrito Santo, mais a transfer\u00eancia da natureza divina, o crist\u00e3o est\u00e1 agora capacitado a desfrutar da liberta\u00e7\u00e3o do dom\u00ednio do pecado em sua vida. I Cor\u00edntios 6:19, II Pedro 1:3-4, Romanos 6:1-14. Isto n\u00e3o significa que o crist\u00e3o seja incapaz de pecar, longe disso, pois ainda possui a natureza do mal que chamamos \u201ccarne\u201d. Significa que voc\u00ea vai pecar mas n\u00e3o vai gostar de pecar. \u00c0 medida que disp\u00f5e dos meios que Deus providenciou, o pecado n\u00e3o ser\u00e1 mais o fator dominante de sua vida. A vit\u00f3ria presente depender\u00e1 de : <\/p>\n<p>(1) Leitura, estudo e obedi\u00eancia \u00e0 palavra de Deus. II Tim\u00f3teo 2:15. <\/p>\n<p>(2) Contato constante com Deus pela ora\u00e7\u00e3o. Hebreus 4:14-16. <\/p>\n<p>(3) A rendi\u00e7\u00e3o completa do corpo tanto para uma vida justa como \u00fatil. Romanos 6:13, 12:1-2. <\/p>\n<p>(4) Imediata confiss\u00e3o a Deus e perd\u00e3o de todo pecado cometido. <\/p>\n<p>I Jo\u00e3o 1:8-9, Tito 2:11-15.<\/p>\n<p>C. Futuro &#8211; Salva\u00e7\u00e3o da presen\u00e7a do pecado.<\/p>\n<p>Isso acontecer\u00e1 na volta de Cristo, quando Ele levantar\u00e1 os mortos e transformar\u00e1 os vivos, para que tenham corpos incapazes de pecar, envelhecer e morrer. Esse \u00e9 o aspecto final da salva\u00e7\u00e3o que buscamos. Hebreus 9:28, I Tessalonicenses 4:13-18. <\/p>\n<p>VII. SEUS RESULTADOS<\/p>\n<p>S\u00e3o in\u00fameros. Ef\u00e9sios 1:3-14. Podemos selecionar alguns:<\/p>\n<p>A. A Paz com Deus. Romanos 5:1. N\u00e3o h\u00e1 mais inimizade.<\/p>\n<p>B. Aceita\u00e7\u00e3o diante de Deus em Cristo. Ef\u00e9sios 1:6.<\/p>\n<p>C. Alegria em Deus como seus filhos, juntando-se \u00e0 nova fam\u00edlia. Romanos 5:10-11, 8:14-17, G\u00e1latas 3:26-4:7.<\/p>\n<p>D. Viver para Deus. II Cor\u00edntios 5:14-15, G\u00e1latas 2:20, I Pedro 4:2-5.<\/p>\n<p>E. Servir a Deus atrav\u00e9s de boas obras e testemunhar dele.<\/p>\n<p>Ef\u00e9sios 2:10, Mateus 5:16, Marcos 16:15-16.<\/p>\n<p>F. Adorar, Louvar, e orar a Deus. Jo\u00e3o 4:23-24, Hebreus 10:19-<\/p>\n<p>22, Hebreus 13:15, 4:14-16.<\/p>\n<p>G. Um lar eterno nos c\u00e9us com Deus. Jo\u00e3o 14:1-3, Apocalipse 22:1-5.<\/p>\n<p>Acreditamos que voc\u00ea n\u00e3o descansar\u00e1 at\u00e9 que saiba, na autoridade da palavra de Deus que est\u00e1 eternamente salvo!<\/p>\n<!-- AddThis Advanced Settings generic via filter on the_content --><!-- AddThis Share Buttons generic via filter on the_content -->","protected":false},"excerpt":{"rendered":"<p>SALVA\u00c7\u00c3O Vamos olhar algumas coisas relacionadas \u00e0 salva\u00e7\u00e3o. A necessidade de ser salvo \u00e9 claramente ensinada na B\u00edblia. Espiritualmente, Deus olha o mundo dividido em duas fam\u00edlias; uma consiste dos filhos do diabo, \u201cV\u00f3s tendes por pai ao diabo, e quereis satisfazer os desejos de vosso pai. Ele foi homicida desde o princ\u00edpio, e n\u00e3o [&hellip;]<!-- AddThis Advanced Settings generic via filter on get_the_excerpt --><!-- AddThis Share Buttons generic via filter on get_the_excerpt --><\/p>\n","protected":false},"author":22,"featured_media":0,"parent":5034,"menu_order":0,"comment_status":"closed","ping_status":"closed","template":"","meta":{"jetpack_post_was_ever_published":false,"footnotes":""},"categories":[],"tags":[],"class_list":["post-7588","page","type-page","status-publish","hentry"],"yoast_head":"<!-- This site is optimized with the Yoast SEO Premium plugin v24.8 (Yoast SEO v24.8.1) - https:\/\/yoast.com\/wordpress\/plugins\/seo\/ -->\n<title>O Que a B\u00edblia Ensina - Salva\u00e7\u00e3o - BBN<\/title>\n<meta name=\"robots\" content=\"index, follow, max-snippet:-1, max-image-preview:large, max-video-preview:-1\" \/>\n<link rel=\"canonical\" href=\"https:\/\/bbn1.bbnradio.org\/portuguese\/ferramentas-inicial\/o-que-a-biblia-ensina\/bible-teaches-salvation\/\" \/>\n<meta property=\"og:locale\" content=\"pt_BR\" \/>\n<meta property=\"og:type\" content=\"article\" \/>\n<meta property=\"og:title\" content=\"O Que a B\u00edblia Ensina sobre a Salva\u00e7\u00e3o\" \/>\n<meta property=\"og:description\" content=\"A necessidade de ser salvo \u00e9 claramente ensinada na B\u00edblia\" \/>\n<meta property=\"og:url\" content=\"https:\/\/bbn1.bbnradio.org\/portuguese\/ferramentas-inicial\/o-que-a-biblia-ensina\/bible-teaches-salvation\/\" \/>\n<meta property=\"og:site_name\" content=\"BBN\" \/>\n<meta property=\"article:publisher\" content=\"https:\/\/www.facebook.com\/BBNPortugues\" \/>\n<meta property=\"article:modified_time\" content=\"2018-06-22T20:27:10+00:00\" \/>\n<meta name=\"twitter:card\" content=\"summary_large_image\" \/>\n<meta name=\"twitter:title\" content=\"O Que a B\u00edblia Ensina sobre a Salva\u00e7\u00e3o\" \/>\n<meta name=\"twitter:description\" content=\"A necessidade de ser salvo \u00e9 claramente ensinada na B\u00edblia\" \/>\n<meta name=\"twitter:site\" content=\"@BBNPortugues\" \/>\n<meta name=\"twitter:label1\" content=\"Est. tempo de leitura\" \/>\n\t<meta name=\"twitter:data1\" content=\"11 minutos\" \/>\n<script type=\"application\/ld+json\" class=\"yoast-schema-graph\">{\"@context\":\"https:\/\/schema.org\",\"@graph\":[{\"@type\":\"WebPage\",\"@id\":\"https:\/\/bbn1.bbnradio.org\/portuguese\/ferramentas-inicial\/o-que-a-biblia-ensina\/bible-teaches-salvation\/\",\"url\":\"https:\/\/bbn1.bbnradio.org\/portuguese\/ferramentas-inicial\/o-que-a-biblia-ensina\/bible-teaches-salvation\/\",\"name\":\"O Que a B\u00edblia Ensina - Salva\u00e7\u00e3o - BBN\",\"isPartOf\":{\"@id\":\"https:\/\/bbn1.bbnradio.org\/portuguese\/#website\"},\"datePublished\":\"2016-04-04T19:55:27+00:00\",\"dateModified\":\"2018-06-22T20:27:10+00:00\",\"breadcrumb\":{\"@id\":\"https:\/\/bbn1.bbnradio.org\/portuguese\/ferramentas-inicial\/o-que-a-biblia-ensina\/bible-teaches-salvation\/#breadcrumb\"},\"inLanguage\":\"pt-BR\",\"potentialAction\":[{\"@type\":\"ReadAction\",\"target\":[\"https:\/\/bbn1.bbnradio.org\/portuguese\/ferramentas-inicial\/o-que-a-biblia-ensina\/bible-teaches-salvation\/\"]}]},{\"@type\":\"BreadcrumbList\",\"@id\":\"https:\/\/bbn1.bbnradio.org\/portuguese\/ferramentas-inicial\/o-que-a-biblia-ensina\/bible-teaches-salvation\/#breadcrumb\",\"itemListElement\":[{\"@type\":\"ListItem\",\"position\":1,\"name\":\"Home\",\"item\":\"https:\/\/bbn1.bbnradio.org\/portuguese\/inicio\/\"},{\"@type\":\"ListItem\",\"position\":2,\"name\":\"Ferramentas &#8211; Inicial\",\"item\":\"https:\/\/bbn1.bbnradio.org\/portuguese\/ferramentas-inicial\/\"},{\"@type\":\"ListItem\",\"position\":3,\"name\":\"O Que A B\u00edblia Ensina\",\"item\":\"https:\/\/bbn1.bbnradio.org\/portuguese\/ferramentas-inicial\/o-que-a-biblia-ensina\/\"},{\"@type\":\"ListItem\",\"position\":4,\"name\":\"O Que a B\u00edblia Ensina &#8211; Salva\u00e7\u00e3o\"}]},{\"@type\":\"WebSite\",\"@id\":\"https:\/\/bbn1.bbnradio.org\/portuguese\/#website\",\"url\":\"https:\/\/bbn1.bbnradio.org\/portuguese\/\",\"name\":\"BBN Portuguese\",\"description\":\"BBN\",\"potentialAction\":[{\"@type\":\"SearchAction\",\"target\":{\"@type\":\"EntryPoint\",\"urlTemplate\":\"https:\/\/bbn1.bbnradio.org\/portuguese\/?s={search_term_string}\"},\"query-input\":{\"@type\":\"PropertyValueSpecification\",\"valueRequired\":true,\"valueName\":\"search_term_string\"}}],\"inLanguage\":\"pt-BR\"}]}<\/script>\n<!-- \/ Yoast SEO Premium plugin. -->","yoast_head_json":{"title":"O Que a B\u00edblia Ensina - Salva\u00e7\u00e3o - BBN","robots":{"index":"index","follow":"follow","max-snippet":"max-snippet:-1","max-image-preview":"max-image-preview:large","max-video-preview":"max-video-preview:-1"},"canonical":"https:\/\/bbn1.bbnradio.org\/portuguese\/ferramentas-inicial\/o-que-a-biblia-ensina\/bible-teaches-salvation\/","og_locale":"pt_BR","og_type":"article","og_title":"O Que a B\u00edblia Ensina sobre a Salva\u00e7\u00e3o","og_description":"A necessidade de ser salvo \u00e9 claramente ensinada na B\u00edblia","og_url":"https:\/\/bbn1.bbnradio.org\/portuguese\/ferramentas-inicial\/o-que-a-biblia-ensina\/bible-teaches-salvation\/","og_site_name":"BBN","article_publisher":"https:\/\/www.facebook.com\/BBNPortugues","article_modified_time":"2018-06-22T20:27:10+00:00","twitter_card":"summary_large_image","twitter_title":"O Que a B\u00edblia Ensina sobre a Salva\u00e7\u00e3o","twitter_description":"A necessidade de ser salvo \u00e9 claramente ensinada na B\u00edblia","twitter_site":"@BBNPortugues","twitter_misc":{"Est. tempo de leitura":"11 minutos"},"schema":{"@context":"https:\/\/schema.org","@graph":[{"@type":"WebPage","@id":"https:\/\/bbn1.bbnradio.org\/portuguese\/ferramentas-inicial\/o-que-a-biblia-ensina\/bible-teaches-salvation\/","url":"https:\/\/bbn1.bbnradio.org\/portuguese\/ferramentas-inicial\/o-que-a-biblia-ensina\/bible-teaches-salvation\/","name":"O Que a B\u00edblia Ensina - Salva\u00e7\u00e3o - BBN","isPartOf":{"@id":"https:\/\/bbn1.bbnradio.org\/portuguese\/#website"},"datePublished":"2016-04-04T19:55:27+00:00","dateModified":"2018-06-22T20:27:10+00:00","breadcrumb":{"@id":"https:\/\/bbn1.bbnradio.org\/portuguese\/ferramentas-inicial\/o-que-a-biblia-ensina\/bible-teaches-salvation\/#breadcrumb"},"inLanguage":"pt-BR","potentialAction":[{"@type":"ReadAction","target":["https:\/\/bbn1.bbnradio.org\/portuguese\/ferramentas-inicial\/o-que-a-biblia-ensina\/bible-teaches-salvation\/"]}]},{"@type":"BreadcrumbList","@id":"https:\/\/bbn1.bbnradio.org\/portuguese\/ferramentas-inicial\/o-que-a-biblia-ensina\/bible-teaches-salvation\/#breadcrumb","itemListElement":[{"@type":"ListItem","position":1,"name":"Home","item":"https:\/\/bbn1.bbnradio.org\/portuguese\/inicio\/"},{"@type":"ListItem","position":2,"name":"Ferramentas &#8211; Inicial","item":"https:\/\/bbn1.bbnradio.org\/portuguese\/ferramentas-inicial\/"},{"@type":"ListItem","position":3,"name":"O Que A B\u00edblia Ensina","item":"https:\/\/bbn1.bbnradio.org\/portuguese\/ferramentas-inicial\/o-que-a-biblia-ensina\/"},{"@type":"ListItem","position":4,"name":"O Que a B\u00edblia Ensina &#8211; Salva\u00e7\u00e3o"}]},{"@type":"WebSite","@id":"https:\/\/bbn1.bbnradio.org\/portuguese\/#website","url":"https:\/\/bbn1.bbnradio.org\/portuguese\/","name":"BBN Portuguese","description":"BBN","potentialAction":[{"@type":"SearchAction","target":{"@type":"EntryPoint","urlTemplate":"https:\/\/bbn1.bbnradio.org\/portuguese\/?s={search_term_string}"},"query-input":{"@type":"PropertyValueSpecification","valueRequired":true,"valueName":"search_term_string"}}],"inLanguage":"pt-BR"}]}},"jetpack_sharing_enabled":true,"jetpack_shortlink":"https:\/\/wp.me\/P85nO0-1Yo","_links":{"self":[{"href":"https:\/\/bbn1.bbnradio.org\/portuguese\/wp-json\/wp\/v2\/pages\/7588","targetHints":{"allow":["GET"]}}],"collection":[{"href":"https:\/\/bbn1.bbnradio.org\/portuguese\/wp-json\/wp\/v2\/pages"}],"about":[{"href":"https:\/\/bbn1.bbnradio.org\/portuguese\/wp-json\/wp\/v2\/types\/page"}],"author":[{"embeddable":true,"href":"https:\/\/bbn1.bbnradio.org\/portuguese\/wp-json\/wp\/v2\/users\/22"}],"replies":[{"embeddable":true,"href":"https:\/\/bbn1.bbnradio.org\/portuguese\/wp-json\/wp\/v2\/comments?post=7588"}],"version-history":[{"count":2,"href":"https:\/\/bbn1.bbnradio.org\/portuguese\/wp-json\/wp\/v2\/pages\/7588\/revisions"}],"predecessor-version":[{"id":12714,"href":"https:\/\/bbn1.bbnradio.org\/portuguese\/wp-json\/wp\/v2\/pages\/7588\/revisions\/12714"}],"up":[{"embeddable":true,"href":"https:\/\/bbn1.bbnradio.org\/portuguese\/wp-json\/wp\/v2\/pages\/5034"}],"wp:attachment":[{"href":"https:\/\/bbn1.bbnradio.org\/portuguese\/wp-json\/wp\/v2\/media?parent=7588"}],"wp:term":[{"taxonomy":"category","embeddable":true,"href":"https:\/\/bbn1.bbnradio.org\/portuguese\/wp-json\/wp\/v2\/categories?post=7588"},{"taxonomy":"post_tag","embeddable":true,"href":"https:\/\/bbn1.bbnradio.org\/portuguese\/wp-json\/wp\/v2\/tags?post=7588"}],"curies":[{"name":"wp","href":"https:\/\/api.w.org\/{rel}","templated":true}]}}