{"id":7600,"date":"2016-04-04T16:18:36","date_gmt":"2016-04-04T20:18:36","guid":{"rendered":"https:\/\/bbn1.bbnradio.org\/english\/?page_id=7600"},"modified":"2021-06-30T14:21:11","modified_gmt":"2021-06-30T17:21:11","slug":"a-morte","status":"publish","type":"page","link":"https:\/\/bbn1.bbnradio.org\/portuguese\/ferramentas-inicial\/o-que-a-biblia-ensina\/a-morte\/","title":{"rendered":"O Que A B\u00edblia Ensina &#8211; A Morte"},"content":{"rendered":"<p>A MORTE<\/p>\n<p>As pessoas sempre tiveram um interesse sincero no futuro. H\u00e1 uma hist\u00f3rica cren\u00e7a na vida ap\u00f3s a morte. Evid\u00eancias ritual\u00edsticas provam que em todo o mundo as pessoas cr\u00eaem que a morte n\u00e3o \u00e9 o fim de tudo com tudo. Perguntas como estas frequentemente s\u00e3o feitas: Onde est\u00e3o os mortos? Existe um para\u00edso? Existe um lugar de sofrimento? Como \u00e9 esse lugar?<\/p>\n<p>Vamos entender que o homem \u00e9 um ser tripartite, isto \u00e9, comp\u00f5e-se de tr\u00eas partes \u2013 corpo, alma e esp\u00edrito. I Tessalonicenses 5:23. I Tessalonicenses 5:23. A primeira parte \u00e9 o ser material, as outras duas n\u00e3o s\u00e3o materiais. Com o esp\u00edrito, o homem \u00e9 capaz da consci\u00eancia de Deus, com a alma ele \u00e9 capaz de autoconsci\u00eancia, com o corpo \u00e9 capaz de perceber o mundo. Somente a palavra de Deus pode discernir entre a alma e o esp\u00edrito. Hebreus 4:12.<\/p>\n<p>Agora, na hora da morte, a alma e esp\u00edrito deixam o corpo. O corpo \u00e9 colocado no t\u00famulo. No caso dos crist\u00e3os, o corpo \u00e9 descrito como \u201cdormindo\u201d, Atos 7:59,60, 8:2, enquanto os incr\u00e9dulos s\u00e3o chamados de mortos. A alma e o esp\u00edrito nunca dormem. Se a pessoa que morreu era salva, a alma e o esp\u00edrito v\u00e3o para um lugar de alegria e felicidade \u2013 c\u00e9u. II Cor\u00edntios 5:8, Filipenses 1:21- 23. Se a pessoa estava perdida, o esp\u00edrito e alma v\u00e3o para um lugar de tristeza e castigo: inferno. Em Lucas 16:19-31, nosso Senhor claramente ensina que aqueles que morreram est\u00e3o conscientes.<\/p>\n<p>A morte n\u00e3o \u00e9 o sono da alma. A palavra b\u00edblica referente \u00e0 morte em Cristo significa \u201cdescanso\u201d. N\u00e3o significa inconsci\u00eancia. O corpo pode morrer, mas a alma e o esp\u00edrito est\u00e3o bem acordados e jamais morrer\u00e3o. Morte na B\u00edblia sempre significa separa\u00e7\u00e3o. Morte f\u00edsica \u00e9 separa\u00e7\u00e3o da alma e esp\u00edrito do corpo. A morte espiritual \u00e9 a separa\u00e7\u00e3o eterna de Deus.<\/p>\n<p>\u00c9 importante compreender que n\u00e3o somos um corpo, com alma e esp\u00edrito, mas uma alma e esp\u00edrito possuidores de um corpo. A morte simplesmente significa, \u201cdeixei meu corpo.\u201d<\/p>\n<!-- AddThis Advanced Settings generic via filter on the_content --><!-- AddThis Share Buttons generic via filter on the_content -->","protected":false},"excerpt":{"rendered":"<p>A MORTE As pessoas sempre tiveram um interesse sincero no futuro. H\u00e1 uma hist\u00f3rica cren\u00e7a na vida ap\u00f3s a morte. Evid\u00eancias ritual\u00edsticas provam que em todo o mundo as pessoas cr\u00eaem que a morte n\u00e3o \u00e9 o fim de tudo com tudo. Perguntas como estas frequentemente s\u00e3o feitas: Onde est\u00e3o os mortos? Existe um para\u00edso? [&hellip;]<!-- AddThis Advanced Settings generic via filter on get_the_excerpt --><!-- AddThis Share Buttons generic via filter on get_the_excerpt --><\/p>\n","protected":false},"author":22,"featured_media":0,"parent":5034,"menu_order":0,"comment_status":"closed","ping_status":"closed","template":"","meta":{"jetpack_post_was_ever_published":false,"footnotes":""},"categories":[],"tags":[],"class_list":["post-7600","page","type-page","status-publish","hentry"],"yoast_head":"<!-- This site is optimized with the Yoast SEO Premium plugin v24.8 (Yoast SEO v24.8.1) - https:\/\/yoast.com\/wordpress\/plugins\/seo\/ -->\n<title>O Que A B\u00edblia Ensina - A Morte - BBN<\/title>\n<meta name=\"robots\" content=\"index, follow, max-snippet:-1, max-image-preview:large, max-video-preview:-1\" \/>\n<link rel=\"canonical\" href=\"https:\/\/bbn1.bbnradio.org\/portuguese\/ferramentas-inicial\/o-que-a-biblia-ensina\/a-morte\/\" \/>\n<meta property=\"og:locale\" content=\"pt_BR\" \/>\n<meta property=\"og:type\" content=\"article\" \/>\n<meta property=\"og:title\" content=\"O Que A B\u00edblia Ensina - A Morte\" \/>\n<meta property=\"og:description\" content=\"As pessoas sempre tiveram um interesse sincero no futuro. H\u00e1 uma hist\u00f3rica cren\u00e7a na vida ap\u00f3s a morte. Evid\u00eancias ritual\u00edsticas provam que em todo o mundo as pessoas cr\u00eaem que a morte n\u00e3o \u00e9 o fim de tudo com tudo. Perguntas como estas frequentemente s\u00e3o feitas: Onde est\u00e3o os mortos? Existe um para\u00edso? Existe um lugar de sofrimento? Como \u00e9 esse lugar?\" \/>\n<meta property=\"og:url\" content=\"https:\/\/bbn1.bbnradio.org\/portuguese\/ferramentas-inicial\/o-que-a-biblia-ensina\/a-morte\/\" \/>\n<meta property=\"og:site_name\" content=\"BBN\" \/>\n<meta property=\"article:publisher\" content=\"https:\/\/www.facebook.com\/BBNPortugues\" \/>\n<meta property=\"article:modified_time\" content=\"2021-06-30T17:21:11+00:00\" \/>\n<meta name=\"twitter:card\" content=\"summary_large_image\" \/>\n<meta name=\"twitter:title\" content=\"O Que A B\u00edblia Ensina - A Morte\" \/>\n<meta name=\"twitter:description\" content=\"As pessoas sempre tiveram um interesse sincero no futuro. H\u00e1 uma hist\u00f3rica cren\u00e7a na vida ap\u00f3s a morte. Evid\u00eancias ritual\u00edsticas provam que em todo o mundo as pessoas cr\u00eaem que a morte n\u00e3o \u00e9 o fim de tudo com tudo. Perguntas como estas frequentemente s\u00e3o feitas: Onde est\u00e3o os mortos? Existe um para\u00edso? Existe um lugar de sofrimento? Como \u00e9 esse lugar?\" \/>\n<meta name=\"twitter:site\" content=\"@BBNPortugues\" \/>\n<meta name=\"twitter:label1\" content=\"Est. tempo de leitura\" \/>\n\t<meta name=\"twitter:data1\" content=\"2 minutos\" \/>\n<script type=\"application\/ld+json\" class=\"yoast-schema-graph\">{\"@context\":\"https:\/\/schema.org\",\"@graph\":[{\"@type\":\"WebPage\",\"@id\":\"https:\/\/bbn1.bbnradio.org\/portuguese\/ferramentas-inicial\/o-que-a-biblia-ensina\/a-morte\/\",\"url\":\"https:\/\/bbn1.bbnradio.org\/portuguese\/ferramentas-inicial\/o-que-a-biblia-ensina\/a-morte\/\",\"name\":\"O Que A B\u00edblia Ensina - A Morte - BBN\",\"isPartOf\":{\"@id\":\"https:\/\/bbn1.bbnradio.org\/portuguese\/#website\"},\"datePublished\":\"2016-04-04T20:18:36+00:00\",\"dateModified\":\"2021-06-30T17:21:11+00:00\",\"breadcrumb\":{\"@id\":\"https:\/\/bbn1.bbnradio.org\/portuguese\/ferramentas-inicial\/o-que-a-biblia-ensina\/a-morte\/#breadcrumb\"},\"inLanguage\":\"pt-BR\",\"potentialAction\":[{\"@type\":\"ReadAction\",\"target\":[\"https:\/\/bbn1.bbnradio.org\/portuguese\/ferramentas-inicial\/o-que-a-biblia-ensina\/a-morte\/\"]}]},{\"@type\":\"BreadcrumbList\",\"@id\":\"https:\/\/bbn1.bbnradio.org\/portuguese\/ferramentas-inicial\/o-que-a-biblia-ensina\/a-morte\/#breadcrumb\",\"itemListElement\":[{\"@type\":\"ListItem\",\"position\":1,\"name\":\"Home\",\"item\":\"https:\/\/bbn1.bbnradio.org\/portuguese\/inicio\/\"},{\"@type\":\"ListItem\",\"position\":2,\"name\":\"Ferramentas &#8211; Inicial\",\"item\":\"https:\/\/bbn1.bbnradio.org\/portuguese\/ferramentas-inicial\/\"},{\"@type\":\"ListItem\",\"position\":3,\"name\":\"O Que A B\u00edblia Ensina\",\"item\":\"https:\/\/bbn1.bbnradio.org\/portuguese\/ferramentas-inicial\/o-que-a-biblia-ensina\/\"},{\"@type\":\"ListItem\",\"position\":4,\"name\":\"O Que A B\u00edblia Ensina &#8211; A Morte\"}]},{\"@type\":\"WebSite\",\"@id\":\"https:\/\/bbn1.bbnradio.org\/portuguese\/#website\",\"url\":\"https:\/\/bbn1.bbnradio.org\/portuguese\/\",\"name\":\"BBN Portuguese\",\"description\":\"BBN\",\"potentialAction\":[{\"@type\":\"SearchAction\",\"target\":{\"@type\":\"EntryPoint\",\"urlTemplate\":\"https:\/\/bbn1.bbnradio.org\/portuguese\/?s={search_term_string}\"},\"query-input\":{\"@type\":\"PropertyValueSpecification\",\"valueRequired\":true,\"valueName\":\"search_term_string\"}}],\"inLanguage\":\"pt-BR\"}]}<\/script>\n<!-- \/ Yoast SEO Premium plugin. -->","yoast_head_json":{"title":"O Que A B\u00edblia Ensina - A Morte - BBN","robots":{"index":"index","follow":"follow","max-snippet":"max-snippet:-1","max-image-preview":"max-image-preview:large","max-video-preview":"max-video-preview:-1"},"canonical":"https:\/\/bbn1.bbnradio.org\/portuguese\/ferramentas-inicial\/o-que-a-biblia-ensina\/a-morte\/","og_locale":"pt_BR","og_type":"article","og_title":"O Que A B\u00edblia Ensina - A Morte","og_description":"As pessoas sempre tiveram um interesse sincero no futuro. H\u00e1 uma hist\u00f3rica cren\u00e7a na vida ap\u00f3s a morte. Evid\u00eancias ritual\u00edsticas provam que em todo o mundo as pessoas cr\u00eaem que a morte n\u00e3o \u00e9 o fim de tudo com tudo. Perguntas como estas frequentemente s\u00e3o feitas: Onde est\u00e3o os mortos? Existe um para\u00edso? Existe um lugar de sofrimento? Como \u00e9 esse lugar?","og_url":"https:\/\/bbn1.bbnradio.org\/portuguese\/ferramentas-inicial\/o-que-a-biblia-ensina\/a-morte\/","og_site_name":"BBN","article_publisher":"https:\/\/www.facebook.com\/BBNPortugues","article_modified_time":"2021-06-30T17:21:11+00:00","twitter_card":"summary_large_image","twitter_title":"O Que A B\u00edblia Ensina - A Morte","twitter_description":"As pessoas sempre tiveram um interesse sincero no futuro. H\u00e1 uma hist\u00f3rica cren\u00e7a na vida ap\u00f3s a morte. Evid\u00eancias ritual\u00edsticas provam que em todo o mundo as pessoas cr\u00eaem que a morte n\u00e3o \u00e9 o fim de tudo com tudo. Perguntas como estas frequentemente s\u00e3o feitas: Onde est\u00e3o os mortos? Existe um para\u00edso? Existe um lugar de sofrimento? Como \u00e9 esse lugar?","twitter_site":"@BBNPortugues","twitter_misc":{"Est. tempo de leitura":"2 minutos"},"schema":{"@context":"https:\/\/schema.org","@graph":[{"@type":"WebPage","@id":"https:\/\/bbn1.bbnradio.org\/portuguese\/ferramentas-inicial\/o-que-a-biblia-ensina\/a-morte\/","url":"https:\/\/bbn1.bbnradio.org\/portuguese\/ferramentas-inicial\/o-que-a-biblia-ensina\/a-morte\/","name":"O Que A B\u00edblia Ensina - A Morte - BBN","isPartOf":{"@id":"https:\/\/bbn1.bbnradio.org\/portuguese\/#website"},"datePublished":"2016-04-04T20:18:36+00:00","dateModified":"2021-06-30T17:21:11+00:00","breadcrumb":{"@id":"https:\/\/bbn1.bbnradio.org\/portuguese\/ferramentas-inicial\/o-que-a-biblia-ensina\/a-morte\/#breadcrumb"},"inLanguage":"pt-BR","potentialAction":[{"@type":"ReadAction","target":["https:\/\/bbn1.bbnradio.org\/portuguese\/ferramentas-inicial\/o-que-a-biblia-ensina\/a-morte\/"]}]},{"@type":"BreadcrumbList","@id":"https:\/\/bbn1.bbnradio.org\/portuguese\/ferramentas-inicial\/o-que-a-biblia-ensina\/a-morte\/#breadcrumb","itemListElement":[{"@type":"ListItem","position":1,"name":"Home","item":"https:\/\/bbn1.bbnradio.org\/portuguese\/inicio\/"},{"@type":"ListItem","position":2,"name":"Ferramentas &#8211; Inicial","item":"https:\/\/bbn1.bbnradio.org\/portuguese\/ferramentas-inicial\/"},{"@type":"ListItem","position":3,"name":"O Que A B\u00edblia Ensina","item":"https:\/\/bbn1.bbnradio.org\/portuguese\/ferramentas-inicial\/o-que-a-biblia-ensina\/"},{"@type":"ListItem","position":4,"name":"O Que A B\u00edblia Ensina &#8211; A Morte"}]},{"@type":"WebSite","@id":"https:\/\/bbn1.bbnradio.org\/portuguese\/#website","url":"https:\/\/bbn1.bbnradio.org\/portuguese\/","name":"BBN Portuguese","description":"BBN","potentialAction":[{"@type":"SearchAction","target":{"@type":"EntryPoint","urlTemplate":"https:\/\/bbn1.bbnradio.org\/portuguese\/?s={search_term_string}"},"query-input":{"@type":"PropertyValueSpecification","valueRequired":true,"valueName":"search_term_string"}}],"inLanguage":"pt-BR"}]}},"jetpack_sharing_enabled":true,"jetpack_shortlink":"https:\/\/wp.me\/P85nO0-1YA","_links":{"self":[{"href":"https:\/\/bbn1.bbnradio.org\/portuguese\/wp-json\/wp\/v2\/pages\/7600","targetHints":{"allow":["GET"]}}],"collection":[{"href":"https:\/\/bbn1.bbnradio.org\/portuguese\/wp-json\/wp\/v2\/pages"}],"about":[{"href":"https:\/\/bbn1.bbnradio.org\/portuguese\/wp-json\/wp\/v2\/types\/page"}],"author":[{"embeddable":true,"href":"https:\/\/bbn1.bbnradio.org\/portuguese\/wp-json\/wp\/v2\/users\/22"}],"replies":[{"embeddable":true,"href":"https:\/\/bbn1.bbnradio.org\/portuguese\/wp-json\/wp\/v2\/comments?post=7600"}],"version-history":[{"count":2,"href":"https:\/\/bbn1.bbnradio.org\/portuguese\/wp-json\/wp\/v2\/pages\/7600\/revisions"}],"predecessor-version":[{"id":15199,"href":"https:\/\/bbn1.bbnradio.org\/portuguese\/wp-json\/wp\/v2\/pages\/7600\/revisions\/15199"}],"up":[{"embeddable":true,"href":"https:\/\/bbn1.bbnradio.org\/portuguese\/wp-json\/wp\/v2\/pages\/5034"}],"wp:attachment":[{"href":"https:\/\/bbn1.bbnradio.org\/portuguese\/wp-json\/wp\/v2\/media?parent=7600"}],"wp:term":[{"taxonomy":"category","embeddable":true,"href":"https:\/\/bbn1.bbnradio.org\/portuguese\/wp-json\/wp\/v2\/categories?post=7600"},{"taxonomy":"post_tag","embeddable":true,"href":"https:\/\/bbn1.bbnradio.org\/portuguese\/wp-json\/wp\/v2\/tags?post=7600"}],"curies":[{"name":"wp","href":"https:\/\/api.w.org\/{rel}","templated":true}]}}