{"id":7604,"date":"2016-04-04T16:20:34","date_gmt":"2016-04-04T20:20:34","guid":{"rendered":"https:\/\/bbn1.bbnradio.org\/english\/?page_id=7604"},"modified":"2018-06-25T09:17:35","modified_gmt":"2018-06-25T14:17:35","slug":"o-que-a-biblia-diz-sobre-o-inferno","status":"publish","type":"page","link":"https:\/\/bbn1.bbnradio.org\/portuguese\/ferramentas-inicial\/o-que-a-biblia-ensina\/o-que-a-biblia-diz-sobre-o-inferno\/","title":{"rendered":"O Que A B\u00edblia Ensina &#8211; O Que A B\u00edblia Diz Sobre o Inferno?"},"content":{"rendered":"<p>O QUE A B\u00cdBLIA DIZ SOBRE O INFERNO?<\/p>\n<p>Como j\u00e1 falamos, o esp\u00edrito e alma de um incr\u00e9dulo v\u00e3o para o inferno na hora da morte. O inferno \u00e9 um lugar de puni\u00e7\u00e3o consciente. A alma no inferno \u00e9 descrita como uma pessoa com olhos, ouvidos, dedos, l\u00edngua e mem\u00f3ria. H\u00e1 plena consci\u00eancia das condi\u00e7\u00f5es ali. Lucas 16:23-25. Isso n\u00e3o \u00e9 uma par\u00e1bola porque par\u00e1bolas n\u00e3o incluem nomes pessoais. Foi um fato real. <\/p>\n<p>A B\u00edblia fala de outro lugar de tormento no ju\u00edzo final para a humanidade. \u00c9 chamado de \u201clago de fogo.\u201d No ju\u00edzo do grande trono branco, as almas no inferno ser\u00e3o unidas aos seus corpos, que ser\u00e3o ressuscitados dos t\u00famulos. Cristo pronunciar\u00e1 a senten\u00e7a final do julgamento sobre os mortos \u00edmpios, eles ser\u00e3o lan\u00e7ados no lago de fogo, a morada eterna dos perdidos. Apocalipse 20:11-15. O inferno pode ser comparado a cadeia local onde o prisioneiro temporariamente espera pela senten\u00e7a. O r\u00e9u sai da cadeia para ir \u00e0 presen\u00e7a do juiz para ouvir sua senten\u00e7a final. Apocalipse 20:9-15 \u00e9 o registro do julgamento de Satan\u00e1s e seus seguidores diante do grande trono branco e todos que rejeitaram a Cristo. O lago de fogo poder\u00e1 ser comparado \u00e0 uma pris\u00e3o para onde v\u00e3o aqueles sentenciados por toda a eternidade. Ao descrever o inferno, nosso Senhor fala sobre o verme que n\u00e3o morre e o fogo que n\u00e3o se apaga. Marcos 9:43-48. \u00c9 um lugar de sofrimento consciente com fogo literal. \u00c9 a puni\u00e7\u00e3o eterna pelo pecado. <\/p>\n<p>No livro do apocalipse, a frase \u201cpara sempre e sempre\u201d \u00e9 usada para descrever a mis\u00e9ria do perdido. Apocalipse 14:11. Pode um Deus de amor permitir que o homem v\u00e1 para o inferno?<\/p>\n<p>A . Deus n\u00e3o quer a morte eterna do homem. O inferno faz parte das escolhas pessoais feitas na terra. Deus j\u00e1 providenciou a salva\u00e7\u00e3o atrav\u00e9s da obra de Seu Filho na cruz do calv\u00e1rio. Romanos 5:6-8. Se o homem rejeitar o salvador, ir\u00e1 para o inferno por escolha pr\u00f3pria. Algu\u00e9m j\u00e1 disse que Deus ama tanto aos pecadores que se eles escolhessem ir para inferno e n\u00e3o para o c\u00e9u, Ele os permitiria. Lembrem-se, todos v\u00e3o por escolha pr\u00f3pria.<\/p>\n<p>B . Deus \u00e9 um Deus de amor, I Jo\u00e3o 4:8, mas tamb\u00e9m \u00e9 santo. I Pedro 1:16. Ele deve punir o pecado. Se Ele permitisse que o pecado entrasse no c\u00e9u, destruiria tudo que fez ao redimir a humanidade. Satan\u00e1s fez sua escolha no jardim do \u00c9den. O homem faz sua escolha durante a vida. Ao morrer seu destino eterno j\u00e1 est\u00e1 deliberado. N\u00e3o h\u00e1 purgat\u00f3rio nem lugar intermedi\u00e1rio. A B\u00edblia diz claramente que s\u00f3 h\u00e1 dois lugares: \u201ce ir\u00e3o estes para o tormento eterno, mas os justos para a vida eterna.\u201d Mateus 25:46.<\/p>\n<p>C. O homem n\u00e3o hesita em colocar os doentes no hospital, criminosos na cadeia ou cad\u00e1veres no cemit\u00e9rio. Isto n\u00e3o indica falta de amor de sua parte. E os pag\u00e3os que nunca ouviram o Evangelho? Como o resto da humanidade, os pag\u00e3os s\u00e3o pecadores perdidos e somente Cristo pode salv\u00e1-los. Eles podem ver que Deus existe pela cria\u00e7\u00e3o, Romanos 1:20 e Salmo 19:1, e atrav\u00e9s de suas pr\u00f3prias consci\u00eancias. Romanos 2:15. Se atentarem para a luz que t\u00eam, Deus os dar\u00e1 mais luz- veja Corn\u00e9lio, Atos 10 e 11.<\/p>\n<!-- AddThis Advanced Settings generic via filter on the_content --><!-- AddThis Share Buttons generic via filter on the_content -->","protected":false},"excerpt":{"rendered":"<p>O QUE A B\u00cdBLIA DIZ SOBRE O INFERNO? Como j\u00e1 falamos, o esp\u00edrito e alma de um incr\u00e9dulo v\u00e3o para o inferno na hora da morte. O inferno \u00e9 um lugar de puni\u00e7\u00e3o consciente. A alma no inferno \u00e9 descrita como uma pessoa com olhos, ouvidos, dedos, l\u00edngua e mem\u00f3ria. H\u00e1 plena consci\u00eancia das condi\u00e7\u00f5es [&hellip;]<!-- AddThis Advanced Settings generic via filter on get_the_excerpt --><!-- AddThis Share Buttons generic via filter on get_the_excerpt --><\/p>\n","protected":false},"author":22,"featured_media":0,"parent":5034,"menu_order":0,"comment_status":"closed","ping_status":"closed","template":"","meta":{"jetpack_post_was_ever_published":false,"footnotes":""},"categories":[],"tags":[],"class_list":["post-7604","page","type-page","status-publish","hentry"],"yoast_head":"<!-- This site is optimized with the Yoast SEO Premium plugin v24.8 (Yoast SEO v24.8.1) - https:\/\/yoast.com\/wordpress\/plugins\/seo\/ -->\n<title>O Que A B\u00edblia Ensina - O Que A B\u00edblia Diz Sobre o Inferno? - BBN<\/title>\n<meta name=\"robots\" content=\"index, follow, max-snippet:-1, max-image-preview:large, max-video-preview:-1\" \/>\n<link rel=\"canonical\" href=\"https:\/\/bbn1.bbnradio.org\/portuguese\/ferramentas-inicial\/o-que-a-biblia-ensina\/o-que-a-biblia-diz-sobre-o-inferno\/\" \/>\n<meta property=\"og:locale\" content=\"pt_BR\" \/>\n<meta property=\"og:type\" content=\"article\" \/>\n<meta property=\"og:title\" content=\"O Que A B\u00edblia Ensina - O Que A B\u00edblia Diz Sobre o Inferno?\" \/>\n<meta property=\"og:description\" content=\"O esp\u00edrito e alma de um incr\u00e9dulo v\u00e3o para o inferno na hora da morte. O inferno \u00e9 um lugar de puni\u00e7\u00e3o\" \/>\n<meta property=\"og:url\" content=\"https:\/\/bbn1.bbnradio.org\/portuguese\/ferramentas-inicial\/o-que-a-biblia-ensina\/o-que-a-biblia-diz-sobre-o-inferno\/\" \/>\n<meta property=\"og:site_name\" content=\"BBN\" \/>\n<meta property=\"article:publisher\" content=\"https:\/\/www.facebook.com\/BBNPortugues\" \/>\n<meta property=\"article:modified_time\" content=\"2018-06-25T14:17:35+00:00\" \/>\n<meta name=\"twitter:card\" content=\"summary_large_image\" \/>\n<meta name=\"twitter:title\" content=\"O Que A B\u00edblia Ensina - O Que A B\u00edblia Diz Sobre o Inferno?\" \/>\n<meta name=\"twitter:description\" content=\"O esp\u00edrito e alma de um incr\u00e9dulo v\u00e3o para o inferno na hora da morte. O inferno \u00e9 um lugar de puni\u00e7\u00e3o\" \/>\n<meta name=\"twitter:site\" content=\"@BBNPortugues\" \/>\n<meta name=\"twitter:label1\" content=\"Est. tempo de leitura\" \/>\n\t<meta name=\"twitter:data1\" content=\"3 minutos\" \/>\n<script type=\"application\/ld+json\" class=\"yoast-schema-graph\">{\"@context\":\"https:\/\/schema.org\",\"@graph\":[{\"@type\":\"WebPage\",\"@id\":\"https:\/\/bbn1.bbnradio.org\/portuguese\/ferramentas-inicial\/o-que-a-biblia-ensina\/o-que-a-biblia-diz-sobre-o-inferno\/\",\"url\":\"https:\/\/bbn1.bbnradio.org\/portuguese\/ferramentas-inicial\/o-que-a-biblia-ensina\/o-que-a-biblia-diz-sobre-o-inferno\/\",\"name\":\"O Que A B\u00edblia Ensina - O Que A B\u00edblia Diz Sobre o Inferno? - BBN\",\"isPartOf\":{\"@id\":\"https:\/\/bbn1.bbnradio.org\/portuguese\/#website\"},\"datePublished\":\"2016-04-04T20:20:34+00:00\",\"dateModified\":\"2018-06-25T14:17:35+00:00\",\"breadcrumb\":{\"@id\":\"https:\/\/bbn1.bbnradio.org\/portuguese\/ferramentas-inicial\/o-que-a-biblia-ensina\/o-que-a-biblia-diz-sobre-o-inferno\/#breadcrumb\"},\"inLanguage\":\"pt-BR\",\"potentialAction\":[{\"@type\":\"ReadAction\",\"target\":[\"https:\/\/bbn1.bbnradio.org\/portuguese\/ferramentas-inicial\/o-que-a-biblia-ensina\/o-que-a-biblia-diz-sobre-o-inferno\/\"]}]},{\"@type\":\"BreadcrumbList\",\"@id\":\"https:\/\/bbn1.bbnradio.org\/portuguese\/ferramentas-inicial\/o-que-a-biblia-ensina\/o-que-a-biblia-diz-sobre-o-inferno\/#breadcrumb\",\"itemListElement\":[{\"@type\":\"ListItem\",\"position\":1,\"name\":\"Home\",\"item\":\"https:\/\/bbn1.bbnradio.org\/portuguese\/inicio\/\"},{\"@type\":\"ListItem\",\"position\":2,\"name\":\"Ferramentas &#8211; Inicial\",\"item\":\"https:\/\/bbn1.bbnradio.org\/portuguese\/ferramentas-inicial\/\"},{\"@type\":\"ListItem\",\"position\":3,\"name\":\"O Que A B\u00edblia Ensina\",\"item\":\"https:\/\/bbn1.bbnradio.org\/portuguese\/ferramentas-inicial\/o-que-a-biblia-ensina\/\"},{\"@type\":\"ListItem\",\"position\":4,\"name\":\"O Que A B\u00edblia Ensina &#8211; O Que A B\u00edblia Diz Sobre o Inferno?\"}]},{\"@type\":\"WebSite\",\"@id\":\"https:\/\/bbn1.bbnradio.org\/portuguese\/#website\",\"url\":\"https:\/\/bbn1.bbnradio.org\/portuguese\/\",\"name\":\"BBN Portuguese\",\"description\":\"BBN\",\"potentialAction\":[{\"@type\":\"SearchAction\",\"target\":{\"@type\":\"EntryPoint\",\"urlTemplate\":\"https:\/\/bbn1.bbnradio.org\/portuguese\/?s={search_term_string}\"},\"query-input\":{\"@type\":\"PropertyValueSpecification\",\"valueRequired\":true,\"valueName\":\"search_term_string\"}}],\"inLanguage\":\"pt-BR\"}]}<\/script>\n<!-- \/ Yoast SEO Premium plugin. -->","yoast_head_json":{"title":"O Que A B\u00edblia Ensina - O Que A B\u00edblia Diz Sobre o Inferno? - BBN","robots":{"index":"index","follow":"follow","max-snippet":"max-snippet:-1","max-image-preview":"max-image-preview:large","max-video-preview":"max-video-preview:-1"},"canonical":"https:\/\/bbn1.bbnradio.org\/portuguese\/ferramentas-inicial\/o-que-a-biblia-ensina\/o-que-a-biblia-diz-sobre-o-inferno\/","og_locale":"pt_BR","og_type":"article","og_title":"O Que A B\u00edblia Ensina - O Que A B\u00edblia Diz Sobre o Inferno?","og_description":"O esp\u00edrito e alma de um incr\u00e9dulo v\u00e3o para o inferno na hora da morte. O inferno \u00e9 um lugar de puni\u00e7\u00e3o","og_url":"https:\/\/bbn1.bbnradio.org\/portuguese\/ferramentas-inicial\/o-que-a-biblia-ensina\/o-que-a-biblia-diz-sobre-o-inferno\/","og_site_name":"BBN","article_publisher":"https:\/\/www.facebook.com\/BBNPortugues","article_modified_time":"2018-06-25T14:17:35+00:00","twitter_card":"summary_large_image","twitter_title":"O Que A B\u00edblia Ensina - O Que A B\u00edblia Diz Sobre o Inferno?","twitter_description":"O esp\u00edrito e alma de um incr\u00e9dulo v\u00e3o para o inferno na hora da morte. O inferno \u00e9 um lugar de puni\u00e7\u00e3o","twitter_site":"@BBNPortugues","twitter_misc":{"Est. tempo de leitura":"3 minutos"},"schema":{"@context":"https:\/\/schema.org","@graph":[{"@type":"WebPage","@id":"https:\/\/bbn1.bbnradio.org\/portuguese\/ferramentas-inicial\/o-que-a-biblia-ensina\/o-que-a-biblia-diz-sobre-o-inferno\/","url":"https:\/\/bbn1.bbnradio.org\/portuguese\/ferramentas-inicial\/o-que-a-biblia-ensina\/o-que-a-biblia-diz-sobre-o-inferno\/","name":"O Que A B\u00edblia Ensina - O Que A B\u00edblia Diz Sobre o Inferno? - BBN","isPartOf":{"@id":"https:\/\/bbn1.bbnradio.org\/portuguese\/#website"},"datePublished":"2016-04-04T20:20:34+00:00","dateModified":"2018-06-25T14:17:35+00:00","breadcrumb":{"@id":"https:\/\/bbn1.bbnradio.org\/portuguese\/ferramentas-inicial\/o-que-a-biblia-ensina\/o-que-a-biblia-diz-sobre-o-inferno\/#breadcrumb"},"inLanguage":"pt-BR","potentialAction":[{"@type":"ReadAction","target":["https:\/\/bbn1.bbnradio.org\/portuguese\/ferramentas-inicial\/o-que-a-biblia-ensina\/o-que-a-biblia-diz-sobre-o-inferno\/"]}]},{"@type":"BreadcrumbList","@id":"https:\/\/bbn1.bbnradio.org\/portuguese\/ferramentas-inicial\/o-que-a-biblia-ensina\/o-que-a-biblia-diz-sobre-o-inferno\/#breadcrumb","itemListElement":[{"@type":"ListItem","position":1,"name":"Home","item":"https:\/\/bbn1.bbnradio.org\/portuguese\/inicio\/"},{"@type":"ListItem","position":2,"name":"Ferramentas &#8211; Inicial","item":"https:\/\/bbn1.bbnradio.org\/portuguese\/ferramentas-inicial\/"},{"@type":"ListItem","position":3,"name":"O Que A B\u00edblia Ensina","item":"https:\/\/bbn1.bbnradio.org\/portuguese\/ferramentas-inicial\/o-que-a-biblia-ensina\/"},{"@type":"ListItem","position":4,"name":"O Que A B\u00edblia Ensina &#8211; O Que A B\u00edblia Diz Sobre o Inferno?"}]},{"@type":"WebSite","@id":"https:\/\/bbn1.bbnradio.org\/portuguese\/#website","url":"https:\/\/bbn1.bbnradio.org\/portuguese\/","name":"BBN Portuguese","description":"BBN","potentialAction":[{"@type":"SearchAction","target":{"@type":"EntryPoint","urlTemplate":"https:\/\/bbn1.bbnradio.org\/portuguese\/?s={search_term_string}"},"query-input":{"@type":"PropertyValueSpecification","valueRequired":true,"valueName":"search_term_string"}}],"inLanguage":"pt-BR"}]}},"jetpack_sharing_enabled":true,"jetpack_shortlink":"https:\/\/wp.me\/P85nO0-1YE","_links":{"self":[{"href":"https:\/\/bbn1.bbnradio.org\/portuguese\/wp-json\/wp\/v2\/pages\/7604","targetHints":{"allow":["GET"]}}],"collection":[{"href":"https:\/\/bbn1.bbnradio.org\/portuguese\/wp-json\/wp\/v2\/pages"}],"about":[{"href":"https:\/\/bbn1.bbnradio.org\/portuguese\/wp-json\/wp\/v2\/types\/page"}],"author":[{"embeddable":true,"href":"https:\/\/bbn1.bbnradio.org\/portuguese\/wp-json\/wp\/v2\/users\/22"}],"replies":[{"embeddable":true,"href":"https:\/\/bbn1.bbnradio.org\/portuguese\/wp-json\/wp\/v2\/comments?post=7604"}],"version-history":[{"count":2,"href":"https:\/\/bbn1.bbnradio.org\/portuguese\/wp-json\/wp\/v2\/pages\/7604\/revisions"}],"predecessor-version":[{"id":12952,"href":"https:\/\/bbn1.bbnradio.org\/portuguese\/wp-json\/wp\/v2\/pages\/7604\/revisions\/12952"}],"up":[{"embeddable":true,"href":"https:\/\/bbn1.bbnradio.org\/portuguese\/wp-json\/wp\/v2\/pages\/5034"}],"wp:attachment":[{"href":"https:\/\/bbn1.bbnradio.org\/portuguese\/wp-json\/wp\/v2\/media?parent=7604"}],"wp:term":[{"taxonomy":"category","embeddable":true,"href":"https:\/\/bbn1.bbnradio.org\/portuguese\/wp-json\/wp\/v2\/categories?post=7604"},{"taxonomy":"post_tag","embeddable":true,"href":"https:\/\/bbn1.bbnradio.org\/portuguese\/wp-json\/wp\/v2\/tags?post=7604"}],"curies":[{"name":"wp","href":"https:\/\/api.w.org\/{rel}","templated":true}]}}