{"id":17526,"date":"2022-08-15T07:32:42","date_gmt":"2022-08-15T12:32:42","guid":{"rendered":"https:\/\/bbn1.bbnradio.org\/spanish\/?page_id=17526"},"modified":"2024-05-08T14:13:12","modified_gmt":"2024-05-08T19:13:12","slug":"carlos-rodriguez-3","status":"publish","type":"page","link":"https:\/\/bbn1.bbnradio.org\/spanish\/quienes-somos\/nuestros-locutores\/carlos-rodriguez-3\/","title":{"rendered":"Carlos Rodr\u00edguez"},"content":{"rendered":"\n<style type=\"text\/css\" data-created_by=\"avia_inline_auto\" id=\"style-css-av-97pss3-10919cc28eb0d71d95828e9e59fd2cfb\">\n.flex_column.av-97pss3-10919cc28eb0d71d95828e9e59fd2cfb{\nborder-radius:0px 0px 0px 0px;\npadding:0px 0px 0px 0px;\n}\n<\/style>\n<div  class='flex_column av-97pss3-10919cc28eb0d71d95828e9e59fd2cfb av_one_fourth  avia-builder-el-0  el_before_av_three_fourth  avia-builder-el-first  first flex_column_div av-zero-column-padding  '     ><p>\n<style type=\"text\/css\" data-created_by=\"avia_inline_auto\" id=\"style-css-av-7q155v-ced6f8d77d46a1de274c6090569744eb\">\n#top .hr.hr-invisible.av-7q155v-ced6f8d77d46a1de274c6090569744eb{\nheight:1px;\n}\n<\/style>\n<div  class='hr av-7q155v-ced6f8d77d46a1de274c6090569744eb hr-invisible  avia-builder-el-1  el_before_av_team_member  avia-builder-el-first '><span class='hr-inner '><span class=\"hr-inner-style\"><\/span><\/span><\/div><br \/>\n<section  class='avia-team-member av-5aif8j-a74ea412cf32c4581065e40c9a2df444  avia-builder-el-2  el_after_av_hr  avia-builder-el-last '  itemscope=\"itemscope\" itemtype=\"https:\/\/schema.org\/Person\" ><div class=\"team-img-container\"><img decoding=\"async\" fetchpriority=\"high\" class='wp-image-18637 avia-img-lazy-loading-not-18637 avia_image avia_image_team' src=\"https:\/\/i0.wp.com\/bbn1.bbnradio.org\/spanish\/wp-content\/uploads\/sites\/5\/2024\/05\/Carlos-Rodrigez.jpg?fit=1200%2C1800&ssl=1\" alt='Carlos Rodr\u00edguez'  itemprop=\"image\"   height=\"1800\" width=\"1200\" \/><\/div><h3 class='team-member-name '  itemprop=\"name\" >Carlos Rodr\u00edguez<\/h3><div class='team-member-job-title '  itemprop=\"jobTitle\" >Locutor<\/div><span class='hidden team-member-affiliation'  itemprop=\"affiliation\" >BBN<\/span><\/section><\/p><\/div>\n<style type=\"text\/css\" data-created_by=\"avia_inline_auto\" id=\"style-css-av-4mj2zn-01a5dd73836d8662c4d65da9add98d87\">\n.flex_column.av-4mj2zn-01a5dd73836d8662c4d65da9add98d87{\nborder-radius:0px 0px 0px 0px;\npadding:0px 0px 0px 0px;\n}\n<\/style>\n<div  class='flex_column av-4mj2zn-01a5dd73836d8662c4d65da9add98d87 av_three_fourth  avia-builder-el-3  el_after_av_one_fourth  avia-builder-el-last  flex_column_div av-zero-column-padding  '     ><section  class='av_textblock_section av-1wvzs3-4b2a5230c975b1e37bd71617dd67d92f '   itemscope=\"itemscope\" itemtype=\"https:\/\/schema.org\/CreativeWork\" ><div class='avia_textblock'  itemprop=\"text\" ><div>\n<p><span style=\"font-weight: 400;\">Nac\u00ed en la ciudad de Asunci\u00f3n, Paraguay en el a\u00f1o 1991. Estoy casado con Araceli Francia desde el 2019.\u00a0<\/span><\/p>\n<p><span style=\"font-weight: 400;\">Soy el cuarto de cinco hermanos. En mi hogar, desde peque\u00f1o, fui inculcado en la religi\u00f3n cat\u00f3lica, pero nunca llegu\u00e9 a entender el glorioso mensaje del evangelio. Viv\u00ed varios a\u00f1os pensando que era salvo por una oraci\u00f3n que hab\u00eda repetido una noche. Pero a los 21 a\u00f1os, luego de estudiar el cap\u00edtulo 5 del libro de Romanos, el Esp\u00edritu Santo trajo convicci\u00f3n de juicio y pecado e hizo su obra salv\u00edfica en m\u00ed. All\u00ed decid\u00ed arrepentirme de mis pecados y confiar en la obra de Jesucristo.<\/span><\/p>\n<p><span style=\"font-weight: 400;\">Hasta el a\u00f1o 2016 estuve sirviendo en mi iglesia local en la ciudad de Luque, Paraguay, y luego el Se\u00f1or desafi\u00f3 mi vida llev\u00e1ndome a Argentina, donde pude formarme teol\u00f3gicamente estudiando las Sagradas Escrituras.<\/span><\/p>\n<p><span style=\"font-weight: 400;\">En Buenos Aires, el Se\u00f1or me permiti\u00f3 servir en una iglesia local durante 6 a\u00f1os, y en el a\u00f1o 2021, me llam\u00f3 para formar parte de este hermoso ministerio llamado BBN. Es un privilegio para m\u00ed ser parte de BBN y agradezco tanto a Dios por permitirme hacerlo.<\/span><\/p>\n<p><span style=\"font-weight: 400;\">Mirar atr\u00e1s y ver todo lo que Dios ha hecho en mi vida es tan hermoso, que solo deseo servir a mi Se\u00f1or cada d\u00eda con los dones y talentos que \u00c9l me dio para su gloria y honra.\u00a0<\/span><\/p>\n<\/div>\n<div>\n<div>\n<div>\n<div id=\"m_-8271085948253113672gmail-m_3611693423946273778gmail-:ml\">\n<div id=\"m_-8271085948253113672gmail-m_3611693423946273778gmail-:mm\">\n<div dir=\"auto\"><\/div>\n<\/div>\n<\/div>\n<\/div>\n<\/div>\n<\/div>\n<\/div><\/section><\/div>\n<!-- AddThis Advanced Settings generic via filter on the_content --><!-- AddThis Share Buttons generic via filter on the_content -->","protected":false},"excerpt":{"rendered":"<p><!-- AddThis Advanced Settings generic via filter on get_the_excerpt --><!-- AddThis Share Buttons generic via filter on get_the_excerpt --><\/p>\n","protected":false},"author":3,"featured_media":0,"parent":6263,"menu_order":0,"comment_status":"closed","ping_status":"closed","template":"","meta":{"jetpack_post_was_ever_published":false,"footnotes":""},"categories":[],"tags":[],"class_list":["post-17526","page","type-page","status-publish","hentry"],"yoast_head":"<!-- This site is optimized with the Yoast SEO Premium plugin v24.8 (Yoast SEO v24.8.1) - https:\/\/yoast.com\/wordpress\/plugins\/seo\/ -->\n<title>Carlos Rodr\u00edguez - BBN<\/title>\n<meta name=\"robots\" content=\"index, follow, max-snippet:-1, max-image-preview:large, max-video-preview:-1\" \/>\n<link rel=\"canonical\" href=\"https:\/\/bbn1.bbnradio.org\/spanish\/quienes-somos\/nuestros-locutores\/carlos-rodriguez-3\/\" \/>\n<meta property=\"og:locale\" content=\"es_ES\" \/>\n<meta property=\"og:type\" content=\"article\" \/>\n<meta property=\"og:title\" content=\"Nuestros Locutores - Carlos Rodriguez\" \/>\n<meta property=\"og:description\" content=\"Carlos Rodriguez - Facebook\" \/>\n<meta property=\"og:url\" content=\"https:\/\/bbn1.bbnradio.org\/spanish\/quienes-somos\/nuestros-locutores\/carlos-rodriguez-3\/\" \/>\n<meta property=\"og:site_name\" content=\"BBN\" \/>\n<meta property=\"article:publisher\" content=\"https:\/\/www.facebook.com\/BBNEspanol\" \/>\n<meta property=\"article:modified_time\" content=\"2024-05-08T19:13:12+00:00\" \/>\n<meta name=\"twitter:card\" content=\"summary_large_image\" \/>\n<meta name=\"twitter:title\" content=\"Nuestros Locutores - Orlando Rosario\" \/>\n<meta name=\"twitter:description\" content=\"Carlos Rodriguez - Twitter\" \/>\n<meta name=\"twitter:site\" content=\"@BBNEspanol\" \/>\n<meta name=\"twitter:label1\" content=\"Tiempo de lectura\" \/>\n\t<meta name=\"twitter:data1\" content=\"2 minutos\" \/>\n<script type=\"application\/ld+json\" class=\"yoast-schema-graph\">{\"@context\":\"https:\/\/schema.org\",\"@graph\":[{\"@type\":\"WebPage\",\"@id\":\"https:\/\/bbn1.bbnradio.org\/spanish\/quienes-somos\/nuestros-locutores\/carlos-rodriguez-3\/\",\"url\":\"https:\/\/bbn1.bbnradio.org\/spanish\/quienes-somos\/nuestros-locutores\/carlos-rodriguez-3\/\",\"name\":\"Carlos Rodr\u00edguez - BBN\",\"isPartOf\":{\"@id\":\"https:\/\/bbn1.bbnradio.org\/spanish\/#website\"},\"datePublished\":\"2022-08-15T12:32:42+00:00\",\"dateModified\":\"2024-05-08T19:13:12+00:00\",\"breadcrumb\":{\"@id\":\"https:\/\/bbn1.bbnradio.org\/spanish\/quienes-somos\/nuestros-locutores\/carlos-rodriguez-3\/#breadcrumb\"},\"inLanguage\":\"es\",\"potentialAction\":[{\"@type\":\"ReadAction\",\"target\":[\"https:\/\/bbn1.bbnradio.org\/spanish\/quienes-somos\/nuestros-locutores\/carlos-rodriguez-3\/\"]}]},{\"@type\":\"BreadcrumbList\",\"@id\":\"https:\/\/bbn1.bbnradio.org\/spanish\/quienes-somos\/nuestros-locutores\/carlos-rodriguez-3\/#breadcrumb\",\"itemListElement\":[{\"@type\":\"ListItem\",\"position\":1,\"name\":\"Home\",\"item\":\"https:\/\/bbn1.bbnradio.org\/spanish\/inicio\/\"},{\"@type\":\"ListItem\",\"position\":2,\"name\":\"Quienes somos\",\"item\":\"https:\/\/bbn1.bbnradio.org\/spanish\/quienes-somos\/\"},{\"@type\":\"ListItem\",\"position\":3,\"name\":\"Nuestros Locutores\",\"item\":\"https:\/\/bbn1.bbnradio.org\/spanish\/quienes-somos\/nuestros-locutores\/\"},{\"@type\":\"ListItem\",\"position\":4,\"name\":\"Carlos Rodr\u00edguez\"}]},{\"@type\":\"WebSite\",\"@id\":\"https:\/\/bbn1.bbnradio.org\/spanish\/#website\",\"url\":\"https:\/\/bbn1.bbnradio.org\/spanish\/\",\"name\":\"BBN Spanish\",\"description\":\"BBN\",\"potentialAction\":[{\"@type\":\"SearchAction\",\"target\":{\"@type\":\"EntryPoint\",\"urlTemplate\":\"https:\/\/bbn1.bbnradio.org\/spanish\/?s={search_term_string}\"},\"query-input\":{\"@type\":\"PropertyValueSpecification\",\"valueRequired\":true,\"valueName\":\"search_term_string\"}}],\"inLanguage\":\"es\"}]}<\/script>\n<!-- \/ Yoast SEO Premium plugin. -->","yoast_head_json":{"title":"Carlos Rodr\u00edguez - BBN","robots":{"index":"index","follow":"follow","max-snippet":"max-snippet:-1","max-image-preview":"max-image-preview:large","max-video-preview":"max-video-preview:-1"},"canonical":"https:\/\/bbn1.bbnradio.org\/spanish\/quienes-somos\/nuestros-locutores\/carlos-rodriguez-3\/","og_locale":"es_ES","og_type":"article","og_title":"Nuestros Locutores - Carlos Rodriguez","og_description":"Carlos Rodriguez - Facebook","og_url":"https:\/\/bbn1.bbnradio.org\/spanish\/quienes-somos\/nuestros-locutores\/carlos-rodriguez-3\/","og_site_name":"BBN","article_publisher":"https:\/\/www.facebook.com\/BBNEspanol","article_modified_time":"2024-05-08T19:13:12+00:00","twitter_card":"summary_large_image","twitter_title":"Nuestros Locutores - Orlando Rosario","twitter_description":"Carlos Rodriguez - Twitter","twitter_site":"@BBNEspanol","twitter_misc":{"Tiempo de lectura":"2 minutos"},"schema":{"@context":"https:\/\/schema.org","@graph":[{"@type":"WebPage","@id":"https:\/\/bbn1.bbnradio.org\/spanish\/quienes-somos\/nuestros-locutores\/carlos-rodriguez-3\/","url":"https:\/\/bbn1.bbnradio.org\/spanish\/quienes-somos\/nuestros-locutores\/carlos-rodriguez-3\/","name":"Carlos Rodr\u00edguez - BBN","isPartOf":{"@id":"https:\/\/bbn1.bbnradio.org\/spanish\/#website"},"datePublished":"2022-08-15T12:32:42+00:00","dateModified":"2024-05-08T19:13:12+00:00","breadcrumb":{"@id":"https:\/\/bbn1.bbnradio.org\/spanish\/quienes-somos\/nuestros-locutores\/carlos-rodriguez-3\/#breadcrumb"},"inLanguage":"es","potentialAction":[{"@type":"ReadAction","target":["https:\/\/bbn1.bbnradio.org\/spanish\/quienes-somos\/nuestros-locutores\/carlos-rodriguez-3\/"]}]},{"@type":"BreadcrumbList","@id":"https:\/\/bbn1.bbnradio.org\/spanish\/quienes-somos\/nuestros-locutores\/carlos-rodriguez-3\/#breadcrumb","itemListElement":[{"@type":"ListItem","position":1,"name":"Home","item":"https:\/\/bbn1.bbnradio.org\/spanish\/inicio\/"},{"@type":"ListItem","position":2,"name":"Quienes somos","item":"https:\/\/bbn1.bbnradio.org\/spanish\/quienes-somos\/"},{"@type":"ListItem","position":3,"name":"Nuestros Locutores","item":"https:\/\/bbn1.bbnradio.org\/spanish\/quienes-somos\/nuestros-locutores\/"},{"@type":"ListItem","position":4,"name":"Carlos Rodr\u00edguez"}]},{"@type":"WebSite","@id":"https:\/\/bbn1.bbnradio.org\/spanish\/#website","url":"https:\/\/bbn1.bbnradio.org\/spanish\/","name":"BBN Spanish","description":"BBN","potentialAction":[{"@type":"SearchAction","target":{"@type":"EntryPoint","urlTemplate":"https:\/\/bbn1.bbnradio.org\/spanish\/?s={search_term_string}"},"query-input":{"@type":"PropertyValueSpecification","valueRequired":true,"valueName":"search_term_string"}}],"inLanguage":"es"}]}},"jetpack_sharing_enabled":true,"jetpack_shortlink":"https:\/\/wp.me\/P85nNm-4yG","_links":{"self":[{"href":"https:\/\/bbn1.bbnradio.org\/spanish\/wp-json\/wp\/v2\/pages\/17526","targetHints":{"allow":["GET"]}}],"collection":[{"href":"https:\/\/bbn1.bbnradio.org\/spanish\/wp-json\/wp\/v2\/pages"}],"about":[{"href":"https:\/\/bbn1.bbnradio.org\/spanish\/wp-json\/wp\/v2\/types\/page"}],"author":[{"embeddable":true,"href":"https:\/\/bbn1.bbnradio.org\/spanish\/wp-json\/wp\/v2\/users\/3"}],"replies":[{"embeddable":true,"href":"https:\/\/bbn1.bbnradio.org\/spanish\/wp-json\/wp\/v2\/comments?post=17526"}],"version-history":[{"count":3,"href":"https:\/\/bbn1.bbnradio.org\/spanish\/wp-json\/wp\/v2\/pages\/17526\/revisions"}],"predecessor-version":[{"id":18640,"href":"https:\/\/bbn1.bbnradio.org\/spanish\/wp-json\/wp\/v2\/pages\/17526\/revisions\/18640"}],"up":[{"embeddable":true,"href":"https:\/\/bbn1.bbnradio.org\/spanish\/wp-json\/wp\/v2\/pages\/6263"}],"wp:attachment":[{"href":"https:\/\/bbn1.bbnradio.org\/spanish\/wp-json\/wp\/v2\/media?parent=17526"}],"wp:term":[{"taxonomy":"category","embeddable":true,"href":"https:\/\/bbn1.bbnradio.org\/spanish\/wp-json\/wp\/v2\/categories?post=17526"},{"taxonomy":"post_tag","embeddable":true,"href":"https:\/\/bbn1.bbnradio.org\/spanish\/wp-json\/wp\/v2\/tags?post=17526"}],"curies":[{"name":"wp","href":"https:\/\/api.w.org\/{rel}","templated":true}]}}