{"id":7598,"date":"2016-04-04T16:17:40","date_gmt":"2016-04-04T20:17:40","guid":{"rendered":"https:\/\/bbn1.bbnradio.org\/english\/?page_id=7598"},"modified":"2019-04-08T07:33:09","modified_gmt":"2019-04-08T12:33:09","slug":"que-ensena-la-biblia-la-iglesia","status":"publish","type":"page","link":"https:\/\/bbn1.bbnradio.org\/spanish\/herramientas\/que-temas-ensena-la-biblia\/que-ensena-la-biblia-la-iglesia\/","title":{"rendered":"Que ense\u00f1a la Biblia &#8211; La Iglesia"},"content":{"rendered":"<p><strong>LA IGLESIA<\/strong><\/p>\n<p><strong>La iglesia no es un cuerpo f\u00edsico sino un cuerpo espiritual, y debe ser vista desde dos perspectivas:<\/strong><\/p>\n<p>1. La iglesia local, la cual es una expresi\u00f3n f\u00edsica del Cuerpo de Cristo, es un grupo de cristianos se re\u00fanen en un lugar f\u00edsico, puede ser en una casa, un edificio particular designado para reuniones, una cueva o cualquier lugar. Las personas son la iglesia, no la estructura f\u00edsica. Esta es una asamblea local de creyentes que han recibido Su Palabra, han nacido otra vez y han sido bautizados. Ellos pueden reunirse para estudiar doctrina, orar, partir el pan y tener comuni\u00f3n (Hechos 2:41-42).<\/p>\n<p>2. La \u201cIglesia\u201d: la cual abarca a todos los creyentes nacidos de nuevo y que viven hoy sobre el planeta Tierra. Si hoy ya t\u00fa eres salvo, eres un miembro de esa Iglesia. Algunos le han llamado la \u201cIglesia Invisible\u201d.<\/p>\n<p>Hay dos ordenanzas dadas a la iglesia, Bautismo y Cena del Se\u00f1or. No son sacramentos. No tienen un valor redentor. Jes\u00fas dijo: \u201cHaced esto en memoria de m\u00ed\u201d (Lucas 22:19). Algunas religiones ofrecen el pan y lo declaran convertido en la presencia y cuerpo de Cristo. De todos modos, nosotros no recordamos a alguien que est\u00e1 presente sino a alguien que est\u00e1 ausente. El pan y la copa son tomados en la Cena del Se\u00f1or para recordar lo que \u00c9l hizo por nosotros hasta que regrese a buscarnos. El pan es s\u00f3lo un s\u00edmbolo de Su cuerpo que fue quebrantado por nosotros en la cruz. La copa es un s\u00edmbolo de su sangre que \u00e9l derram\u00f3 por nuestros pecados (I Corintios 11:24-29).<\/p>\n<p>El Bautismo es para mostrar que has llegado a ser un cristiano, y la Cena del Se\u00f1or es para recordar al Se\u00f1or Jes\u00fas y lo que \u00c9l ha hecho por nosotros hasta que \u00c9l venga otra vez. Esto debe ser ejercitado solamente por los creyentes.<\/p>\n<p>Hubieron varios dones dados a las personas con el prop\u00f3sito de ministrar a las primeras iglesias locales y que est\u00e1n alistados en Efesios 4:7-8, 11. Desde que hemos recibido la completa revelaci\u00f3n de la Palabra de Dios en la Biblia, los dones de ap\u00f3stoles y profetas han cesado. Revelaciones y profec\u00edas no son ya necesarias. Si alguno declara tener una nueva revelaci\u00f3n o profec\u00eda, eso es una mentira. De hecho, toda revelaci\u00f3n adicional o contraria es condenada (Apocalipsis 22:18-19).<\/p>\n<p>Cada iglesia es aut\u00f3noma, y tiene una estructura organizada como iglesia local, la cual incluye di\u00e1conos y obispos o ancianos (pastores) quienes est\u00e1n para conducir, ense\u00f1ar y pastorear las ovejas (I Timoteo 3:1-15). Tambi\u00e9n hay autoridad dada a la iglesia para ejercer disciplina sobre personas que eligen vivir en pecado (I Corintios 5:11-12).<\/p>\n<!-- AddThis Advanced Settings generic via filter on the_content --><!-- AddThis Share Buttons generic via filter on the_content -->","protected":false},"excerpt":{"rendered":"<p>LA IGLESIA La iglesia no es un cuerpo f\u00edsico sino un cuerpo espiritual, y debe ser vista desde dos perspectivas: 1. La iglesia local, la cual es una expresi\u00f3n f\u00edsica del Cuerpo de Cristo, es un grupo de cristianos se re\u00fanen en un lugar f\u00edsico, puede ser en una casa, un edificio particular designado para [&hellip;]<!-- AddThis Advanced Settings generic via filter on get_the_excerpt --><!-- AddThis Share Buttons generic via filter on get_the_excerpt --><\/p>\n","protected":false},"author":21,"featured_media":0,"parent":5034,"menu_order":0,"comment_status":"closed","ping_status":"closed","template":"","meta":{"jetpack_post_was_ever_published":false,"footnotes":""},"categories":[],"tags":[],"class_list":["post-7598","page","type-page","status-publish","hentry"],"yoast_head":"<!-- This site is optimized with the Yoast SEO Premium plugin v24.8 (Yoast SEO v24.8.1) - https:\/\/yoast.com\/wordpress\/plugins\/seo\/ -->\n<title>Que ense\u00f1a la Biblia - La Iglesia - BBN<\/title>\n<meta name=\"robots\" content=\"index, follow, max-snippet:-1, max-image-preview:large, max-video-preview:-1\" \/>\n<link rel=\"canonical\" href=\"https:\/\/bbn1.bbnradio.org\/spanish\/herramientas\/que-temas-ensena-la-biblia\/que-ensena-la-biblia-la-iglesia\/\" \/>\n<meta property=\"og:locale\" content=\"es_ES\" \/>\n<meta property=\"og:type\" content=\"article\" \/>\n<meta property=\"og:title\" content=\"Que ense\u00f1a la Biblia - La Iglesia - BBN\" \/>\n<meta property=\"og:description\" content=\"LA IGLESIA La iglesia no es un cuerpo f\u00edsico sino un cuerpo espiritual, y debe ser vista desde dos perspectivas: 1. La iglesia local, la cual es una expresi\u00f3n f\u00edsica del Cuerpo de Cristo, es un grupo de cristianos se re\u00fanen en un lugar f\u00edsico, puede ser en una casa, un edificio particular designado para reuniones, una cueva o cualquier lugar. Las personas son la iglesia, no la estructura f\u00edsica. Esta es una asamblea local de creyentes que han recibido Su Palabra, han nacido otra vez y han sido bautizados. Ellos pueden reunirse para estudiar doctrina, orar, partir el pan y tener comuni\u00f3n (Hechos 2:41-42).\" \/>\n<meta property=\"og:url\" content=\"https:\/\/bbn1.bbnradio.org\/spanish\/herramientas\/que-temas-ensena-la-biblia\/que-ensena-la-biblia-la-iglesia\/\" \/>\n<meta property=\"og:site_name\" content=\"BBN\" \/>\n<meta property=\"article:publisher\" content=\"https:\/\/www.facebook.com\/BBNEspanol\" \/>\n<meta property=\"article:modified_time\" content=\"2019-04-08T12:33:09+00:00\" \/>\n<meta name=\"twitter:card\" content=\"summary_large_image\" \/>\n<meta name=\"twitter:title\" content=\"Que ense\u00f1a la Biblia - La Iglesia - BBN\" \/>\n<meta name=\"twitter:description\" content=\"LA IGLESIA La iglesia no es un cuerpo f\u00edsico sino un cuerpo espiritual, y debe ser vista desde dos perspectivas: 1. La iglesia local, la cual es una expresi\u00f3n f\u00edsica del Cuerpo de Cristo, es un grupo de cristianos se re\u00fanen en un lugar f\u00edsico, puede ser en una casa, un edificio particular designado para reuniones, una cueva o cualquier lugar. Las personas son la iglesia, no la estructura f\u00edsica. Esta es una asamblea local de creyentes que han recibido Su Palabra, han nacido otra vez y han sido bautizados. Ellos pueden reunirse para estudiar doctrina, orar, partir el pan y tener comuni\u00f3n (Hechos 2:41-42).\" \/>\n<meta name=\"twitter:site\" content=\"@BBNEspanol\" \/>\n<meta name=\"twitter:label1\" content=\"Tiempo de lectura\" \/>\n\t<meta name=\"twitter:data1\" content=\"2 minutos\" \/>\n<script type=\"application\/ld+json\" class=\"yoast-schema-graph\">{\"@context\":\"https:\/\/schema.org\",\"@graph\":[{\"@type\":\"WebPage\",\"@id\":\"https:\/\/bbn1.bbnradio.org\/spanish\/herramientas\/que-temas-ensena-la-biblia\/que-ensena-la-biblia-la-iglesia\/\",\"url\":\"https:\/\/bbn1.bbnradio.org\/spanish\/herramientas\/que-temas-ensena-la-biblia\/que-ensena-la-biblia-la-iglesia\/\",\"name\":\"Que ense\u00f1a la Biblia - La Iglesia - BBN\",\"isPartOf\":{\"@id\":\"https:\/\/bbn1.bbnradio.org\/spanish\/#website\"},\"datePublished\":\"2016-04-04T20:17:40+00:00\",\"dateModified\":\"2019-04-08T12:33:09+00:00\",\"breadcrumb\":{\"@id\":\"https:\/\/bbn1.bbnradio.org\/spanish\/herramientas\/que-temas-ensena-la-biblia\/que-ensena-la-biblia-la-iglesia\/#breadcrumb\"},\"inLanguage\":\"es\",\"potentialAction\":[{\"@type\":\"ReadAction\",\"target\":[\"https:\/\/bbn1.bbnradio.org\/spanish\/herramientas\/que-temas-ensena-la-biblia\/que-ensena-la-biblia-la-iglesia\/\"]}]},{\"@type\":\"BreadcrumbList\",\"@id\":\"https:\/\/bbn1.bbnradio.org\/spanish\/herramientas\/que-temas-ensena-la-biblia\/que-ensena-la-biblia-la-iglesia\/#breadcrumb\",\"itemListElement\":[{\"@type\":\"ListItem\",\"position\":1,\"name\":\"Home\",\"item\":\"https:\/\/bbn1.bbnradio.org\/spanish\/inicio\/\"},{\"@type\":\"ListItem\",\"position\":2,\"name\":\"Herramientas\",\"item\":\"https:\/\/bbn1.bbnradio.org\/spanish\/herramientas\/\"},{\"@type\":\"ListItem\",\"position\":3,\"name\":\"Que temas ense\u00f1a la Biblia\",\"item\":\"https:\/\/bbn1.bbnradio.org\/spanish\/herramientas\/que-temas-ensena-la-biblia\/\"},{\"@type\":\"ListItem\",\"position\":4,\"name\":\"Que ense\u00f1a la Biblia &#8211; La Iglesia\"}]},{\"@type\":\"WebSite\",\"@id\":\"https:\/\/bbn1.bbnradio.org\/spanish\/#website\",\"url\":\"https:\/\/bbn1.bbnradio.org\/spanish\/\",\"name\":\"BBN Spanish\",\"description\":\"BBN\",\"potentialAction\":[{\"@type\":\"SearchAction\",\"target\":{\"@type\":\"EntryPoint\",\"urlTemplate\":\"https:\/\/bbn1.bbnradio.org\/spanish\/?s={search_term_string}\"},\"query-input\":{\"@type\":\"PropertyValueSpecification\",\"valueRequired\":true,\"valueName\":\"search_term_string\"}}],\"inLanguage\":\"es\"}]}<\/script>\n<!-- \/ Yoast SEO Premium plugin. -->","yoast_head_json":{"title":"Que ense\u00f1a la Biblia - La Iglesia - BBN","robots":{"index":"index","follow":"follow","max-snippet":"max-snippet:-1","max-image-preview":"max-image-preview:large","max-video-preview":"max-video-preview:-1"},"canonical":"https:\/\/bbn1.bbnradio.org\/spanish\/herramientas\/que-temas-ensena-la-biblia\/que-ensena-la-biblia-la-iglesia\/","og_locale":"es_ES","og_type":"article","og_title":"Que ense\u00f1a la Biblia - La Iglesia - BBN","og_description":"LA IGLESIA La iglesia no es un cuerpo f\u00edsico sino un cuerpo espiritual, y debe ser vista desde dos perspectivas: 1. La iglesia local, la cual es una expresi\u00f3n f\u00edsica del Cuerpo de Cristo, es un grupo de cristianos se re\u00fanen en un lugar f\u00edsico, puede ser en una casa, un edificio particular designado para reuniones, una cueva o cualquier lugar. Las personas son la iglesia, no la estructura f\u00edsica. Esta es una asamblea local de creyentes que han recibido Su Palabra, han nacido otra vez y han sido bautizados. Ellos pueden reunirse para estudiar doctrina, orar, partir el pan y tener comuni\u00f3n (Hechos 2:41-42).","og_url":"https:\/\/bbn1.bbnradio.org\/spanish\/herramientas\/que-temas-ensena-la-biblia\/que-ensena-la-biblia-la-iglesia\/","og_site_name":"BBN","article_publisher":"https:\/\/www.facebook.com\/BBNEspanol","article_modified_time":"2019-04-08T12:33:09+00:00","twitter_card":"summary_large_image","twitter_title":"Que ense\u00f1a la Biblia - La Iglesia - BBN","twitter_description":"LA IGLESIA La iglesia no es un cuerpo f\u00edsico sino un cuerpo espiritual, y debe ser vista desde dos perspectivas: 1. La iglesia local, la cual es una expresi\u00f3n f\u00edsica del Cuerpo de Cristo, es un grupo de cristianos se re\u00fanen en un lugar f\u00edsico, puede ser en una casa, un edificio particular designado para reuniones, una cueva o cualquier lugar. Las personas son la iglesia, no la estructura f\u00edsica. Esta es una asamblea local de creyentes que han recibido Su Palabra, han nacido otra vez y han sido bautizados. Ellos pueden reunirse para estudiar doctrina, orar, partir el pan y tener comuni\u00f3n (Hechos 2:41-42).","twitter_site":"@BBNEspanol","twitter_misc":{"Tiempo de lectura":"2 minutos"},"schema":{"@context":"https:\/\/schema.org","@graph":[{"@type":"WebPage","@id":"https:\/\/bbn1.bbnradio.org\/spanish\/herramientas\/que-temas-ensena-la-biblia\/que-ensena-la-biblia-la-iglesia\/","url":"https:\/\/bbn1.bbnradio.org\/spanish\/herramientas\/que-temas-ensena-la-biblia\/que-ensena-la-biblia-la-iglesia\/","name":"Que ense\u00f1a la Biblia - La Iglesia - BBN","isPartOf":{"@id":"https:\/\/bbn1.bbnradio.org\/spanish\/#website"},"datePublished":"2016-04-04T20:17:40+00:00","dateModified":"2019-04-08T12:33:09+00:00","breadcrumb":{"@id":"https:\/\/bbn1.bbnradio.org\/spanish\/herramientas\/que-temas-ensena-la-biblia\/que-ensena-la-biblia-la-iglesia\/#breadcrumb"},"inLanguage":"es","potentialAction":[{"@type":"ReadAction","target":["https:\/\/bbn1.bbnradio.org\/spanish\/herramientas\/que-temas-ensena-la-biblia\/que-ensena-la-biblia-la-iglesia\/"]}]},{"@type":"BreadcrumbList","@id":"https:\/\/bbn1.bbnradio.org\/spanish\/herramientas\/que-temas-ensena-la-biblia\/que-ensena-la-biblia-la-iglesia\/#breadcrumb","itemListElement":[{"@type":"ListItem","position":1,"name":"Home","item":"https:\/\/bbn1.bbnradio.org\/spanish\/inicio\/"},{"@type":"ListItem","position":2,"name":"Herramientas","item":"https:\/\/bbn1.bbnradio.org\/spanish\/herramientas\/"},{"@type":"ListItem","position":3,"name":"Que temas ense\u00f1a la Biblia","item":"https:\/\/bbn1.bbnradio.org\/spanish\/herramientas\/que-temas-ensena-la-biblia\/"},{"@type":"ListItem","position":4,"name":"Que ense\u00f1a la Biblia &#8211; La Iglesia"}]},{"@type":"WebSite","@id":"https:\/\/bbn1.bbnradio.org\/spanish\/#website","url":"https:\/\/bbn1.bbnradio.org\/spanish\/","name":"BBN Spanish","description":"BBN","potentialAction":[{"@type":"SearchAction","target":{"@type":"EntryPoint","urlTemplate":"https:\/\/bbn1.bbnradio.org\/spanish\/?s={search_term_string}"},"query-input":{"@type":"PropertyValueSpecification","valueRequired":true,"valueName":"search_term_string"}}],"inLanguage":"es"}]}},"jetpack_sharing_enabled":true,"jetpack_shortlink":"https:\/\/wp.me\/P85nNm-1Yy","_links":{"self":[{"href":"https:\/\/bbn1.bbnradio.org\/spanish\/wp-json\/wp\/v2\/pages\/7598","targetHints":{"allow":["GET"]}}],"collection":[{"href":"https:\/\/bbn1.bbnradio.org\/spanish\/wp-json\/wp\/v2\/pages"}],"about":[{"href":"https:\/\/bbn1.bbnradio.org\/spanish\/wp-json\/wp\/v2\/types\/page"}],"author":[{"embeddable":true,"href":"https:\/\/bbn1.bbnradio.org\/spanish\/wp-json\/wp\/v2\/users\/21"}],"replies":[{"embeddable":true,"href":"https:\/\/bbn1.bbnradio.org\/spanish\/wp-json\/wp\/v2\/comments?post=7598"}],"version-history":[{"count":2,"href":"https:\/\/bbn1.bbnradio.org\/spanish\/wp-json\/wp\/v2\/pages\/7598\/revisions"}],"predecessor-version":[{"id":15844,"href":"https:\/\/bbn1.bbnradio.org\/spanish\/wp-json\/wp\/v2\/pages\/7598\/revisions\/15844"}],"up":[{"embeddable":true,"href":"https:\/\/bbn1.bbnradio.org\/spanish\/wp-json\/wp\/v2\/pages\/5034"}],"wp:attachment":[{"href":"https:\/\/bbn1.bbnradio.org\/spanish\/wp-json\/wp\/v2\/media?parent=7598"}],"wp:term":[{"taxonomy":"category","embeddable":true,"href":"https:\/\/bbn1.bbnradio.org\/spanish\/wp-json\/wp\/v2\/categories?post=7598"},{"taxonomy":"post_tag","embeddable":true,"href":"https:\/\/bbn1.bbnradio.org\/spanish\/wp-json\/wp\/v2\/tags?post=7598"}],"curies":[{"name":"wp","href":"https:\/\/api.w.org\/{rel}","templated":true}]}}