{"id":7606,"date":"2016-04-04T16:21:22","date_gmt":"2016-04-04T20:21:22","guid":{"rendered":"https:\/\/bbn1.bbnradio.org\/english\/?page_id=7606"},"modified":"2018-04-05T15:19:07","modified_gmt":"2018-04-05T20:19:07","slug":"que-ensena-la-biblia-que-sabemos-del-cielo","status":"publish","type":"page","link":"https:\/\/bbn1.bbnradio.org\/spanish\/herramientas\/que-temas-ensena-la-biblia\/que-ensena-la-biblia-que-sabemos-del-cielo\/","title":{"rendered":"Que ense\u00f1a la Biblia &#8211; \u00bfQu\u00e9 sabemos del cielo?"},"content":{"rendered":"<p><strong>\u00bfQU\u00c9 SABEMOS DEL CIELO?<\/strong><\/p>\n<p>Las Escrituras ense\u00f1an claramente que hay un lugar llamado Cielo para todos los que conocen y aman a nuestro Se\u00f1or Jesucristo. El Cielo es un lugar. La palabra es usada en la Biblia de tres diferentes maneras: primero, la zona de las nubes es llamada cielo (G\u00e9nesis 1:8). Segundo, la zona donde las estrellas est\u00e1n localizadas es conocida como cielo (G\u00e9nesis 1:17). Tercero, la palabra es utilizada para describir el lugar de la morada de Dios. Pablo llama a esto \u00abel tercer cielo\u00bb y \u00abPara\u00edso\u00bb (II Corintios 12:2-4).<\/p>\n<p>Cielo es siempre mencionado como estando \u00abarriba.\u00bb Satan\u00e1s dijo, en Isa\u00edas 14:13-14, \u00absubir\u00e9 al cielo\u00bb. Nosotros sabemos que nuestro Se\u00f1or hoy est\u00e1 en el cielo. Despu\u00e9s de Su resurrecci\u00f3n de entre los muertos, \u00c9l ascendi\u00f3 en un cuerpo de carne y huesos. \u00c9l subi\u00f3 con su humanidad glorificada al cielo (Lucas 24:38- 39, 51; I Pedro 3:22; Hebreos 1:3).<\/p>\n<p>Hay una gran multitud de creyentes en el cielo, porque cuando el verdadero cristiano muere, \u00e9l est\u00e1 \u00abausente del cuerpo y presente al Se\u00f1or\u00bb (II Corintios 5:8). Estos creyentes est\u00e1n disfrutando la presencia de Cristo, lo cual es much\u00edsimo mejor (Filipenses 1:23).<\/p>\n<p>\u00bfC\u00f3mo es el Cielo? Es un lugar que Dios ha preparado para todos los que vienen a \u00c9l. Si el Creador del Universo lo prepar\u00f3, debe ser algo maravilloso. Los escritores de la Biblia no pudieron encontrar lenguaje para describirlo. En Apocalipsis 21:10-27, Juan trat\u00f3 de describir sus cimientos, muro, puertas y calle de la ciudad celestial. Sabemos de que no habr\u00e1 enfermedad, tristeza, l\u00e1grimas, dolor o muerte en aquel bello lugar (Apocalipsis 21:4). Lo que sabemos es que despu\u00e9s de la tristeza y el sufrimiento por los dolores de la vida en esta tierra maldecida por el pecado, estaremos \u201cfinalmente en casa\u201d. Pero lo mejor de todo, el Se\u00f1or Jesucristo, estar\u00e1 all\u00e1, y \u00c9l ser\u00e1 el supremo deleite del coraz\u00f3n de cada creyente.<\/p>\n<!-- AddThis Advanced Settings generic via filter on the_content --><!-- AddThis Share Buttons generic via filter on the_content -->","protected":false},"excerpt":{"rendered":"<p>\u00bfQU\u00c9 SABEMOS DEL CIELO? Las Escrituras ense\u00f1an claramente que hay un lugar llamado Cielo para todos los que conocen y aman a nuestro Se\u00f1or Jesucristo. El Cielo es un lugar. La palabra es usada en la Biblia de tres diferentes maneras: primero, la zona de las nubes es llamada cielo (G\u00e9nesis 1:8). Segundo, la zona [&hellip;]<!-- AddThis Advanced Settings generic via filter on get_the_excerpt --><!-- AddThis Share Buttons generic via filter on get_the_excerpt --><\/p>\n","protected":false},"author":21,"featured_media":0,"parent":5034,"menu_order":0,"comment_status":"closed","ping_status":"closed","template":"","meta":{"jetpack_post_was_ever_published":false,"footnotes":""},"categories":[],"tags":[],"class_list":["post-7606","page","type-page","status-publish","hentry"],"yoast_head":"<!-- This site is optimized with the Yoast SEO Premium plugin v24.8 (Yoast SEO v24.8.1) - https:\/\/yoast.com\/wordpress\/plugins\/seo\/ -->\n<title>Que ense\u00f1a la Biblia - \u00bfQu\u00e9 sabemos del cielo? - BBN<\/title>\n<meta name=\"robots\" content=\"index, follow, max-snippet:-1, max-image-preview:large, max-video-preview:-1\" \/>\n<link rel=\"canonical\" href=\"https:\/\/bbn1.bbnradio.org\/spanish\/herramientas\/que-temas-ensena-la-biblia\/que-ensena-la-biblia-que-sabemos-del-cielo\/\" \/>\n<meta property=\"og:locale\" content=\"es_ES\" \/>\n<meta property=\"og:type\" content=\"article\" \/>\n<meta property=\"og:title\" content=\"\u00bfQue sabemos del cielo? lo que la Biblia ense\u00f1a -BBN\" \/>\n<meta property=\"og:description\" content=\"\u00bfQU\u00c9 SABEMOS DEL CIELO? Las Escrituras ense\u00f1an claramente que hay un lugar llamado Cielo para todos los que conocen y aman a nuestro Se\u00f1or Jesucristo. El Cielo es un lugar. La palabra es usada en la Biblia de tres diferentes maneras: primero, la zona de las nubes es llamada cielo (G\u00e9nesis 1:8). Segundo, la zona donde las estrellas est\u00e1n localizadas es conocida como cielo (G\u00e9nesis 1:17). Tercero, la palabra es utilizada para describir el lugar de la morada de Dios. Pablo llama a esto &quot;el tercer cielo&quot; y &quot;Para\u00edso&quot; (II Corintios 12:2-4). Cielo es siempre mencionado como estando &quot;arriba.&quot; Satan\u00e1s dijo, en Isa\u00edas 14:13-14, &quot;subir\u00e9 al cielo&quot;. Nosotros sabemos que nuestro Se\u00f1or hoy est\u00e1 en el cielo. Despu\u00e9s de Su resurrecci\u00f3n de entre los muertos, \u00c9l ascendi\u00f3 en un cuerpo de carne y huesos. \u00c9l subi\u00f3 con su humanidad glorificada al cielo (Lucas 24:38- 39, 51; I Pedro 3:22; Hebreos 1:3). Hay una gran multitud de creyentes en el cielo, porque cuando el verdadero cristiano muere, \u00e9l est\u00e1 &quot;ausente del cuerpo y presente al Se\u00f1or&quot; (II Corintios 5:8). Estos creyentes\" \/>\n<meta property=\"og:url\" content=\"https:\/\/bbn1.bbnradio.org\/spanish\/herramientas\/que-temas-ensena-la-biblia\/que-ensena-la-biblia-que-sabemos-del-cielo\/\" \/>\n<meta property=\"og:site_name\" content=\"BBN\" \/>\n<meta property=\"article:publisher\" content=\"https:\/\/www.facebook.com\/BBNEspanol\" \/>\n<meta property=\"article:modified_time\" content=\"2018-04-05T20:19:07+00:00\" \/>\n<meta name=\"twitter:card\" content=\"summary_large_image\" \/>\n<meta name=\"twitter:title\" content=\"\u00bfQue ense\u00f1a la BIblia acerca del cielo? -BBN\" \/>\n<meta name=\"twitter:description\" content=\"Las Escrituras ense\u00f1an claramente que hay un lugar llamado Cielo para todos los que conocen y aman a nuestro Se\u00f1or Jesucristo. El Cielo es un lugar. La palabra es usada en la Biblia de tres diferentes maneras: primero, la zona de las nubes es llamada cielo (G\u00e9nesis 1:8). Segundo, la zona donde las estrellas est\u00e1n localizadas es conocida como cielo (G\u00e9nesis 1:17). Tercero, la palabra es utilizada para describir el lugar de la morada de Dios. Pablo llama a esto &quot;el tercer cielo&quot; y &quot;Para\u00edso&quot; (II Corintios 12:2-4).\" \/>\n<meta name=\"twitter:site\" content=\"@BBNEspanol\" \/>\n<meta name=\"twitter:label1\" content=\"Tiempo de lectura\" \/>\n\t<meta name=\"twitter:data1\" content=\"2 minutos\" \/>\n<script type=\"application\/ld+json\" class=\"yoast-schema-graph\">{\"@context\":\"https:\/\/schema.org\",\"@graph\":[{\"@type\":\"WebPage\",\"@id\":\"https:\/\/bbn1.bbnradio.org\/spanish\/herramientas\/que-temas-ensena-la-biblia\/que-ensena-la-biblia-que-sabemos-del-cielo\/\",\"url\":\"https:\/\/bbn1.bbnradio.org\/spanish\/herramientas\/que-temas-ensena-la-biblia\/que-ensena-la-biblia-que-sabemos-del-cielo\/\",\"name\":\"Que ense\u00f1a la Biblia - \u00bfQu\u00e9 sabemos del cielo? - BBN\",\"isPartOf\":{\"@id\":\"https:\/\/bbn1.bbnradio.org\/spanish\/#website\"},\"datePublished\":\"2016-04-04T20:21:22+00:00\",\"dateModified\":\"2018-04-05T20:19:07+00:00\",\"breadcrumb\":{\"@id\":\"https:\/\/bbn1.bbnradio.org\/spanish\/herramientas\/que-temas-ensena-la-biblia\/que-ensena-la-biblia-que-sabemos-del-cielo\/#breadcrumb\"},\"inLanguage\":\"es\",\"potentialAction\":[{\"@type\":\"ReadAction\",\"target\":[\"https:\/\/bbn1.bbnradio.org\/spanish\/herramientas\/que-temas-ensena-la-biblia\/que-ensena-la-biblia-que-sabemos-del-cielo\/\"]}]},{\"@type\":\"BreadcrumbList\",\"@id\":\"https:\/\/bbn1.bbnradio.org\/spanish\/herramientas\/que-temas-ensena-la-biblia\/que-ensena-la-biblia-que-sabemos-del-cielo\/#breadcrumb\",\"itemListElement\":[{\"@type\":\"ListItem\",\"position\":1,\"name\":\"Home\",\"item\":\"https:\/\/bbn1.bbnradio.org\/spanish\/inicio\/\"},{\"@type\":\"ListItem\",\"position\":2,\"name\":\"Herramientas\",\"item\":\"https:\/\/bbn1.bbnradio.org\/spanish\/herramientas\/\"},{\"@type\":\"ListItem\",\"position\":3,\"name\":\"Que temas ense\u00f1a la Biblia\",\"item\":\"https:\/\/bbn1.bbnradio.org\/spanish\/herramientas\/que-temas-ensena-la-biblia\/\"},{\"@type\":\"ListItem\",\"position\":4,\"name\":\"Que ense\u00f1a la Biblia &#8211; \u00bfQu\u00e9 sabemos del cielo?\"}]},{\"@type\":\"WebSite\",\"@id\":\"https:\/\/bbn1.bbnradio.org\/spanish\/#website\",\"url\":\"https:\/\/bbn1.bbnradio.org\/spanish\/\",\"name\":\"BBN Spanish\",\"description\":\"BBN\",\"potentialAction\":[{\"@type\":\"SearchAction\",\"target\":{\"@type\":\"EntryPoint\",\"urlTemplate\":\"https:\/\/bbn1.bbnradio.org\/spanish\/?s={search_term_string}\"},\"query-input\":{\"@type\":\"PropertyValueSpecification\",\"valueRequired\":true,\"valueName\":\"search_term_string\"}}],\"inLanguage\":\"es\"}]}<\/script>\n<!-- \/ Yoast SEO Premium plugin. -->","yoast_head_json":{"title":"Que ense\u00f1a la Biblia - \u00bfQu\u00e9 sabemos del cielo? - BBN","robots":{"index":"index","follow":"follow","max-snippet":"max-snippet:-1","max-image-preview":"max-image-preview:large","max-video-preview":"max-video-preview:-1"},"canonical":"https:\/\/bbn1.bbnradio.org\/spanish\/herramientas\/que-temas-ensena-la-biblia\/que-ensena-la-biblia-que-sabemos-del-cielo\/","og_locale":"es_ES","og_type":"article","og_title":"\u00bfQue sabemos del cielo? lo que la Biblia ense\u00f1a -BBN","og_description":"\u00bfQU\u00c9 SABEMOS DEL CIELO? Las Escrituras ense\u00f1an claramente que hay un lugar llamado Cielo para todos los que conocen y aman a nuestro Se\u00f1or Jesucristo. El Cielo es un lugar. La palabra es usada en la Biblia de tres diferentes maneras: primero, la zona de las nubes es llamada cielo (G\u00e9nesis 1:8). Segundo, la zona donde las estrellas est\u00e1n localizadas es conocida como cielo (G\u00e9nesis 1:17). Tercero, la palabra es utilizada para describir el lugar de la morada de Dios. Pablo llama a esto \"el tercer cielo\" y \"Para\u00edso\" (II Corintios 12:2-4). Cielo es siempre mencionado como estando \"arriba.\" Satan\u00e1s dijo, en Isa\u00edas 14:13-14, \"subir\u00e9 al cielo\". Nosotros sabemos que nuestro Se\u00f1or hoy est\u00e1 en el cielo. Despu\u00e9s de Su resurrecci\u00f3n de entre los muertos, \u00c9l ascendi\u00f3 en un cuerpo de carne y huesos. \u00c9l subi\u00f3 con su humanidad glorificada al cielo (Lucas 24:38- 39, 51; I Pedro 3:22; Hebreos 1:3). Hay una gran multitud de creyentes en el cielo, porque cuando el verdadero cristiano muere, \u00e9l est\u00e1 \"ausente del cuerpo y presente al Se\u00f1or\" (II Corintios 5:8). Estos creyentes","og_url":"https:\/\/bbn1.bbnradio.org\/spanish\/herramientas\/que-temas-ensena-la-biblia\/que-ensena-la-biblia-que-sabemos-del-cielo\/","og_site_name":"BBN","article_publisher":"https:\/\/www.facebook.com\/BBNEspanol","article_modified_time":"2018-04-05T20:19:07+00:00","twitter_card":"summary_large_image","twitter_title":"\u00bfQue ense\u00f1a la BIblia acerca del cielo? -BBN","twitter_description":"Las Escrituras ense\u00f1an claramente que hay un lugar llamado Cielo para todos los que conocen y aman a nuestro Se\u00f1or Jesucristo. El Cielo es un lugar. La palabra es usada en la Biblia de tres diferentes maneras: primero, la zona de las nubes es llamada cielo (G\u00e9nesis 1:8). Segundo, la zona donde las estrellas est\u00e1n localizadas es conocida como cielo (G\u00e9nesis 1:17). Tercero, la palabra es utilizada para describir el lugar de la morada de Dios. Pablo llama a esto \"el tercer cielo\" y \"Para\u00edso\" (II Corintios 12:2-4).","twitter_site":"@BBNEspanol","twitter_misc":{"Tiempo de lectura":"2 minutos"},"schema":{"@context":"https:\/\/schema.org","@graph":[{"@type":"WebPage","@id":"https:\/\/bbn1.bbnradio.org\/spanish\/herramientas\/que-temas-ensena-la-biblia\/que-ensena-la-biblia-que-sabemos-del-cielo\/","url":"https:\/\/bbn1.bbnradio.org\/spanish\/herramientas\/que-temas-ensena-la-biblia\/que-ensena-la-biblia-que-sabemos-del-cielo\/","name":"Que ense\u00f1a la Biblia - \u00bfQu\u00e9 sabemos del cielo? - BBN","isPartOf":{"@id":"https:\/\/bbn1.bbnradio.org\/spanish\/#website"},"datePublished":"2016-04-04T20:21:22+00:00","dateModified":"2018-04-05T20:19:07+00:00","breadcrumb":{"@id":"https:\/\/bbn1.bbnradio.org\/spanish\/herramientas\/que-temas-ensena-la-biblia\/que-ensena-la-biblia-que-sabemos-del-cielo\/#breadcrumb"},"inLanguage":"es","potentialAction":[{"@type":"ReadAction","target":["https:\/\/bbn1.bbnradio.org\/spanish\/herramientas\/que-temas-ensena-la-biblia\/que-ensena-la-biblia-que-sabemos-del-cielo\/"]}]},{"@type":"BreadcrumbList","@id":"https:\/\/bbn1.bbnradio.org\/spanish\/herramientas\/que-temas-ensena-la-biblia\/que-ensena-la-biblia-que-sabemos-del-cielo\/#breadcrumb","itemListElement":[{"@type":"ListItem","position":1,"name":"Home","item":"https:\/\/bbn1.bbnradio.org\/spanish\/inicio\/"},{"@type":"ListItem","position":2,"name":"Herramientas","item":"https:\/\/bbn1.bbnradio.org\/spanish\/herramientas\/"},{"@type":"ListItem","position":3,"name":"Que temas ense\u00f1a la Biblia","item":"https:\/\/bbn1.bbnradio.org\/spanish\/herramientas\/que-temas-ensena-la-biblia\/"},{"@type":"ListItem","position":4,"name":"Que ense\u00f1a la Biblia &#8211; \u00bfQu\u00e9 sabemos del cielo?"}]},{"@type":"WebSite","@id":"https:\/\/bbn1.bbnradio.org\/spanish\/#website","url":"https:\/\/bbn1.bbnradio.org\/spanish\/","name":"BBN Spanish","description":"BBN","potentialAction":[{"@type":"SearchAction","target":{"@type":"EntryPoint","urlTemplate":"https:\/\/bbn1.bbnradio.org\/spanish\/?s={search_term_string}"},"query-input":{"@type":"PropertyValueSpecification","valueRequired":true,"valueName":"search_term_string"}}],"inLanguage":"es"}]}},"jetpack_sharing_enabled":true,"jetpack_shortlink":"https:\/\/wp.me\/P85nNm-1YG","_links":{"self":[{"href":"https:\/\/bbn1.bbnradio.org\/spanish\/wp-json\/wp\/v2\/pages\/7606","targetHints":{"allow":["GET"]}}],"collection":[{"href":"https:\/\/bbn1.bbnradio.org\/spanish\/wp-json\/wp\/v2\/pages"}],"about":[{"href":"https:\/\/bbn1.bbnradio.org\/spanish\/wp-json\/wp\/v2\/types\/page"}],"author":[{"embeddable":true,"href":"https:\/\/bbn1.bbnradio.org\/spanish\/wp-json\/wp\/v2\/users\/21"}],"replies":[{"embeddable":true,"href":"https:\/\/bbn1.bbnradio.org\/spanish\/wp-json\/wp\/v2\/comments?post=7606"}],"version-history":[{"count":1,"href":"https:\/\/bbn1.bbnradio.org\/spanish\/wp-json\/wp\/v2\/pages\/7606\/revisions"}],"predecessor-version":[{"id":12321,"href":"https:\/\/bbn1.bbnradio.org\/spanish\/wp-json\/wp\/v2\/pages\/7606\/revisions\/12321"}],"up":[{"embeddable":true,"href":"https:\/\/bbn1.bbnradio.org\/spanish\/wp-json\/wp\/v2\/pages\/5034"}],"wp:attachment":[{"href":"https:\/\/bbn1.bbnradio.org\/spanish\/wp-json\/wp\/v2\/media?parent=7606"}],"wp:term":[{"taxonomy":"category","embeddable":true,"href":"https:\/\/bbn1.bbnradio.org\/spanish\/wp-json\/wp\/v2\/categories?post=7606"},{"taxonomy":"post_tag","embeddable":true,"href":"https:\/\/bbn1.bbnradio.org\/spanish\/wp-json\/wp\/v2\/tags?post=7606"}],"curies":[{"name":"wp","href":"https:\/\/api.w.org\/{rel}","templated":true}]}}