{"id":7629,"date":"2016-04-04T16:37:59","date_gmt":"2016-04-04T20:37:59","guid":{"rendered":"https:\/\/bbn1.bbnradio.org\/english\/?page_id=7629"},"modified":"2018-06-14T13:28:45","modified_gmt":"2018-06-14T18:28:45","slug":"que-ensena-la-biblia-la-vida-que-cuenta","status":"publish","type":"page","link":"https:\/\/bbn1.bbnradio.org\/spanish\/herramientas\/que-temas-ensena-la-biblia\/que-ensena-la-biblia-la-vida-que-cuenta\/","title":{"rendered":"Que ense\u00f1a la Biblia &#8211; La vida que cuenta"},"content":{"rendered":"<p><strong>LA VIDA QUE CUENTA<\/strong><\/p>\n<p>\u00bfC\u00f3mo puede un cristiano hacer que su vida cuente? Pese a que un creyente no puede perder su salvaci\u00f3n, es completamente cierto que puede desperdiciar su vida tanto que no cuente para la eternidad. Ha sido correctamente dicho: \u201cUn necio es un hombre cuyos planes terminan en el tiempo\u201d. Para evitar la tragedia de una vida malgastada, la Biblia nos aconseja a cada cristiano lo siguiente:<\/p>\n<p><strong>A. Cuenta el costo de ser un disc\u00edpulo de Cristo<\/strong>. Todos los creyentes son hijos de Dios, pero no todos son disc\u00edpulos. Los t\u00e9rminos para el discipulado son dados en Mateo 10:16-42 y Lucas 14:25-35. Ser un disc\u00edpulo significa poner a un lado el confort y la seguridad terrenal, significa una vida de auto negaci\u00f3n, significa la enemistad y el rid\u00edculo del mundo, es abandonarlo todo para seguir al Se\u00f1or Jes\u00fas.<\/p>\n<p><strong>B.<\/strong> <strong>Has un deliberado compromiso de tu vida a \u00c9l<\/strong>. Romanos 12:1.<br \/>\nLlega al punto de decisi\u00f3n donde entregas tu cuerpo en sacrificio vivo a Dios. Esa es la \u00fanica cosa razonable para hacer en vistas a todo lo que \u00c9l ha hecho. El gran misionero C. T. Studd una vez dijo: \u00abSi Jesucristo es Dios y muri\u00f3 por m\u00ed, entonces no hay sacrificio que pueda ser demasiado grande para que yo haga por \u00c9l\u00bb.<\/p>\n<p><strong>C.<\/strong> <strong>Abandona tu propia vida para Cristo<\/strong>. El Salvador dijo: \u00abtodo aquel que pierda su vida por causa de m\u00ed la hallar\u00e1\u00bb (Mateo 16:25). En otras palabras, si quieres conocer el pleno gozo y felicidad de la vida, deber\u00edas vivir para complacer al Se\u00f1or Jesucristo y no a ti mismo. El que vive ego\u00edstamente es una persona miserable y no feliz.<\/p>\n<p><strong>D. Quema los puentes detr\u00e1s tuyo<\/strong>. \u201cAtad v\u00edctimas con cuerdas a los cuernos del altar\u201d (Salmos 118:27). Hazlo tan dif\u00edcil como sea por ti mismo, para no volver a conexiones que te alejar\u00edan de una vida de obediencia de todo coraz\u00f3n y devoci\u00f3n a tu Se\u00f1or (Lucas 9:23).<\/p>\n<p><strong>E.<\/strong> <strong>No te desv\u00edes<\/strong>. Muchos comienzan muy bien pero pierden la visi\u00f3n y resbalan retornando a la vieja rutina. Negocios bien pagos, materialismo, carreras interesantes, y muchas tentaciones morales te sacar\u00e1n afuera. Matrimonios no sabios han sido la ca\u00edda de muchos que hubieran sido disc\u00edpulos. El diablo usar\u00e1 a cualquiera y cualquier cosa para desviarte de la senda de Dios para ti. El Se\u00f1or Jes\u00fas dijo: \u00abNinguno que poniendo su mano en el arado mira hacia atr\u00e1s, es apto para el reino de Dios\u00bb (Lucas 9:62).<\/p>\n<p><strong>F. Vive para servir<\/strong>. \u00abEl Hijo del Hombre no vino para ser servido, sino para servir\u00bb (Mateo 20:28). La verdadera grandeza est\u00e1 en servir a otros. No trates de estar en la l\u00ednea donde se recibe. \u00abM\u00e1s bienaventurado es dar que recibir\u00bb (Hechos 20:35).<\/p>\n<p><strong>G. Cor\u00f3nale a \u00c9l como Se\u00f1or de todo.<\/strong> Si Cristo reina en tu vida, cada d\u00eda realmente contar\u00e1s para la eternidad. El cristianismo es \u201cno un placentero pasatiempo sino una b\u00fasqueda apasionante\u201d. No es una vida f\u00e1cil sino una lucha. No cuesta nada llegar a ser un cristiano, pero cuesta todo ser uno. No es popularidad sino persecuci\u00f3n; no es confort sino una cruz. Pero es la mejor vida. T\u00fa sirves al mejor de los Maestros. Tus recompensas son lo mejor, y disfrutar\u00e1s tu trabajo a\u00fan m\u00e1s que tus salarios. Tus recompensas son maravillosas, tanto ahora como en la eternidad.<\/p>\n<p>Te insistimos, por lo tanto, que des tu vida a Cristo. Dale lo mejor de ti, no retengas nada. Puede llegar a ser tu supremo gozo escucharle decirte al fin: \u00abBien, buen siervo y fiel&#8230; entra en el gozo de tu Se\u00f1or\u00bb (Mateo 25:21).<\/p>\n<p>&#8212;<\/p>\n<p>Este libro ha sido especialmente preparado para usted por la Red de Radiodifusi\u00f3n B\u00edblica de Charlotte, Carolina del Norte, EE.UU, y est\u00e1 a su disposici\u00f3n para\u00a0 ayudarle en dos cosas: Primero, \u201cpara estudiar a fin de presentarse a Dios aprobado, como obrero que no tiene de qu\u00e9 avergonzarse, que usa bien la Palabra de Verdad\u201d (II Timoteo 2: 15). Segundo \u201c\u2026para sufrir penalidades como buen soldado de Jesucristo. Ninguno que milita se enreda en los negocios de la vida, a fin de agradar a aquel que lo tom\u00f3 por soldado. Y tambi\u00e9n el que lucha como atleta, no es coronado si no lucha leg\u00edtimamente\u201d (II Timoteo 2:3-5).<\/p>\n<!-- AddThis Advanced Settings generic via filter on the_content --><!-- AddThis Share Buttons generic via filter on the_content -->","protected":false},"excerpt":{"rendered":"<p>LA VIDA QUE CUENTA \u00bfC\u00f3mo puede un cristiano hacer que su vida cuente? Pese a que un creyente no puede perder su salvaci\u00f3n, es completamente cierto que puede desperdiciar su vida tanto que no cuente para la eternidad. Ha sido correctamente dicho: \u201cUn necio es un hombre cuyos planes terminan en el tiempo\u201d. Para evitar [&hellip;]<!-- AddThis Advanced Settings generic via filter on get_the_excerpt --><!-- AddThis Share Buttons generic via filter on get_the_excerpt --><\/p>\n","protected":false},"author":21,"featured_media":0,"parent":5034,"menu_order":0,"comment_status":"closed","ping_status":"closed","template":"","meta":{"jetpack_post_was_ever_published":false,"footnotes":""},"categories":[],"tags":[],"class_list":["post-7629","page","type-page","status-publish","hentry"],"yoast_head":"<!-- This site is optimized with the Yoast SEO Premium plugin v24.8 (Yoast SEO v24.8.1) - https:\/\/yoast.com\/wordpress\/plugins\/seo\/ -->\n<title>Que ense\u00f1a la Biblia - La vida que cuenta - BBN<\/title>\n<meta name=\"robots\" content=\"index, follow, max-snippet:-1, max-image-preview:large, max-video-preview:-1\" \/>\n<link rel=\"canonical\" href=\"https:\/\/bbn1.bbnradio.org\/spanish\/herramientas\/que-temas-ensena-la-biblia\/que-ensena-la-biblia-la-vida-que-cuenta\/\" \/>\n<meta property=\"og:locale\" content=\"es_ES\" \/>\n<meta property=\"og:type\" content=\"article\" \/>\n<meta property=\"og:title\" content=\"Que ense\u00f1a la Biblia - La vida que cuenta -BBN\" \/>\n<meta property=\"og:description\" content=\"LA VIDA QUE VALE \u00bfC\u00f3mo puede un cristiano hacer que su vida cuente? Pese a que un creyente no puede perder su salvaci\u00f3n, es completamente cierto que puede desperdiciar su vida tanto que no cuente para la eternidad. Ha sido correctamente dicho: \u201cUn necio es un hombre cuyos planes terminan en el tiempo\u201d. Para evitar la tragedia de una vida malgastada, la Biblia nos aconseja a cada cristiano lo siguiente: A. Cuenta el costo de ser un disc\u00edpulo de Cristo. Todos los creyentes son hijos de Dios, pero no todos son disc\u00edpulos. Los t\u00e9rminos para el discipulado son dados en Mateo 10:16-42 y Lucas 14:25-35. Ser un disc\u00edpulo significa poner a un lado el confort y la seguridad terrenal, significa una vida de auto negaci\u00f3n, significa la enemistad y el rid\u00edculo del mundo, es abandonarlo todo para seguir al Se\u00f1or Jes\u00fas.\" \/>\n<meta property=\"og:url\" content=\"https:\/\/bbn1.bbnradio.org\/spanish\/herramientas\/que-temas-ensena-la-biblia\/que-ensena-la-biblia-la-vida-que-cuenta\/\" \/>\n<meta property=\"og:site_name\" content=\"BBN\" \/>\n<meta property=\"article:publisher\" content=\"https:\/\/www.facebook.com\/BBNEspanol\" \/>\n<meta property=\"article:modified_time\" content=\"2018-06-14T18:28:45+00:00\" \/>\n<meta name=\"twitter:card\" content=\"summary_large_image\" \/>\n<meta name=\"twitter:title\" content=\"Que ense\u00f1a la Biblia - La vida que cuenta- BBN\" \/>\n<meta name=\"twitter:description\" content=\"LA VIDA QUE VALE \u00bfC\u00f3mo puede un cristiano hacer que su vida cuente? Pese a que un creyente no puede perder su salvaci\u00f3n, es completamente cierto que puede desperdiciar su vida tanto que no cuente para la eternidad. Ha sido correctamente dicho: \u201cUn necio es un hombre cuyos planes terminan en el tiempo\u201d. Para evitar la tragedia de una vida malgastada, la Biblia nos aconseja a cada cristiano lo siguiente: A. Cuenta el costo de ser un disc\u00edpulo de Cristo. Todos los creyentes son hijos de Dios, pero no todos son disc\u00edpulos. Los t\u00e9rminos para el discipulado son dados en Mateo 10:16-42 y Lucas 14:25-35. Ser un disc\u00edpulo significa poner a un lado el confort y la seguridad terrenal, significa una vida de auto negaci\u00f3n, significa la enemistad y el rid\u00edculo del mundo, es abandonarlo todo para seguir al Se\u00f1or Jes\u00fas.\" \/>\n<meta name=\"twitter:site\" content=\"@BBNEspanol\" \/>\n<meta name=\"twitter:label1\" content=\"Tiempo de lectura\" \/>\n\t<meta name=\"twitter:data1\" content=\"4 minutos\" \/>\n<script type=\"application\/ld+json\" class=\"yoast-schema-graph\">{\"@context\":\"https:\/\/schema.org\",\"@graph\":[{\"@type\":\"WebPage\",\"@id\":\"https:\/\/bbn1.bbnradio.org\/spanish\/herramientas\/que-temas-ensena-la-biblia\/que-ensena-la-biblia-la-vida-que-cuenta\/\",\"url\":\"https:\/\/bbn1.bbnradio.org\/spanish\/herramientas\/que-temas-ensena-la-biblia\/que-ensena-la-biblia-la-vida-que-cuenta\/\",\"name\":\"Que ense\u00f1a la Biblia - La vida que cuenta - BBN\",\"isPartOf\":{\"@id\":\"https:\/\/bbn1.bbnradio.org\/spanish\/#website\"},\"datePublished\":\"2016-04-04T20:37:59+00:00\",\"dateModified\":\"2018-06-14T18:28:45+00:00\",\"breadcrumb\":{\"@id\":\"https:\/\/bbn1.bbnradio.org\/spanish\/herramientas\/que-temas-ensena-la-biblia\/que-ensena-la-biblia-la-vida-que-cuenta\/#breadcrumb\"},\"inLanguage\":\"es\",\"potentialAction\":[{\"@type\":\"ReadAction\",\"target\":[\"https:\/\/bbn1.bbnradio.org\/spanish\/herramientas\/que-temas-ensena-la-biblia\/que-ensena-la-biblia-la-vida-que-cuenta\/\"]}]},{\"@type\":\"BreadcrumbList\",\"@id\":\"https:\/\/bbn1.bbnradio.org\/spanish\/herramientas\/que-temas-ensena-la-biblia\/que-ensena-la-biblia-la-vida-que-cuenta\/#breadcrumb\",\"itemListElement\":[{\"@type\":\"ListItem\",\"position\":1,\"name\":\"Home\",\"item\":\"https:\/\/bbn1.bbnradio.org\/spanish\/inicio\/\"},{\"@type\":\"ListItem\",\"position\":2,\"name\":\"Herramientas\",\"item\":\"https:\/\/bbn1.bbnradio.org\/spanish\/herramientas\/\"},{\"@type\":\"ListItem\",\"position\":3,\"name\":\"Que temas ense\u00f1a la Biblia\",\"item\":\"https:\/\/bbn1.bbnradio.org\/spanish\/herramientas\/que-temas-ensena-la-biblia\/\"},{\"@type\":\"ListItem\",\"position\":4,\"name\":\"Que ense\u00f1a la Biblia &#8211; La vida que cuenta\"}]},{\"@type\":\"WebSite\",\"@id\":\"https:\/\/bbn1.bbnradio.org\/spanish\/#website\",\"url\":\"https:\/\/bbn1.bbnradio.org\/spanish\/\",\"name\":\"BBN Spanish\",\"description\":\"BBN\",\"potentialAction\":[{\"@type\":\"SearchAction\",\"target\":{\"@type\":\"EntryPoint\",\"urlTemplate\":\"https:\/\/bbn1.bbnradio.org\/spanish\/?s={search_term_string}\"},\"query-input\":{\"@type\":\"PropertyValueSpecification\",\"valueRequired\":true,\"valueName\":\"search_term_string\"}}],\"inLanguage\":\"es\"}]}<\/script>\n<!-- \/ Yoast SEO Premium plugin. -->","yoast_head_json":{"title":"Que ense\u00f1a la Biblia - La vida que cuenta - BBN","robots":{"index":"index","follow":"follow","max-snippet":"max-snippet:-1","max-image-preview":"max-image-preview:large","max-video-preview":"max-video-preview:-1"},"canonical":"https:\/\/bbn1.bbnradio.org\/spanish\/herramientas\/que-temas-ensena-la-biblia\/que-ensena-la-biblia-la-vida-que-cuenta\/","og_locale":"es_ES","og_type":"article","og_title":"Que ense\u00f1a la Biblia - La vida que cuenta -BBN","og_description":"LA VIDA QUE VALE \u00bfC\u00f3mo puede un cristiano hacer que su vida cuente? Pese a que un creyente no puede perder su salvaci\u00f3n, es completamente cierto que puede desperdiciar su vida tanto que no cuente para la eternidad. Ha sido correctamente dicho: \u201cUn necio es un hombre cuyos planes terminan en el tiempo\u201d. Para evitar la tragedia de una vida malgastada, la Biblia nos aconseja a cada cristiano lo siguiente: A. Cuenta el costo de ser un disc\u00edpulo de Cristo. Todos los creyentes son hijos de Dios, pero no todos son disc\u00edpulos. Los t\u00e9rminos para el discipulado son dados en Mateo 10:16-42 y Lucas 14:25-35. Ser un disc\u00edpulo significa poner a un lado el confort y la seguridad terrenal, significa una vida de auto negaci\u00f3n, significa la enemistad y el rid\u00edculo del mundo, es abandonarlo todo para seguir al Se\u00f1or Jes\u00fas.","og_url":"https:\/\/bbn1.bbnradio.org\/spanish\/herramientas\/que-temas-ensena-la-biblia\/que-ensena-la-biblia-la-vida-que-cuenta\/","og_site_name":"BBN","article_publisher":"https:\/\/www.facebook.com\/BBNEspanol","article_modified_time":"2018-06-14T18:28:45+00:00","twitter_card":"summary_large_image","twitter_title":"Que ense\u00f1a la Biblia - La vida que cuenta- BBN","twitter_description":"LA VIDA QUE VALE \u00bfC\u00f3mo puede un cristiano hacer que su vida cuente? Pese a que un creyente no puede perder su salvaci\u00f3n, es completamente cierto que puede desperdiciar su vida tanto que no cuente para la eternidad. Ha sido correctamente dicho: \u201cUn necio es un hombre cuyos planes terminan en el tiempo\u201d. Para evitar la tragedia de una vida malgastada, la Biblia nos aconseja a cada cristiano lo siguiente: A. Cuenta el costo de ser un disc\u00edpulo de Cristo. Todos los creyentes son hijos de Dios, pero no todos son disc\u00edpulos. Los t\u00e9rminos para el discipulado son dados en Mateo 10:16-42 y Lucas 14:25-35. Ser un disc\u00edpulo significa poner a un lado el confort y la seguridad terrenal, significa una vida de auto negaci\u00f3n, significa la enemistad y el rid\u00edculo del mundo, es abandonarlo todo para seguir al Se\u00f1or Jes\u00fas.","twitter_site":"@BBNEspanol","twitter_misc":{"Tiempo de lectura":"4 minutos"},"schema":{"@context":"https:\/\/schema.org","@graph":[{"@type":"WebPage","@id":"https:\/\/bbn1.bbnradio.org\/spanish\/herramientas\/que-temas-ensena-la-biblia\/que-ensena-la-biblia-la-vida-que-cuenta\/","url":"https:\/\/bbn1.bbnradio.org\/spanish\/herramientas\/que-temas-ensena-la-biblia\/que-ensena-la-biblia-la-vida-que-cuenta\/","name":"Que ense\u00f1a la Biblia - La vida que cuenta - BBN","isPartOf":{"@id":"https:\/\/bbn1.bbnradio.org\/spanish\/#website"},"datePublished":"2016-04-04T20:37:59+00:00","dateModified":"2018-06-14T18:28:45+00:00","breadcrumb":{"@id":"https:\/\/bbn1.bbnradio.org\/spanish\/herramientas\/que-temas-ensena-la-biblia\/que-ensena-la-biblia-la-vida-que-cuenta\/#breadcrumb"},"inLanguage":"es","potentialAction":[{"@type":"ReadAction","target":["https:\/\/bbn1.bbnradio.org\/spanish\/herramientas\/que-temas-ensena-la-biblia\/que-ensena-la-biblia-la-vida-que-cuenta\/"]}]},{"@type":"BreadcrumbList","@id":"https:\/\/bbn1.bbnradio.org\/spanish\/herramientas\/que-temas-ensena-la-biblia\/que-ensena-la-biblia-la-vida-que-cuenta\/#breadcrumb","itemListElement":[{"@type":"ListItem","position":1,"name":"Home","item":"https:\/\/bbn1.bbnradio.org\/spanish\/inicio\/"},{"@type":"ListItem","position":2,"name":"Herramientas","item":"https:\/\/bbn1.bbnradio.org\/spanish\/herramientas\/"},{"@type":"ListItem","position":3,"name":"Que temas ense\u00f1a la Biblia","item":"https:\/\/bbn1.bbnradio.org\/spanish\/herramientas\/que-temas-ensena-la-biblia\/"},{"@type":"ListItem","position":4,"name":"Que ense\u00f1a la Biblia &#8211; La vida que cuenta"}]},{"@type":"WebSite","@id":"https:\/\/bbn1.bbnradio.org\/spanish\/#website","url":"https:\/\/bbn1.bbnradio.org\/spanish\/","name":"BBN Spanish","description":"BBN","potentialAction":[{"@type":"SearchAction","target":{"@type":"EntryPoint","urlTemplate":"https:\/\/bbn1.bbnradio.org\/spanish\/?s={search_term_string}"},"query-input":{"@type":"PropertyValueSpecification","valueRequired":true,"valueName":"search_term_string"}}],"inLanguage":"es"}]}},"jetpack_sharing_enabled":true,"jetpack_shortlink":"https:\/\/wp.me\/P85nNm-1Z3","_links":{"self":[{"href":"https:\/\/bbn1.bbnradio.org\/spanish\/wp-json\/wp\/v2\/pages\/7629","targetHints":{"allow":["GET"]}}],"collection":[{"href":"https:\/\/bbn1.bbnradio.org\/spanish\/wp-json\/wp\/v2\/pages"}],"about":[{"href":"https:\/\/bbn1.bbnradio.org\/spanish\/wp-json\/wp\/v2\/types\/page"}],"author":[{"embeddable":true,"href":"https:\/\/bbn1.bbnradio.org\/spanish\/wp-json\/wp\/v2\/users\/21"}],"replies":[{"embeddable":true,"href":"https:\/\/bbn1.bbnradio.org\/spanish\/wp-json\/wp\/v2\/comments?post=7629"}],"version-history":[{"count":3,"href":"https:\/\/bbn1.bbnradio.org\/spanish\/wp-json\/wp\/v2\/pages\/7629\/revisions"}],"predecessor-version":[{"id":15302,"href":"https:\/\/bbn1.bbnradio.org\/spanish\/wp-json\/wp\/v2\/pages\/7629\/revisions\/15302"}],"up":[{"embeddable":true,"href":"https:\/\/bbn1.bbnradio.org\/spanish\/wp-json\/wp\/v2\/pages\/5034"}],"wp:attachment":[{"href":"https:\/\/bbn1.bbnradio.org\/spanish\/wp-json\/wp\/v2\/media?parent=7629"}],"wp:term":[{"taxonomy":"category","embeddable":true,"href":"https:\/\/bbn1.bbnradio.org\/spanish\/wp-json\/wp\/v2\/categories?post=7629"},{"taxonomy":"post_tag","embeddable":true,"href":"https:\/\/bbn1.bbnradio.org\/spanish\/wp-json\/wp\/v2\/tags?post=7629"}],"curies":[{"name":"wp","href":"https:\/\/api.w.org\/{rel}","templated":true}]}}